-- http://www.phpmyadmin.net
--




--
-- Database: `obgy_app`
--

-- --------------------------------------------------------

--
-- Table structure for table `anasthesa`
--

CREATE TABLE IF NOT EXISTS `anasthesa` (
  `id` int(11) NOT NULL AUTO_INCREMENT,
  `name` varchar(255) COLLATE utf8mb4_unicode_ci NOT NULL,
  `del` int(11) NOT NULL,
  PRIMARY KEY (`id`)
) ENGINE=InnoDB  DEFAULT CHARSET=utf8mb4 COLLATE=utf8mb4_unicode_ci ROW_FORMAT=COMPACT AUTO_INCREMENT=45 ;

--
-- Dumping data for table `anasthesa`
--

INSERT INTO `anasthesa` (`id`, `name`, `del`) VALUES
(1, 'ghhheneral', 0),
(2, 'regional', 0),
(3, 'aaa', 1),
(4, 'sss', 1),
(5, 'dddddrr', 1),
(6, 'dgdhdgd111', 1),
(7, 'aaaaa', 1),
(8, 'eeeee', 1),
(9, 'eeeee', 1),
(10, 'fffff', 1),
(11, 'rrr', 1),
(12, 'ttttt', 1),
(13, 'rrr', 1),
(14, 'ttt', 1),
(15, 'rrr', 1),
(16, 'rttaa1aa', 1),
(17, 'yy', 1),
(18, 'tttt', 1),
(19, 'aaaa', 1),
(20, 'sss', 1),
(21, 'ee11', 1),
(22, '44444', 1),
(23, '66666666', 1),
(24, 'bbbbbb', 1),
(25, '111', 1),
(26, 'tt', 1),
(27, 'rr', 1),
(28, 'uuu', 1),
(29, 'bbb', 1),
(30, 'yyyyy', 1),
(31, 'jjj', 1),
(32, '2222', 1),
(33, 'aaaa33', 1),
(34, 'ssss', 1),
(35, 'ssss', 1),
(36, 'iiii', 0),
(37, '666', 1),
(38, 'aaa', 1),
(39, 'hhhhh', 0),
(40, 'ccc', 0),
(41, 'aa', 0),
(42, 'bb', 0),
(43, 'ggg', 0),
(44, 'general', 0);

-- --------------------------------------------------------

--
-- Table structure for table `ancnewvisit`
--

CREATE TABLE IF NOT EXISTS `ancnewvisit` (
  `id` int(11) NOT NULL AUTO_INCREMENT,
  `ancsheetid` int(11) unsigned DEFAULT NULL,
  `newvisitdate` varchar(191) COLLATE utf8mb4_unicode_ci DEFAULT NULL,
  `newvisitw` varchar(191) COLLATE utf8mb4_unicode_ci DEFAULT NULL,
  `usn` varchar(191) COLLATE utf8mb4_unicode_ci DEFAULT NULL,
  `usplace` varchar(191) COLLATE utf8mb4_unicode_ci DEFAULT NULL,
  `usaf` varchar(191) COLLATE utf8mb4_unicode_ci DEFAULT NULL,
  `newvisitbw` varchar(191) COLLATE utf8mb4_unicode_ci DEFAULT NULL,
  `newvisitbp` varchar(191) COLLATE utf8mb4_unicode_ci DEFAULT NULL,
  `newvisitnote` varchar(191) COLLATE utf8mb4_unicode_ci DEFAULT NULL,
  `usefw` varchar(191) COLLATE utf8mb4_unicode_ci DEFAULT NULL,
  `usbiom` varchar(191) COLLATE utf8mb4_unicode_ci DEFAULT NULL,
  `newvisitnote2` varchar(191) COLLATE utf8mb4_unicode_ci DEFAULT NULL,
  `plan` varchar(191) COLLATE utf8mb4_unicode_ci DEFAULT NULL,
  PRIMARY KEY (`id`)
) ENGINE=InnoDB DEFAULT CHARSET=utf8mb4 COLLATE=utf8mb4_unicode_ci AUTO_INCREMENT=1 ;

-- --------------------------------------------------------

--
-- Table structure for table `ancsheet`
--

CREATE TABLE IF NOT EXISTS `ancsheet` (
  `id` int(11) NOT NULL AUTO_INCREMENT,
  `patientid` int(11) unsigned DEFAULT NULL,
  `endpreg` int(11) unsigned DEFAULT NULL,
  `sheetlmp` varchar(191) COLLATE utf8mb4_unicode_ci DEFAULT NULL,
  `sheetedd` varchar(191) COLLATE utf8mb4_unicode_ci DEFAULT NULL,
  `sheetlast` varchar(191) COLLATE utf8mb4_unicode_ci DEFAULT NULL,
  `placenta` varchar(191) COLLATE utf8mb4_unicode_ci DEFAULT NULL,
  `sheetnte` varchar(191) COLLATE utf8mb4_unicode_ci DEFAULT NULL,
  `tscandate` varchar(191) COLLATE utf8mb4_unicode_ci DEFAULT NULL,
  `tscanw` varchar(191) COLLATE utf8mb4_unicode_ci DEFAULT NULL,
  `tscanresult` varchar(191) COLLATE utf8mb4_unicode_ci DEFAULT NULL,
  `tscanreport` varchar(191) COLLATE utf8mb4_unicode_ci DEFAULT NULL,
  `ttscandate` varchar(191) COLLATE utf8mb4_unicode_ci DEFAULT NULL,
  `ttscanw` varchar(191) COLLATE utf8mb4_unicode_ci DEFAULT NULL,
  `ttscanresult` varchar(191) COLLATE utf8mb4_unicode_ci DEFAULT NULL,
  `ttscanreport` varchar(191) COLLATE utf8mb4_unicode_ci DEFAULT NULL,
  `historytoday` datetime DEFAULT NULL,
  `obstgn` int(11) unsigned DEFAULT NULL,
  `obstpn` int(11) unsigned DEFAULT NULL,
  `obstepc` int(11) unsigned DEFAULT NULL,
  `importantnote` varchar(191) COLLATE utf8mb4_unicode_ci DEFAULT NULL,
  PRIMARY KEY (`id`)
) ENGINE=InnoDB DEFAULT CHARSET=utf8mb4 COLLATE=utf8mb4_unicode_ci AUTO_INCREMENT=1 ;

-- --------------------------------------------------------

--
-- Table structure for table `ancsheetdrugs`
--

CREATE TABLE IF NOT EXISTS `ancsheetdrugs` (
  `id` int(11) NOT NULL AUTO_INCREMENT,
  `patientid` int(11) NOT NULL,
  `ancsheetid` int(11) NOT NULL,
  `date` date NOT NULL,
  `drugid` varchar(150) COLLATE utf8mb4_unicode_ci DEFAULT NULL,
  `drugtype` varchar(100) COLLATE utf8mb4_unicode_ci DEFAULT NULL,
  `drugdos` varchar(255) COLLATE utf8mb4_unicode_ci DEFAULT NULL,
  `deleted` int(11) NOT NULL DEFAULT '0',
  `doctorid` int(11) NOT NULL,
  `drugname` varchar(191) COLLATE utf8mb4_unicode_ci DEFAULT NULL,
  `forhusband` int(11) unsigned DEFAULT NULL,
  `recepittmpid` int(11) DEFAULT '0',
  `recepitdrugid` int(11) DEFAULT '0',
  PRIMARY KEY (`id`)
) ENGINE=InnoDB DEFAULT CHARSET=utf8mb4 COLLATE=utf8mb4_unicode_ci ROW_FORMAT=COMPACT AUTO_INCREMENT=1 ;

-- --------------------------------------------------------

--
-- Table structure for table `ancsheetinvest`
--

CREATE TABLE IF NOT EXISTS `ancsheetinvest` (
  `id` int(11) NOT NULL AUTO_INCREMENT,
  `patientid` int(11) NOT NULL,
  `ancsheetid` int(11) NOT NULL,
  `date` date NOT NULL,
  `investid` int(11) NOT NULL,
  `investresult` varchar(250) COLLATE utf8mb4_unicode_ci DEFAULT NULL,
  `deleted` int(11) NOT NULL DEFAULT '0',
  `doctorid` int(11) NOT NULL,
  `forhusband` int(11) DEFAULT NULL,
  PRIMARY KEY (`id`)
) ENGINE=InnoDB DEFAULT CHARSET=utf8mb4 COLLATE=utf8mb4_unicode_ci ROW_FORMAT=COMPACT AUTO_INCREMENT=1 ;

-- --------------------------------------------------------

--
-- Table structure for table `anprotocol`
--

CREATE TABLE IF NOT EXISTS `anprotocol` (
  `id` int(11) unsigned NOT NULL AUTO_INCREMENT,
  `title` varchar(191) COLLATE utf8mb4_unicode_ci DEFAULT NULL,
  `del` tinyint(1) unsigned DEFAULT NULL,
  PRIMARY KEY (`id`)
) ENGINE=InnoDB  DEFAULT CHARSET=utf8mb4 COLLATE=utf8mb4_unicode_ci AUTO_INCREMENT=4 ;

--
-- Dumping data for table `anprotocol`
--

INSERT INTO `anprotocol` (`id`, `title`, `del`) VALUES
(1, 'long ag', NULL),
(2, 'antag', NULL),
(3, 'short ag', NULL);

-- --------------------------------------------------------

--
-- Table structure for table `antenalvisit`
--

CREATE TABLE IF NOT EXISTS `antenalvisit` (
  `id` int(11) NOT NULL AUTO_INCREMENT,
  `patientid` int(11) unsigned DEFAULT NULL,
  `doctorid` int(11) unsigned DEFAULT NULL,
  `antenaldate` date DEFAULT NULL,
  `complaint` text COLLATE utf8mb4_unicode_ci,
  `wt` varchar(191) COLLATE utf8mb4_unicode_ci DEFAULT NULL,
  `bp` varchar(191) COLLATE utf8mb4_unicode_ci DEFAULT NULL,
  `notes` varchar(191) COLLATE utf8mb4_unicode_ci DEFAULT NULL,
  `conditions` int(11) unsigned DEFAULT NULL,
  `mainantenentalid` int(11) unsigned DEFAULT NULL,
  `diagnosisid` varchar(191) COLLATE utf8mb4_unicode_ci DEFAULT NULL,
  `complaintid` varchar(191) COLLATE utf8mb4_unicode_ci DEFAULT NULL,
  PRIMARY KEY (`id`)
) ENGINE=InnoDB DEFAULT CHARSET=utf8mb4 COLLATE=utf8mb4_unicode_ci ROW_FORMAT=DYNAMIC AUTO_INCREMENT=1 ;

-- --------------------------------------------------------

--
-- Table structure for table `antype`
--

CREATE TABLE IF NOT EXISTS `antype` (
  `id` int(11) unsigned NOT NULL AUTO_INCREMENT,
  `title` varchar(191) COLLATE utf8mb4_unicode_ci DEFAULT NULL,
  `del` int(11) unsigned DEFAULT NULL,
  PRIMARY KEY (`id`)
) ENGINE=InnoDB  DEFAULT CHARSET=utf8mb4 COLLATE=utf8mb4_unicode_ci AUTO_INCREMENT=6 ;

--
-- Dumping data for table `antype`
--

INSERT INTO `antype` (`id`, `title`, `del`) VALUES
(1, NULL, 1),
(2, '1ry', NULL),
(3, '2ry', NULL),
(4, 'sex selection', NULL),
(5, '2ry inf + sex selec', NULL);

-- --------------------------------------------------------

--
-- Table structure for table `antypes`
--

CREATE TABLE IF NOT EXISTS `antypes` (
  `id` int(11) unsigned NOT NULL AUTO_INCREMENT,
  `title` varchar(191) COLLATE utf8mb4_unicode_ci DEFAULT NULL,
  `del` tinyint(1) unsigned DEFAULT NULL,
  PRIMARY KEY (`id`)
) ENGINE=InnoDB  DEFAULT CHARSET=utf8mb4 COLLATE=utf8mb4_unicode_ci AUTO_INCREMENT=3 ;

--
-- Dumping data for table `antypes`
--

INSERT INTO `antypes` (`id`, `title`, `del`) VALUES
(1, 'fresh', NULL),
(2, 'frozen', NULL);

-- --------------------------------------------------------

--
-- Table structure for table `awcontroll`
--

CREATE TABLE IF NOT EXISTS `awcontroll` (
  `id` int(11) unsigned NOT NULL AUTO_INCREMENT,
  `label` varchar(191) COLLATE utf8mb4_unicode_ci DEFAULT NULL,
  `name` varchar(191) COLLATE utf8mb4_unicode_ci DEFAULT NULL,
  PRIMARY KEY (`id`)
) ENGINE=InnoDB  DEFAULT CHARSET=utf8mb4 COLLATE=utf8mb4_unicode_ci AUTO_INCREMENT=80 ;

--
-- Dumping data for table `awcontroll`
--

INSERT INTO `awcontroll` (`id`, `label`, `name`) VALUES
(1, 'Roles', '_role'),
(2, 'Menus', '_menu'),
(3, 'Members', '_member'),
(4, 'Controls', '_controll'),
(18, 'My information', '_myprofile'),
(19, 'drugs', 'drugs'),
(20, 'Medicine', 'medicine'),
(21, 'Buys', 'buys'),
(26, 'Receipt', 'receipt'),
(27, 'Store', 'store'),
(31, 'Requests', 'requests'),
(32, 'Sessions', 'sessions'),
(33, 'gyna', 'gyna'),
(34, 'Investigations', 'investigation'),
(35, 'Patient History', 'patienthistory'),
(36, 'Antenatal visits', 'antenalvisit'),
(37, 'drugs', 'drugsex'),
(38, 'instruction', 'instruction'),
(39, 'Program Setting', 'programesetting'),
(40, 'Help', 'help'),
(41, 'Pictures and Videos', 'sonar'),
(42, 'addinvestigation', 'addinvestigation'),
(43, 'expected delivery', 'expected'),
(44, 'Complete Report', 'completereport'),
(45, 'Financial Report', 'financialreport'),
(46, 'Examination', 'examination'),
(47, 'Patient History Data', '_phmain'),
(48, 'Patients', 'patients'),
(49, 'Operative Details', 'operativedetails'),
(50, 'GT Image', 'gtimage'),
(51, 'Visits', 'visits'),
(52, 'Backup', 'backup'),
(53, 'setup', 'setup'),
(54, 'excel', 'excel'),
(55, 'Infertility', 'infertility'),
(56, 'Record', 'record '),
(57, 'Follow up', 'followup'),
(58, 'Ultrasound', 'ultrasound'),
(59, 'Ultrasound Obstetric', 'ultrasoundobst'),
(60, 'Termination report', 'termination'),
(61, 'Risk types report', 'risktype'),
(62, 'merge', 'merge'),
(63, 'combined report ', 'combinedreport '),
(64, 'ultrasound gyna', 'Ultrasoundgyna'),
(65, 'Follow up card', 'Followupcard'),
(66, 'full report', 'Fullreport'),
(67, 'monitoring', 'monitoring'),
(68, 'Infertilitysheet', 'Infertilitysheet'),
(69, 'Ancsheet', 'Ancsheet'),
(70, 'gynasheet', 'Gynasheet'),
(71, 'ivfsheet', 'Ivfsheet'),
(72, 'iui', 'iui'),
(73, 'miscarriages (epc)', 'epc'),
(74, 'deliveries ( p )', 'Deliveries'),
(75, 'operations', 'Operations'),
(76, 'edd', 'edd'),
(77, 'Ivfstatistics', 'Ivfstatistics'),
(78, 'completesreport', 'Completesreport'),
(79, 'Addpresenthistory', 'Addpresenthistory');

-- --------------------------------------------------------

--
-- Table structure for table `awcontrollprop`
--

CREATE TABLE IF NOT EXISTS `awcontrollprop` (
  `id` int(11) unsigned NOT NULL AUTO_INCREMENT,
  `proplabel` varchar(191) COLLATE utf8mb4_unicode_ci DEFAULT NULL,
  `checkval` tinyint(1) unsigned DEFAULT NULL,
  `awcontroll_id` int(11) unsigned DEFAULT NULL,
  PRIMARY KEY (`id`),
  KEY `index_foreignkey_awcontrollprop_awcontroll` (`awcontroll_id`)
) ENGINE=InnoDB  DEFAULT CHARSET=utf8mb4 COLLATE=utf8mb4_unicode_ci ROW_FORMAT=COMPACT AUTO_INCREMENT=586 ;

--
-- Dumping data for table `awcontrollprop`
--

INSERT INTO `awcontrollprop` (`id`, `proplabel`, `checkval`, `awcontroll_id`) VALUES
(1, 'index', 1, 1),
(2, 'addit', 1, 1),
(3, 'show', 1, 1),
(4, 'edit', 1, 1),
(5, 'updateit', 1, 1),
(6, 'del', 1, 1),
(7, 'setting', 1, 1),
(8, 'insetting', 1, 1),
(9, 'index', 1, 2),
(10, 'addit', 1, 2),
(11, 'show', 1, 2),
(12, 'edit', 1, 2),
(13, 'updateit', 1, 2),
(14, 'del', 1, 2),
(15, 'index', 0, 3),
(16, 'addit', 1, 3),
(17, 'show', 1, 3),
(18, 'edit', 1, 3),
(19, 'updateit', 1, 3),
(20, 'del', 1, 3),
(21, 'index', 1, 4),
(22, 'addit', 1, 4),
(23, 'show', 1, 4),
(24, 'edit', 1, 4),
(25, 'updateit', 1, 4),
(26, 'del', 1, 4),
(27, 'delprop', 1, 4),
(116, 'index', 1, 18),
(117, 'updateit', 1, 18),
(118, 'index', 1, 19),
(119, 'show', 1, 20),
(120, 'index', 0, 21),
(121, 'index', 0, 26),
(122, 'show', 0, 27),
(123, 'show', 0, 21),
(124, 'addnew', 0, 21),
(125, 'invoice', 0, 21),
(126, 'edit', 0, 21),
(127, 'update', 0, 21),
(128, 'del', 0, 21),
(129, 'delup', 0, 21),
(130, 'show', 0, 26),
(131, 'showdetails', 0, 26),
(132, 'updatereceipt', 0, 26),
(133, 'drugsselected', 0, 21),
(134, 'show', 1, 19),
(135, 'getthisserach', 1, 19),
(136, 'adddrug', 1, 19),
(137, 'updatedrug', 1, 19),
(138, 'deletedrug', 1, 19),
(166, 'index', 0, 31),
(167, 'update', 0, 31),
(168, 'sendrequest', 0, 31),
(169, 'showall', 0, 31),
(170, 'archiveshowall', 0, 31),
(171, 'requestDetails', 0, 31),
(172, 'requestcomments', 0, 31),
(173, 'addcomment', 0, 31),
(174, 'deletecomment', 0, 31),
(175, 'requestDetailsArchive', 0, 31),
(176, 'index', 0, 32),
(177, 'savesession', 0, 32),
(178, 'archiveshowall', 0, 32),
(179, 'requestDetails', 0, 32),
(180, 'requestDetailsArchive', 0, 32),
(181, 'sessiondetails', 0, 32),
(182, 'addsessionmember', 0, 32),
(183, 'removesessionmember', 0, 32),
(184, 'delay', 0, 32),
(185, 'notdelay', 0, 32),
(186, 'saveopinion', 0, 32),
(187, 'savedecision', 0, 32),
(188, 'index', 1, 33),
(189, 'index', 1, 34),
(190, 'index', 1, 35),
(191, 'show', 1, 35),
(192, 'addPhamount', 1, 35),
(193, 'index', 1, 36),
(194, 'index', 1, 37),
(195, 'show', 1, 37),
(196, 'getthisserach', 1, 37),
(197, 'adddrug', 1, 37),
(198, 'updatedrug', 1, 37),
(199, 'deletedrug', 1, 37),
(200, 'addRegualrity', 1, 35),
(201, 'index', 1, 38),
(202, 'addit', 1, 38),
(203, 'show', 1, 38),
(204, 'edit', 1, 38),
(205, 'updateit', 1, 38),
(206, 'del', 1, 38),
(207, 'newrow', 1, 33),
(208, 'addnewmenstural', 1, 35),
(209, 'addphcontype', 1, 35),
(210, 'del', 1, 33),
(211, 'update', 1, 33),
(212, 'adddiagnosis', 1, 33),
(213, 'addphdysmenorrhoea', 1, 35),
(214, 'index', 1, 39),
(215, 'addit', 1, 39),
(216, 'newrow', 1, 36),
(217, 'del', 1, 36),
(218, 'update', 1, 36),
(219, 'loadusrow', 1, 33),
(220, 'delgynaus', 1, 33),
(221, 'addnewconstract', 1, 35),
(223, 'addphobstericterminate', 1, 35),
(224, 'addphobstericterplace', 1, 35),
(225, 'addnewobstetric', 1, 35),
(226, 'index', 1, 40),
(227, 'addit', 1, 40),
(228, 'show', 1, 40),
(229, 'edit', 1, 40),
(230, 'updateit', 1, 40),
(231, 'del', 1, 40),
(233, 'elementupdate', 1, 35),
(234, 'index', 1, 41),
(235, 'addit', 1, 41),
(236, 'show', 1, 41),
(237, 'edit', 1, 41),
(238, 'update', 1, 41),
(239, 'del', 1, 41),
(240, 'addnewimg', 1, 41),
(241, 'addnewvid', 1, 41),
(242, 'addnewpasthmedical', 1, 35),
(243, 'addphpastmedical', 1, 35),
(244, 'addphpastsurgical', 1, 35),
(245, 'addnewpasthsurgical', 1, 35),
(246, 'index', 1, 42),
(247, 'addnewinv', 1, 42),
(248, 'update', 1, 42),
(249, 'del', 1, 42),
(250, 'addnewpastgynecological', 1, 35),
(251, 'addphgynecologicaloperation', 1, 35),
(252, 'addnewcat', 1, 42),
(253, 'addnewpastart', 1, 35),
(254, 'addphpastarttype', 1, 35),
(255, 'addphpastartcenter', 1, 35),
(256, 'addRow', 1, 34),
(257, 'delData', 1, 34),
(258, 'update', 1, 34),
(259, 'index', 1, 43),
(260, 'index', 1, 44),
(261, 'index', 1, 45),
(262, 'getinvbycatid', 1, 42),
(263, 'delRows', 1, 35),
(264, 'addtofavorite', 1, 42),
(265, 'addnewFamily', 1, 35),
(266, 'addphFamilyDisease', 1, 35),
(267, 'addphFamilyRelative', 1, 35),
(268, 'search', 1, 43),
(269, 'index', 1, 46),
(270, 'addNewRow', 1, 46),
(271, 'update', 1, 46),
(272, 'delData', 1, 46),
(275, 'editselect', 1, 35),
(276, 'updateselect', 1, 35),
(280, 'alldiagnosis', 1, 33),
(281, 'drawRow', 1, 33),
(282, 'search', 1, 33),
(283, 'addprescription', 1, 33),
(284, 'deldiagnosis', 1, 33),
(285, 'upload', 1, 41),
(286, 'delRowsommedel', 1, 35),
(287, 'endpreg', 1, 36),
(288, 'search', 1, 45),
(289, 'addtermination', 1, 36),
(290, 'addplace', 1, 36),
(291, 'show', 1, 46),
(292, 'alltermination', 1, 36),
(293, 'allplace', 1, 36),
(294, 'deltermination', 1, 36),
(295, 'delplace', 1, 36),
(296, 'index', 1, 47),
(297, 'show', 1, 47),
(298, 'mensturaldetail', 1, 47),
(299, 'savefocil', 1, 33),
(300, 'showprescription', 1, 33),
(301, 'search', 1, 44),
(302, 'index', 1, 48),
(303, 'search', 1, 48),
(304, 'add', 1, 48),
(305, 'checkingwifename', 1, 48),
(306, 'checkingnationalwifename', 1, 48),
(307, 'checkingnationalhusband', 1, 48),
(308, 'calcage', 1, 48),
(309, 'show', 1, 48),
(310, 'edit', 1, 48),
(311, 'update', 1, 48),
(312, 'addwifetype', 1, 48),
(313, 'getallwifetype', 1, 48),
(314, 'updatewifetype', 1, 48),
(315, 'delwifetype', 1, 48),
(316, 'addwifeeducation', 1, 48),
(317, 'getalleducation', 1, 48),
(318, 'updateeducation', 1, 48),
(319, 'deleducation', 1, 48),
(320, 'addhusbandtype', 1, 48),
(321, 'getallhustype', 1, 48),
(322, 'updatehus', 1, 48),
(323, 'delhustype', 1, 48),
(324, 'addhusbandjob', 1, 48),
(325, 'getallhusbandjobs', 1, 48),
(326, 'updatehusjob', 1, 48),
(327, 'delhusjob', 1, 48),
(328, 'addwifejob', 1, 48),
(329, 'getallwifejob', 1, 48),
(330, 'updatewifejob', 1, 48),
(331, 'delwifejob', 1, 48),
(332, 'addwifestatus', 1, 48),
(333, 'getallwifestatus', 1, 48),
(334, 'updatewifestatus', 1, 48),
(335, 'delstatus', 1, 48),
(336, 'addbloodtype', 1, 48),
(337, 'getallbloodtype', 1, 48),
(338, 'updatebl', 1, 48),
(339, 'delbl', 1, 48),
(340, 'del', 1, 48),
(341, 'contractdetail', 1, 47),
(342, 'obstetricdetail', 1, 47),
(343, 'pastmedicaldetail', 1, 47),
(344, 'pastsurgicaldetail', 1, 47),
(345, 'pastgynecologicaldetail', 1, 47),
(346, 'pastartdetail', 1, 47),
(347, 'familydetail', 1, 47),
(348, 'index', 1, 49),
(349, 'showdata', 1, 49),
(354, 'addselect', 1, 49),
(355, 'addanasthesa', 1, 49),
(356, 'addjncision', 1, 49),
(357, 'loadanasthesa', 1, 49),
(358, 'addanasthesachild', 1, 49),
(359, 'loadjncision', 1, 49),
(360, 'addjncisionchild', 1, 49),
(361, 'update', 1, 49),
(362, 'addinvestigation', 1, 33),
(363, 'showInvs', 1, 33),
(364, 'loadusrow', 1, 36),
(365, 'addprescription', 1, 36),
(366, 'showprescription', 1, 36),
(367, 'addinvestigation', 1, 36),
(368, 'showInvs', 1, 36),
(369, 'index', 1, 50),
(370, 'update', 1, 50),
(371, 'getprint', 1, 38),
(372, 'delantus', 1, 36),
(373, 'index', 1, 51),
(374, 'patientdata', 1, 51),
(375, 'add', 1, 51),
(376, 'show', 1, 51),
(377, 'adddetection', 1, 51),
(378, 'del', 1, 51),
(379, 'delv', 1, 51),
(380, 'edit', 1, 51),
(381, 'update', 1, 51),
(382, 'printpre', 1, 36),
(383, 'printpre', 1, 33),
(384, 'printinv', 1, 36),
(385, 'printinv', 1, 33),
(386, 'updatecheckbox', 1, 49),
(387, 'show', 1, 49),
(388, 'addnew', 1, 49),
(389, 'arrangemain', 1, 2),
(390, 'sortable', 1, 2),
(391, 'updatearrange', 1, 2),
(392, 'index', 1, 52),
(393, 'takeit', 1, 52),
(394, 'arrangesub', 1, 2),
(395, 'index', 1, 53),
(396, 'settingdatabse', 1, 53),
(397, 'settingdb', 1, 53),
(398, 'checkingwifestatusno', 1, 48),
(399, 'index', 1, 54),
(400, 'checktime', 1, 54),
(401, 'createexcel', 1, 54),
(402, 'checkpatientlist', 1, 35),
(403, 'delData', 1, 50),
(404, 'updateComment', 1, 50),
(405, 'updateSize', 1, 50),
(406, 'index', 1, 55),
(407, 'update', 1, 55),
(408, 'index', 1, 56),
(409, 'update', 1, 56),
(410, 'index', 1, 57),
(411, 'update', 1, 57),
(412, 'editselect', 1, 49),
(413, 'newrow', 1, 56),
(414, 'del', 1, 56),
(415, 'updateselect', 1, 49),
(416, 'delRowsommedel', 1, 49),
(417, 'newdiagnosis', 1, 55),
(418, 'newlmp', 1, 55),
(419, 'newgyna', 1, 55),
(420, 'newinvest', 1, 55),
(421, 'newnote', 1, 55),
(422, 'del', 1, 55),
(423, 'newdiag', 1, 57),
(424, 'newexam', 1, 57),
(425, 'newvisit', 1, 57),
(426, 'newinv', 1, 57),
(427, 'del', 1, 57),
(428, 'delData', 1, 49),
(429, 'drawRow', 1, 49),
(430, 'delodrug', 1, 49),
(431, 'downloadfile', 1, 41),
(432, 'archive', 1, 36),
(433, 'printpic', 1, 41),
(434, 'pregdetail', 1, 36),
(435, 'index', 1, 58),
(436, 'getspecial', 1, 3),
(437, 'getposition', 1, 3),
(438, 'add', 1, 58),
(439, 'update', 1, 58),
(440, 'index', 1, 59),
(441, 'add', 1, 59),
(442, 'update', 1, 59),
(443, 'index', 1, 60),
(444, 'search', 1, 60),
(445, 'index', 1, 61),
(446, 'search', 1, 61),
(447, 'updateradio', 1, 58),
(448, 'showdetails', 1, 58),
(449, 'addDeteail', 1, 58),
(450, 'delData', 1, 58),
(451, 'show', 1, 58),
(452, 'delRow', 1, 58),
(453, 'Updateradio', 1, 59),
(454, 'Showdetails', 1, 59),
(455, 'AddDeteail', 1, 59),
(456, 'DelData', 1, 59),
(457, 'Show', 1, 59),
(458, 'DelRow', 1, 59),
(459, 'getexcel', 1, 44),
(460, 'getDrugModel', 1, 33),
(461, 'saveDrugTable', 1, 33),
(462, 'showprint', 1, 58),
(463, 'index', 1, 62),
(464, 'mergedb', 1, 62),
(465, 'editselect', 1, 51),
(466, 'otherinvests', 1, 34),
(467, 'otherinvestsAdd', 1, 34),
(468, 'otherinvestsRow', 1, 34),
(469, 'adddetectionRow', 1, 51),
(470, 'delotherinvestsRow', 1, 34),
(471, 'addNewRow', 1, 35),
(472, 'delotherinvest', 1, 34),
(473, 'adddiagnosis', 1, 36),
(474, 'alldiagnosis', 1, 36),
(475, 'deldiagnosis', 1, 36),
(476, 'addwtRow', 1, 48),
(477, 'addNewRow', 1, 33),
(478, 'addNewRow', 1, 36),
(479, 'addNewRow', 1, 49),
(480, 'showprint', 1, 59),
(481, 'index', 1, 63),
(482, 'search', 1, 63),
(483, 'uploadmulti', 1, 41),
(484, 'caldatefromage', 1, 48),
(485, 'showprint', 1, 44),
(486, 'showprint', 1, 61),
(487, 'showprint', 1, 43),
(488, 'Showprint', 1, 45),
(489, 'showprint', 1, 63),
(490, 'index', 1, 64),
(491, 'add', 1, 64),
(492, 'showprint', 1, 64),
(493, 'show', 1, 64),
(494, 'update', 1, 64),
(495, 'delRow', 1, 64),
(497, 'index', 1, 65),
(498, 'printit', 1, 65),
(499, 'endvisit', 1, 48),
(500, 'showendvisits', 1, 48),
(501, 'addendvisits', 1, 48),
(502, 'addit', 1, 65),
(503, 'update', 1, 65),
(504, 'drawRow', 1, 65),
(505, 'Index', 1, 66),
(506, 'Search', 1, 66),
(507, 'Getexcel', 1, 66),
(508, 'Showprint', 1, 66),
(511, 'getalldepts', 1, 51),
(512, 'emptydeptvisit', 1, 51),
(513, 'showtransfer', 1, 38),
(514, 'printtransfer', 1, 38),
(515, 'addnewhospital', 1, 38),
(516, 'editselect', 1, 38),
(517, 'delhospital', 1, 38),
(518, 'printus', 1, 33),
(519, 'show', 1, 50),
(520, 'showdata', 1, 50),
(521, 'addprescription', 1, 57),
(522, 'showprescription', 1, 57),
(523, 'printpre', 1, 57),
(524, 'addprescription', 1, 55),
(525, 'showprescription', 1, 55),
(526, 'printpre', 1, 55),
(527, 'addprescription', 1, 56),
(528, 'showprescription', 1, 56),
(529, 'printpre', 1, 56),
(530, 'archive', 1, 57),
(531, 'pregdetail', 1, 57),
(532, 'add', 1, 50),
(533, 'DelRow', 1, 50),
(534, 'balance', 0, 45),
(535, 'Del', 1, 67),
(536, 'update', 1, 67),
(537, 'addNewItem', 1, 67),
(538, 'editselect', 1, 67),
(539, 'addNewVisit', 1, 67),
(540, 'getCycleDay', 1, 67),
(541, 'remarkSheet', 1, 67),
(542, 'trials', 1, 67),
(543, 'trigSheet', 1, 67),
(544, 'trialdetail', 1, 67),
(545, 'Index', 1, 67),
(546, 'index', 1, 68),
(547, 'add', 1, 68),
(548, 'index', 1, 69),
(549, 'add', 1, 69),
(550, 'index', 1, 70),
(551, 'add', 1, 70),
(552, 'index', 1, 71),
(553, 'add', 1, 71),
(554, 'Historys', 1, 69),
(555, 'Historys', 1, 71),
(556, 'Index', 1, 72),
(557, 'Search', 1, 72),
(558, 'Showprint', 1, 72),
(559, 'Index', 1, 73),
(560, 'Search', 1, 73),
(561, 'Showprint', 1, 73),
(562, 'Index', 1, 74),
(563, 'Search', 1, 74),
(564, 'Showprint', 1, 74),
(565, 'Index', 1, 75),
(566, 'Search', 1, 75),
(567, 'Showprint', 1, 75),
(568, 'Index', 1, 76),
(569, 'Search', 1, 76),
(570, 'Showprint', 1, 76),
(571, 'Index', 1, 77),
(572, 'Search', 1, 77),
(573, 'Showprint', 1, 77),
(574, 'Index', 1, 78),
(575, 'Search', 1, 78),
(576, 'Showprint', 1, 78),
(577, 'waiting_list', 1, 75),
(578, 'addInList', 1, 75),
(579, 'del', 1, 75),
(580, 'index', 1, 79),
(581, 'Addnew', 1, 79),
(582, 'Update', 1, 79),
(583, 'Del', 1, 79),
(584, 'Getbyquesid', 1, 79),
(585, 'Addtofavorite', 1, 79);

-- --------------------------------------------------------

--
-- Table structure for table `awifep`
--

CREATE TABLE IF NOT EXISTS `awifep` (
  `id` int(11) NOT NULL AUTO_INCREMENT,
  `infertilitysheetid` int(11) unsigned DEFAULT NULL,
  `wifesex` varchar(191) COLLATE utf8mb4_unicode_ci DEFAULT NULL,
  `wifemodeofd` varchar(191) COLLATE utf8mb4_unicode_ci DEFAULT NULL,
  `wifeobst` varchar(191) COLLATE utf8mb4_unicode_ci DEFAULT NULL,
  `wifetypeofd` varchar(191) COLLATE utf8mb4_unicode_ci DEFAULT NULL,
  `name` varchar(191) COLLATE utf8mb4_unicode_ci DEFAULT NULL,
  `date` varchar(191) COLLATE utf8mb4_unicode_ci DEFAULT NULL,
  `wifew` varchar(191) COLLATE utf8mb4_unicode_ci DEFAULT NULL,
  `wifel` varchar(191) COLLATE utf8mb4_unicode_ci DEFAULT NULL,
  `duration` varchar(191) COLLATE utf8mb4_unicode_ci DEFAULT NULL,
  `stopped` varchar(191) COLLATE utf8mb4_unicode_ci DEFAULT NULL,
  `comment` varchar(191) COLLATE utf8mb4_unicode_ci DEFAULT NULL,
  `awifepmethod` varchar(191) COLLATE utf8mb4_unicode_ci DEFAULT NULL,
  `wifeage` varchar(191) COLLATE utf8mb4_unicode_ci DEFAULT NULL,
  PRIMARY KEY (`id`)
) ENGINE=InnoDB  DEFAULT CHARSET=utf8mb4 COLLATE=utf8mb4_unicode_ci AUTO_INCREMENT=264 ;

--
-- Dumping data for table `awifep`
--

INSERT INTO `awifep` (`id`, `infertilitysheetid`, `wifesex`, `wifemodeofd`, `wifeobst`, `wifetypeofd`, `name`, `date`, `wifew`, `wifel`, `duration`, `stopped`, `comment`, `awifepmethod`, `wifeage`) VALUES
(8, 16, '1', '1', '1', '1', 'hamza', '2016/12/01', NULL, '1', NULL, NULL, 'ICSI after 1ry inf 9 m-- c.HTN on aldomet--triplet fetoreduction (twin) survive one ', NULL, '4Y 6M '),
(9, 35, '1', '1', '3', '1', 'بشب', '2012/06/06', 'قثص', '1', NULL, NULL, NULL, NULL, '9Y 0M '),
(10, 35, '1', '2', '1', '1', 'قشص', '2015/06/01', 'شسب', '0', NULL, NULL, NULL, NULL, '6Y 0M '),
(11, 35, '2', '1', NULL, '2', 'ري', '2021/06/01', NULL, '1', NULL, NULL, NULL, NULL, '0Y 0M '),
(12, 2, '1', '', 'null', '', '44', NULL, NULL, NULL, NULL, NULL, NULL, NULL, NULL),
(13, 2, '2', NULL, NULL, NULL, 'سسس', NULL, NULL, NULL, NULL, NULL, NULL, NULL, NULL),
(14, 2, '', '', 'null', '', 'محمد', NULL, NULL, NULL, NULL, NULL, NULL, NULL, NULL),
(15, 39, '2', '1', 'null', '', 'علا', NULL, NULL, NULL, NULL, NULL, NULL, NULL, NULL),
(16, 42, '1', '1', '1', '1', 'jbnj', '2013/06/01', NULL, '1', NULL, NULL, NULL, NULL, '8Y 0M '),
(17, 42, '2', '1', '1', '1', 'jjkkll', '2015/06/04', NULL, '1', NULL, NULL, NULL, NULL, '6Y 0M '),
(18, 42, '2', '1', '1', '2', 'mmm', '2012/06/07', NULL, NULL, NULL, NULL, NULL, NULL, '9Y 0M '),
(19, 42, '1', '2', '4', '1', 'عمرو', '2021/06/01', '38', '1', NULL, NULL, NULL, NULL, '0Y 0M '),
(20, 56, '1', '1', '2', '1', 'moham', '2016/03/01', NULL, '0', NULL, NULL, 'ICSI', NULL, '5Y 3M '),
(21, 56, '2', '1', '2', '1', 'fatma', '2018/12/04', NULL, '1', NULL, NULL, 'ICSI', NULL, '2Y 6M '),
(22, 56, '1', '1', '4', '1', 'omar', '2021/06/27', NULL, '1', NULL, NULL, NULL, NULL, '0Y 0M '),
(23, 56, '2', '1', '4', '1', 'lara', '2014/04/01', NULL, '1', NULL, NULL, 'ICSI', '2', '7Y 2M '),
(24, 59, '2', '1', '3', '1', 'aya', '2011/06/01', NULL, '1', NULL, NULL, NULL, NULL, '10Y 0M '),
(25, 59, '1', '1', '4', '1', 'ahmed', '2017/10/01', NULL, '1', NULL, NULL, NULL, NULL, '3Y 8M '),
(26, 59, '2', '1', '4', '1', 'makka', '2021/03/01', NULL, '1', NULL, NULL, NULL, NULL, '0Y 3M '),
(27, 74, '2', '1', '4', '1', 'yara', '2018/03/25', NULL, '1', NULL, NULL, NULL, NULL, '3Y 3M '),
(28, 74, '1', '1', '4', '1', 'ali', '2021/06/20', NULL, '1', NULL, NULL, NULL, NULL, '0Y 0M '),
(29, 77, '2', '1', '4', '1', 'farida', '2016/06/01', NULL, '1', NULL, NULL, NULL, NULL, '5Y 0M '),
(30, 77, '1', '1', '4', '1', 'malek', '2020/10/22', NULL, '1', NULL, NULL, NULL, NULL, '0Y 8M '),
(31, 80, '2', '1', '4', '1', 'mai', '2013/10/15', NULL, '1', NULL, NULL, NULL, NULL, '7Y 8M '),
(32, 80, '1', '1', '4', '1', 'mahmod', '2015/12/15', NULL, '1', NULL, NULL, NULL, NULL, '5Y 6M '),
(33, 80, '1', '1', '4', '1', 'zein', '2018/08/05', NULL, '1', NULL, NULL, NULL, NULL, '2Y 10M '),
(34, 80, '2', '1', '4', '1', 'malak', '2021/06/13', NULL, '1', NULL, NULL, NULL, NULL, '0Y 0M '),
(35, 82, '2', '1', '4', '1', 'lein', '2012/05/01', NULL, '1', NULL, NULL, NULL, NULL, '9Y 2M '),
(36, 82, '1', '1', '4', '1', 'ali', '2015/07/01', NULL, '1', NULL, NULL, NULL, NULL, '6Y 0M '),
(37, 82, '2', '1', '4', '1', 'lara', '2018/01/01', NULL, '1', NULL, NULL, NULL, NULL, '3Y 6M '),
(38, 82, '1', '1', '4', '1', 'omar', '2021/02/06', NULL, '1', NULL, NULL, NULL, NULL, '0Y 4M '),
(39, 83, '2', '1', '4', '1', 'Fatma', '2011/11/23', NULL, '1', NULL, NULL, NULL, NULL, '9Y 7M '),
(40, 83, '2', '1', '4', '1', 'mai', '2015/09/22', NULL, '1', NULL, NULL, NULL, NULL, '5Y 9M '),
(41, 83, '1', '1', '4', '1', 'ibrahim', '2021/02/26', NULL, '1', NULL, NULL, NULL, NULL, '0Y 4M '),
(42, 79, '2', '1', '2', '2', 'jmnnm', '2021/07/15', '66767', NULL, '6', 'jjjhj', 'uuuuy', NULL, '-1Y 11M '),
(43, 92, '2', '3', '5', '1', 'rikka', NULL, '3', '1', NULL, NULL, NULL, NULL, NULL),
(44, 92, '1', '3', '5', '1', 'Abd elrahman', NULL, '1', '1', NULL, NULL, NULL, NULL, NULL),
(45, 98, '2', '1', '6', '1', 'shams', '2016/06/23', '1', '1', '10 m', NULL, 'iud..vaginal bleeding', '1', '5Y 1M '),
(46, 98, '2', '1', '6', '1', 'sama', '2018/02/02', '2', '1', '2.5 y', '5m ago', NULL, '2', '3Y 6M '),
(49, 103, '2', '1', '9', '1', 'lama', '2015/09/26', '38', '1', '5.1 y', '9m', NULL, '1', '5Y 10M '),
(50, 105, '1', '3', '10', '2', 'yasser', NULL, NULL, '1', NULL, NULL, NULL, NULL, NULL),
(51, 105, '1', '3', '10', '1', 'amr', NULL, NULL, '1', '6y', '16y', 'bleeding', '1', NULL),
(52, 105, '2', '3', '10', '1', 'rawan', NULL, NULL, '1', '10y', '4Y', 'No contraception', '2', NULL),
(53, 106, '1', '1', '11', '1', 'adam', '2016/07/30', '38', '1', NULL, NULL, 'no contraception', NULL, '5Y 0M '),
(58, 109, '2', '1', '12', '1', 'rawan', NULL, NULL, '1', '1.3y', NULL, NULL, '1,2', NULL),
(62, 109, '2', '1', '12', '1', 'ranem', '2001/01/09', NULL, '1', NULL, NULL, NULL, NULL, '20Y 7M '),
(63, 109, '1', '1', '12', '1', 'mahmoud', '2002/02/27', NULL, '1', '6y', '12y', NULL, '1,2', '19Y 5M '),
(64, 109, '1', '1', '12', '1', 'safi al rahman', '2009/01/05', NULL, '1', '10y', '2y', NULL, '1,2', '12Y 7M '),
(66, 110, '2', '1', '4,13', '1', 'fatma', '2020/07/01', '40', '1', NULL, NULL, NULL, '4', '1Y 1M '),
(67, 99, '1', '1', '7', '2', NULL, '2021/06/30', '34', NULL, NULL, NULL, 'ptn came to royal center (DKA- RBS=439 Fetal brady by u/s)referred to a3sar hospital - hospital admission 7p.m- CTG =hr(110-100)-ICU admission (RBS=460-HCO3=3 Acetone=+++)- u/s done 8:30p.m (', NULL, '0Y 1M '),
(68, 117, '2', '3', '12', '1', 'nada', '2003/05/28', '40', '1', '1.5y', '16y', NULL, '2', '18Y 2M '),
(69, 117, '2', '3', '12', '1', 'jana', '2006/05/21', '40', '1', '5y', '10y', NULL, '1', '15Y 2M '),
(70, 117, '2', '3', '12', '1', 'hala', '2011/10/17', '40', '1', NULL, NULL, '', '6', '9Y 9M '),
(71, 117, '1', '1', '12', '1', 'mohamed', '2014/11/20', '37', '1', NULL, NULL, NULL, '6', '6Y 8M '),
(72, 101, '2', '1', '14', '1', 'malika', '2017/09/14', '37', '1', NULL, NULL, 'Labor Pain-->Refer To A3sar', NULL, '3Y 10M '),
(73, 122, '1', '3', '15', '1', 'youssef', '2004/03/01', '40', '1', '4y', '13y', NULL, '6', '17Y 5M '),
(74, 122, '1', '3', '15', '1', 'adam', '2008/02/01', '40', '1', '9y', '4y', NULL, '6', '13Y 6M '),
(75, 122, '1', '3', '16', '1', 'motaz', '2018/07/02', '40', '1', '2.6y', '', 'mirena since 1m ago', '2,6,7', '3Y 1M '),
(76, 133, '2', '1', '17', '1', 'fareda', '2015/11/16', '38', '1', '2.5 y', '4y', NULL, '1', '5Y 9M '),
(77, 133, '2', '1', '17', '1', 'nahla', '2018/05/20', '38', '1', '2.9 y', NULL, NULL, '1', '3Y 2M '),
(79, 140, '2', '1', '10', '1', 'dahab', '2020/01/13', '38', '1', NULL, NULL, NULL, NULL, '1Y 7M '),
(80, 141, '1', '1', '9', '1', 'MOHAMED', '2009/09/16', '38', '1', '1y', '11y', NULL, '2', '11Y 11M '),
(81, 141, '1', '1', '9', '1', 'ahmed', '2011/12/25', '38', '1', '1.3y', '7y', NULL, '2', '9Y 7M '),
(82, 141, '1', '1', '9', '1', 'nor el den', '2013/11/27', '37', '1', '6y ', '3 y', ' vaginal bleeding-vag discharge', '1', '7Y 8M '),
(83, 143, '1', '1', '18', '1', 'aser', '2014/08/26', '38', '1', '2.6y', '6y', 'M1 - on clexan 20', '1', '6Y 11M '),
(84, 143, '1', '1', '18', '1', 'malek', '2017/02/27', '38', '1', '3y', '1y', 'M1 - on clexane 20', '1', '4Y 5M '),
(85, 138, '2', '1', '19', '1', 'jody ', '2017/11/19', '37', '1', '3m', NULL, 'ICSI (FET)-Mild PET - Difficult Fetal Extraction- Hematomas- Ut Atony ----> Bil Ut A Lig - Adeels Sutures', '4', '3Y 8M '),
(86, 147, '2', '1', '19', '1', 'elene ', '2017/02/08', '38', '1', NULL, NULL, NULL, NULL, '4Y 6M '),
(87, 148, '', '3', '20', '2', NULL, '2016/09/01', '27', NULL, NULL, NULL, 'recieve anti d', 'null', '4Y 11M '),
(88, 149, '2', '1', '21', '1', 'mariam', '2004/08/04', NULL, '1', NULL, NULL, 'cx cerclage', '1,2', '17Y 0M '),
(89, 149, '1', '1', '2', '1', 'ziad', '2005/09/13', NULL, '1', '4y', NULL, 'cx cerclage', '2', '15Y 11M '),
(90, 149, '1', '1', '22', '1', 'badr', '2010/04/06', NULL, '1', NULL, '3y', 'cx cerclage', '2', '11Y 4M '),
(91, 151, '1', '1', '23', '1', 'omar', '2013/12/28', '38', '1', '1.1 y', '8.8', NULL, '1', '7Y 7M '),
(92, 151, '2', '1', '23', '1', 'rokia', '2015/12/13', '38', '1', '4y', '1.7y', NULL, '1', '5Y 8M '),
(93, 152, '2', '1', '24', '1', 'ganna', '2010/10/14', '38', '1', NULL, NULL, NULL, NULL, '10Y 10M '),
(94, 152, '2', '1', '24', '1', '7ala', '2012/12/12', '38', '1', NULL, NULL, NULL, NULL, '8Y 8M '),
(95, 152, '1', '1', '25', '1', 'amira', '2014/07/14', '38', '1', '3y', '4.4y', NULL, NULL, '7Y 1M '),
(96, 154, '2', '1', '26', '2', 'alia', '2016/02/14', '33', '1', '1.6y', '6m', 'IUD removed 6m (laparotomy)', '1,2', '5Y 6M '),
(98, 158, '1', '1', '27', '1', 'mostafa', '2000/12/01', '38', '1', '1.5y', NULL, NULL, '1', '20Y 8M '),
(99, 158, '1', '1', '28', '1', 'merna', '2002/02/01', '38', '1', '6y', NULL, NULL, '1,4', '19Y 6M '),
(100, 158, '2', '1', '29', '1', 'malak', '2009/04/01', '37', '1', NULL, NULL, NULL, NULL, '12Y 4M '),
(101, 158, '2', '1', '30', '1', 'miar', '2011/12/01', '38', '1', NULL, NULL, NULL, '1', '9Y 8M '),
(109, 148, '2', '3', '31', '2', 'hana', '2019/06/30', '35', '1', NULL, NULL, 'pTL-5cm- fully- episiotomy- vD- f(RDS) fayrouz incubator- unequal chest- anti d', 'null', '2Y 1M '),
(110, 164, '1', '3', '12', '1', 'mohamed', '2020/01/01', '39', '1', '2w', '1.7 y', NULL, '4', '1Y 7M '),
(111, 154, '2', '', 'null', '', 'Farida', '2016/02/14', '33', '1', NULL, NULL, NULL, NULL, '5Y 6M '),
(113, 171, '2', '3', '33', '1', 'Amany', '2010/01/07', '38', '1', '1y', NULL, NULL, '4', '11Y 7M '),
(116, 171, '2', '3', '33', '2', 'twin', '2011/01/11', '32', NULL, '3y', NULL, 'twin', '2', '10Y 7M '),
(119, 173, '2', '1', '36', '1', 'laila', '2015/02/11', '38', '1', NULL, NULL, 'preg wiht COS', NULL, '6Y 6M '),
(120, 177, '1', '1', '19', '1', 'zein', '2016/08/08', '37', '1', '2y-3m-2.5y', '6m', 'dec fM-True knot in baby cord- hematoma in ut angle-ptn recived anti d 6d p.p- next preg ---> indirect coombs test- 3200gm (o+)', '1,2,8', '5Y 0M '),
(121, 175, '2', '1', '37', '1', 'naglaa', '2006/08/08', NULL, '1', NULL, NULL, 'ICSI', NULL, '15Y 0M '),
(124, 188, '2', '1', '38', '1', 'asmaa', '2013/01/24', '38', '1', NULL, NULL, 'ICSI', 'null', '8Y 7M '),
(125, 193, '1', '1', '12', '1', 'yousef', '2010/07/27', '40', '1', '6y', '5y', NULL, NULL, '11Y 1M '),
(126, 195, '2', '1', '13', '1', 'lele', '2016/04/25', '37', '1', '1y-1m', NULL, 'failed intubation,failed nasal trial-->spinal- hematoma near rt broad lig-endometriosis ant ut->bleed->cautery', '1,2', '5Y 4M '),
(127, 195, '1', '1', '31', '1', 'yousef', '2021/07/16', '37', '1', NULL, NULL, 'lscs-bleeding +++ all through-bleedaceas-spinal an + PCA', NULL, '0Y 1M '),
(130, 176, '1', '1', '13,14', '1', 'basil', '2014/06/02', '37', '1', NULL, NULL, NULL, NULL, '7Y 3M '),
(131, 176, '2', '1', '13,39', '1', 'karma', '2018/08/02', '37', '1', NULL, NULL, NULL, NULL, '3Y 0M '),
(132, 203, '1', '1', '31', '1', 'abd el rhman', '2020/03/18', '39', '1', '1.4y', '2m', NULL, '1', '1Y 5M '),
(133, 204, '1', '1', '31', '1', 'omar', '2016/09/06', '38', '1', NULL, NULL, '5cm in labor but head hanging behind s.p- incubator for 1 day', '9', '4Y 11M '),
(134, 204, '2', '1', '4', '1', 'zeinab', '2018/10/25', '38', '1', NULL, NULL, '2800gm', '10', '2Y 10M '),
(136, 206, '1', '1', '23', '1', 'ahmed', '2013/08/02', '39', '1', NULL, NULL, NULL, '9', '8Y 0M '),
(140, 171, '2', '', 'null', '', NULL, '2011/01/11', NULL, NULL, NULL, NULL, NULL, NULL, '10Y 7M '),
(141, 171, '2', '3', '40', '2', 'shahd', '2015/01/01', '33', '1', '5.8', '10m', 'twin', NULL, '6Y 8M '),
(142, 171, '2', '', 'null', '', 'haneen', '2015/01/01', NULL, '1', NULL, NULL, NULL, NULL, '6Y 8M '),
(147, 220, '1', '1', '8,13', '1', 'norhan', '2018/06/21', '38', '1', NULL, NULL, NULL, '10', '3Y 2M '),
(148, 225, '2', '1', '13', '2', 'Sondos', '2013/08/20', '35', '1', '1y', NULL, 'PET- pTL', '1', '8Y 0M '),
(149, 225, '1', '1', '19', '2', 'malek', '2015/11/29', '36', '1', '2y', NULL, 'PTL- G.HTN', '5', '5Y 9M '),
(150, 225, '1', '1', '19', '1', 'omar', '2019/07/09', '37', '1', NULL, NULL, '3750- incubator mazlom(tTN)- UB up--> lysis', '2', '2Y 1M '),
(151, 221, '1', '1', '19', '1', 'hamza', '2021/08/28', '38', '1', NULL, NULL, 'meconium gr 3-lus plic- no incubator- spinal an(ptn request)', NULL, '0Y 0M '),
(152, 229, '2', '1', '41', '1', 'sara', '2010/06/15', '38', '1', NULL, NULL, NULL, '1', '11Y 2M '),
(153, 229, '2', '1', '41', '1', 'salma', '2012/06/07', '38', '1', NULL, NULL, NULL, '1', '9Y 3M '),
(154, 229, '2', '1', '41', '1', 'fayroz', '2017/12/01', '37', '1', NULL, NULL, NULL, '1', '3Y 9M '),
(155, 230, '2', '1', '43', '1', 'Nada', '2014/04/01', '38', NULL, NULL, NULL, 'infantile death 2.5y old(drowning)', NULL, '7Y 5M '),
(156, 230, '2', '1', '43', '1', 'jana', '2015/07/08', '37', '1', NULL, NULL, NULL, '2', '6Y 2M '),
(157, 230, '2', '1', '43', '1', 'nada', '2017/12/08', '37', '1', NULL, NULL, NULL, '2', '3Y 8M '),
(158, 230, '2', '1', '43', '1', 'sheren', '2018/12/05', '37', '1', 'till now', NULL, NULL, '1', '2Y 9M '),
(159, 231, '1', '3', '44', '1', 'mohamed', '1996/11/25', '37', '1', NULL, NULL, NULL, '5', '24Y 9M '),
(160, 231, '1', '3', '44', '1', 'eslam', '1998/06/30', '39', '1', '8y', NULL, NULL, '1', '23Y 2M '),
(161, 231, '1', '1', '44', '1', 'hosam', '2007/05/25', '38', '1', '13y', '1y', NULL, '1', '14Y 3M '),
(162, 232, '2', '1', '19', '1', 'karma', '2017/06/11', '37', '1', NULL, NULL, 'pET-in labor-breech-arcuate vs subsep ut- balloned lus- plic lus', '4', '4Y 2M '),
(163, 232, '1', '1', '19', '1', 'adam', '2018/08/13', '37', '1', '3y', NULL, 'GDM- in labor- impending ut rupture- arcuate ut', '3', '3Y 0M '),
(164, 234, '1', '1', '19', '1', 'ahmed', '2021/08/03', '39', '1', NULL, NULL, '3400gm -2cm cx-endometriosis ++ on ut, ov-multiple hematoma in lus --> ligation- blood loss++', NULL, '0Y 1M '),
(165, 229, '1', '1', '19', '1', 'selem', '2021/07/26', '37', '1', NULL, NULL, 'sex selection - PKU-3kg, undescended testis--> operation 10d p.p d kamal abd el elah-pET- high incision- ut atony, plic of lUS-bil lig of ut as-adeels suture-bp 170/110--> mgso4 - forced diur', NULL, '0Y 1M '),
(168, 240, '2', '3', '45', '1', 'asmaa', '2002/09/03', '39', '1', NULL, NULL, NULL, '1', '19Y 0M '),
(169, 240, '1', '3', '45', '1', 'ahmed', '2004/06/16', '39', '1', NULL, NULL, NULL, '2', '17Y 2M '),
(170, 240, '1', '3', '45', '1', 'abd el rhman', '2007/09/02', '38', '1', NULL, NULL, NULL, '2', '14Y 0M '),
(171, 240, '1', '3', '45', '1', 'mohamed', '2011/11/17', '37', '1', NULL, NULL, NULL, '10', '9Y 9M '),
(172, 240, '2', '1', '46', '1', 'fatma', '2014/05/04', '41', '1', NULL, NULL, 'G.HTN', NULL, '7Y 4M '),
(176, 189, '2', '1', '47', '1', 'nahed', '2021/06/21', '37', '1', NULL, NULL, 'high incis -deliv of fetus, pack 4 towel, bil lig of ut as, remov  pack,deliv of pl, 4 longit ap sutur,adeels sutu, endometriosis of both ov,post surf of ut,multip small fibroids 1 pRBCS no i', NULL, '0Y 2M '),
(178, 246, '1', '1', '3', '1', 'abdallah', '2018/01/11', '38', '1', '1y', '2y', NULL, '2', '3Y 7M '),
(181, 258, '2', '1', '45', '1', 'hamsa', '2010/05/05', '38', '1', NULL, NULL, NULL, NULL, '11Y 4M '),
(182, 175, '2', '1', '19', '1', 'losenda', '2020/05/02', '37', '1', NULL, NULL, 'ICSI', NULL, '1Y 4M '),
(186, 275, '2', '1', '19', '2', 'kinda', '2019/03/27', '36', '1', NULL, NULL, '36+3 - linda 2kg,kinda2150gm- mod PET, Thrombocytopenia-repair in situ-MGSO4- urin cath-vag pack-remove cerclage-(31-3-2019) suprapubic collec in sc area 5x10cm', NULL, '2Y 5M '),
(187, 275, '2', '', 'null', '', 'linda', '2019/03/27', NULL, '1', NULL, NULL, NULL, NULL, '2Y 5M '),
(188, 278, '1', '1', '19', '1', 'mohamed', '2020/09/20', '38', '1', '10m', NULL, '3750gm- GDM-plic of lus-lig of rt ut a- post wall endometriosis--endometriotic spots on ovs- post wall fibroid- general an+pCA ', NULL, '0Y 11M '),
(190, 284, '1', '1', '6', '1', 'karem', '2018/03/01', NULL, '1', '2.3 y', '1 y', 'IUD removed 1 y then male travel after 1 w', '1', '3Y 6M '),
(191, 159, '2', '1', '19', '1', 'malak', '2016/07/23', NULL, '1', NULL, NULL, NULL, '4', '5Y 1M '),
(192, 159, '1', '1', '19', '2', 'ali', '2017/11/09', '36', '1', '3.9 y', NULL, '2900gm ,impending uterine rupture', '1', '3Y 10M '),
(193, 289, '2', '1', '48', '1', 'nehad', '2018/10/01', NULL, '1', '1.5y', '1.6y ', '', '2', '2Y 11M '),
(195, 301, '1', '1', '19', '1', 'yasen', '2019/01/02', NULL, '1', NULL, NULL, '3500gm- high incision-balloned lUS', NULL, '2Y 8M '),
(197, 302, '1', '1', '19', '1', 'ali', '2018/09/03', '37', '1', NULL, NULL, '3200gm - g.HTN- spinal an', NULL, '3Y 0M '),
(198, 314, '1', '3', 'null', '1', 'mohamed', '1991/8/2', NULL, '1', NULL, NULL, NULL, '1', '30Y 1M '),
(199, 314, '2', '3', 'null', '1', 'aziza', '1994/7/15', NULL, '1', NULL, NULL, NULL, 'null', '27Y 2M '),
(200, 314, '2', '3', 'null', '1', 'hanan', '2000/8/15', NULL, '1', NULL, NULL, NULL, '2', '21Y 0M '),
(201, 314, '1', '3', 'null', '1', 'eslam', '2007/6/10', NULL, '1', NULL, NULL, NULL, '2', '14Y 3M '),
(202, 314, '1', '3', 'null', '1', 'ahmed', '2009/9/1', NULL, '1', NULL, NULL, 'coc tricept --> pop-->coc(stoped 3m ago ) -->rt DVT is suspected (clopidogril, iksaront 5mg 1x2x15d only )!!!', '2,4', '12Y 0M '),
(204, 319, '1', '1', '27', '1', 'Ahmed', '2000/03/01', '38', '1', '2m', NULL, '1st m', '1', '21Y 6M '),
(205, 319, '2', '1', '27', '1', 'alaa', '2003/09/01', '38', '1', NULL, NULL, '1st m', '10', '18Y 0M '),
(206, 320, '2', '1', '65', '1', 'katalia', '2020/05/19', '41', '1', NULL, NULL, 'anemic+ blood transfusion 3 intraoperative', NULL, '1Y 3M '),
(207, 322, '2', '1', '50', '1', 'Sama', '2007/06/01', NULL, '1', NULL, NULL, 'spontaneous preg', NULL, '14Y 3M '),
(208, 322, '2', '1', '27', '1', 'talia', '2014/06/11', NULL, '1', NULL, NULL, 'ICSI after 2ry inf 7y', NULL, '7Y 3M '),
(209, 322, '2', '1', '27', '1', 'sedra', '2017/05/08', NULL, '1', NULL, NULL, 'ICSI After 2ry Inf 3y', NULL, '4Y 4M '),
(210, 322, '2', '1', '27', '1', 'kady', '2019/02/01', NULL, '1', NULL, NULL, 'spont preg', NULL, '2Y 7M '),
(211, 327, '1', '3', '51', '1', 'hamoda', '2006/11/13', '40', '1', '1y', NULL, NULL, '1', '14Y 10M '),
(212, 327, '2', '1', '52', '1', 'rawan', '2008/09/18', '38', '1', NULL, NULL, 'Preg On IUD', '1', '13Y 0M '),
(213, 327, '2', '1', '14', '1', 'gana', '2011/02/03', '38', '1', NULL, 'coc stoped 3m ago', ' IUD-> bleeding', '1,2,7,9', '10Y 7M '),
(214, 329, '2', '1', '53', '1', 'khadega', '2007/10/17', '38', '1', NULL, NULL, NULL, '10', '13Y 11M '),
(215, 329, '2', '3', '54', '1', 'norhan', '2009/06/15', '38', '1', NULL, NULL, NULL, '9', '12Y 3M '),
(216, 329, '2', '3', '55', '1', 'magda', '2010/07/17', NULL, '1', NULL, NULL, NULL, '1', '11Y 2M '),
(217, 329, '2', '3', '56', '1', 'basma', '2015/11/17', NULL, '1', NULL, NULL, NULL, NULL, '5Y 10M '),
(218, 331, '2', '1', '19', '1', 'ganna', '2019/07/06', '37', '1', '1.3y', NULL, '3kg-frank breech-difficult head delivery-endometriosis on post ut wall-colonic distension', '2,4', '2Y 2M '),
(219, 331, '1', '1', '19', '1', 'anas', '2021/07/25', '38', '1', NULL, NULL, '3kg-v.weak ut scar,lus plic, endometriosis on post ut surface, ov, g.an+PCA', NULL, '0Y 1M '),
(221, 335, '1', '1', '57', '1', 'mohamed', '2016/03/22', '40', '1', '1.6y', '3y', NULL, '1,4', '5Y 6M '),
(222, 336, '2', '1', '31', '1', 'elen', '2021/08/09', '38', '1', NULL, NULL, '3kg-no incub-ut atony-bil ut a lig-LUS plic-adeel suture-gen.an+PCA', NULL, '0Y 1M '),
(223, 337, '1', '1', '58', '1', 'ziad', '2015/03/04', '40', '0', NULL, NULL, '1st m-nD(hydrocephalus)', NULL, '6Y 6M '),
(224, 337, '2', '1', '54', '1', 'mariam', '2017/06/12', NULL, NULL, '2y', '1.9y', '1st m-nD', '1', '4Y 3M '),
(226, 340, '1', '1', '59', '1', 'ahmed', '2000/08/01', NULL, '1', NULL, NULL, NULL, '10', '21Y 1M '),
(227, 340, '2', '1', '59', '1', 'aya', '2004/09/01', NULL, '1', NULL, NULL, NULL, '9', '17Y 0M '),
(229, 107, '2', '1', '19', '1', 'noren', '2016/11/16', '38', '1', NULL, NULL, NULL, 'null', '4Y 10M '),
(233, 363, '1', '3', '12', '1', 'rabe3', '2009/12/06', NULL, '1', NULL, NULL, NULL, '2', '11Y 9M '),
(234, 363, '2', '3', '12', '1', 'remas', '2012/06/22', NULL, '1', NULL, '1y', 'husband travel', '2', '9Y 3M '),
(235, 365, '1', '3', '60', '1', 'mazen', '2000/07/07', NULL, '1', NULL, NULL, NULL, '1', '21Y 2M '),
(236, 365, '2', '3', '60', '1', 'mai', '2004/04/10', NULL, '1', NULL, NULL, 'iUD -->bleeding,displaced, removed 2m ago', '1,2', '17Y 5M '),
(237, 366, '2', '1', '60', '1', 'mahitab', '2000/09/01', NULL, '1', NULL, NULL, NULL, '1', '21Y 0M '),
(238, 366, '2', '1', '60', '1', 'romisaa', '2003/01/01', NULL, '1', NULL, NULL, NULL, '1', '18Y 8M '),
(239, 366, '2', '1', '3', '1', 'rawan', '2009/09/01', NULL, '1', NULL, NULL, NULL, '1', '12Y 0M '),
(240, 366, '2', '1', '3', '1', 'rokia', '2013/12/27', NULL, '1', NULL, NULL, NULL, '1', '7Y 8M '),
(241, 366, '1', '1', '2', '1', 'ahmed', '2017/10/05', NULL, '1', NULL, NULL, NULL, '6', '3Y 11M '),
(242, 383, '1', '1', '61', '1', 'yosef', '2019/05/27', '39', '1', '1m', NULL, NULL, '4,8', '2Y 4M '),
(243, 382, '2', '1', '19', '1', 'hiat', '2020/01/11', '40', '1', '1.5y', '3.5m', '3500gm-mild arcuate ut- opened cx-spinal on ptn request', '1', '1Y 8M '),
(244, 32, '2', '1', '62', '1', 'hana', '2012/12/12', '38', '1', NULL, '5y', 'septic wound after cS', '1', '8Y 9M '),
(245, 386, '1', '3', '63', '1', 'hasan', '2001/08/11', '38', '1', '3m', NULL, NULL, '4', '20Y 1M '),
(246, 386, '2', '2', '64', '1', 'rahma', '2002/08/11', '38', '1', '4y', NULL, NULL, '1', '19Y 1M '),
(247, 386, '1', '1', '64', '1', 'mohamed', '2007/09/13', '38', '1', NULL, NULL, NULL, '1', '14Y 0M '),
(248, 320, '1', '1', '19', '1', 'hamza', '2021/09/28', '38', '1', NULL, NULL, '3300,no incub,lscs,ut cont,cx 2cm,breech,extension in lus-->repair in 2layer, lus plic 3 times', NULL, '0Y 0M '),
(249, 389, '2', '1', '19', '1', 'tamara', '2021/09/26', '37', '1', NULL, NULL, '2.5 kg, lSCS,LBW,lUS plic,endometriosis on both ovs,incubat 2hrs under observ mazloum, general+PCA', NULL, '0Y 0M '),
(250, 397, '1', '1', 'null', '1', 'mohamed', '2016/04/25', '37', NULL, NULL, NULL, NULL, NULL, '5Y 5M '),
(251, 397, '1', '', 'null', '', 'ahmed', NULL, NULL, NULL, NULL, NULL, NULL, NULL, NULL),
(252, 398, '1', '1', '66', '1', 'yosef', '2014/03/04', '38', '1', NULL, NULL, 'ICSI-DCT (single fetal demise 20w)', '9', '7Y 7M '),
(254, 401, '2', '1', '8', '1', 'menna', '2007/09/04', '38', '1', NULL, NULL, 'PET', '1', '14Y 0M '),
(255, 401, '1', '1', '67', '1', 'hady', '2010/12/30', '38', '1', NULL, NULL, NULL, '1', '10Y 9M '),
(256, 401, '2', '1', '14', '1', 'malak', '2014/09/30', NULL, '1', '1.5m', NULL, NULL, '2', '7Y 0M '),
(257, 401, '1', '1', '14', '1', 'saad', '2016/02/11', NULL, '1', '5y', NULL, NULL, '1', '5Y 7M '),
(258, 402, '2', '1', '68', '1', 'menna', '2006/10/09', '37', '1', '2y', NULL, NULL, '1', '14Y 11M '),
(259, 402, '1', '1', '68', '1', 'hosam', '2008/04/03', '40', NULL, NULL, NULL, 'ACC hge-N.death', '10', '13Y 6M '),
(260, 402, '2', '1', '2', '1', 'mariam', '2010/06/25', '37', '1', NULL, NULL, NULL, '1', '11Y 3M '),
(261, 402, '1', '1', '11', '2', 'mohamed', '2014/02/25', '34', '1', NULL, NULL, 'gDM-triocept', '2', '7Y 7M '),
(262, 406, '2', '1', '19', '1', 'talin', '2016/08/08', '37', '1', '3y', '1.7y', NULL, '1', '5Y 1M '),
(263, 407, '1', '1', '2', '1', 'omar', '2012/09/07', '38', '1', '3y', '6y', 'g.HTN', '1', '9Y 0M ');

-- --------------------------------------------------------

--
-- Table structure for table `awifepmethod`
--

CREATE TABLE IF NOT EXISTS `awifepmethod` (
  `id` int(11) unsigned NOT NULL AUTO_INCREMENT,
  `title` varchar(191) COLLATE utf8mb4_unicode_ci DEFAULT NULL,
  `del` tinyint(1) unsigned DEFAULT NULL,
  PRIMARY KEY (`id`)
) ENGINE=InnoDB  DEFAULT CHARSET=utf8mb4 COLLATE=utf8mb4_unicode_ci AUTO_INCREMENT=12 ;

--
-- Dumping data for table `awifepmethod`
--

INSERT INTO `awifepmethod` (`id`, `title`, `del`) VALUES
(1, 'IUD', NULL),
(2, 'COC', NULL),
(3, 'implanon', NULL),
(4, 'pOP', NULL),
(5, 'DMPA', NULL),
(6, 'condom', NULL),
(7, 'mirena', NULL),
(8, 'coitus interr', NULL),
(9, '--', NULL),
(10, '--', NULL),
(11, '', NULL);

-- --------------------------------------------------------

--
-- Table structure for table `awmenu`
--

CREATE TABLE IF NOT EXISTS `awmenu` (
  `id` int(11) unsigned NOT NULL AUTO_INCREMENT,
  `label` varchar(191) COLLATE utf8mb4_unicode_ci DEFAULT NULL,
  `link` varchar(191) COLLATE utf8mb4_unicode_ci DEFAULT NULL,
  `parent` varchar(191) COLLATE utf8mb4_unicode_ci DEFAULT NULL,
  `sort` int(11) unsigned DEFAULT NULL,
  `icon` varchar(191) COLLATE utf8mb4_unicode_ci DEFAULT NULL,
  `active_name` varchar(191) COLLATE utf8mb4_unicode_ci DEFAULT NULL,
  `display` varchar(191) COLLATE utf8mb4_unicode_ci DEFAULT NULL,
  `image` varchar(191) COLLATE utf8mb4_unicode_ci DEFAULT NULL,
  `form` int(11) NOT NULL DEFAULT '0',
  `withpatient` int(11) DEFAULT '1',
  PRIMARY KEY (`id`)
) ENGINE=InnoDB  DEFAULT CHARSET=utf8mb4 COLLATE=utf8mb4_unicode_ci ROW_FORMAT=COMPACT AUTO_INCREMENT=101 ;

--
-- Dumping data for table `awmenu`
--

INSERT INTO `awmenu` (`id`, `label`, `link`, `parent`, `sort`, `icon`, `active_name`, `display`, `image`, `form`, `withpatient`) VALUES
(1, 'Dashboard', '../core/controllers/index.php?ac=index', '0', 1, 'icon-home', 'index', 'image', '08272f7eb856627ed39e743284cd7c08.png', 2, 0),
(2, 'Roles', '../core/controllers/managment.php?ac=index', '0', 28, 'icon-settings', 'managment', 'image', '52b590aa29de4b4c021261296f5f1c51.png', 2, 0),
(3, 'Members', '../core/controllers/_member.php?ac=show', '2', 3, 'icon-users', 'member', 'icon', 'fe2fa07db92348977058781f3d8cc3f1.jpg', 2, 0),
(6, 'Roles', '../core/controllers/_role.php?ac=show', '53', 25, 'icon-puzzle', 'role', 'icon', 'b244313217a64b36bf8ddf9f2b5adc05.jpg', 2, 0),
(9, 'Menu', '../core/controllers/_menu.php?ac=show', '53', 24, 'icon-calendar', 'menu', 'icon', 'fe2fa07db92348977058781f3d8cc3f1.jpg', 2, 0),
(12, 'Controlls', '../core/controllers/_controll.php?ac=show', '2', 4, 'icon-action-redo', 'controll', 'icon', 'fe2fa07db92348977058781f3d8cc3f1.jpg', 2, 0),
(14, 'Pharmacy', '../pharmacy/controllers/drugs.php?ac=index', '0', 23, 'icon-folder', 'pharmacy', 'image', '859cca926afd97c7a872dc2662c642ff.png', 0, 0),
(16, 'Drugs import', '../pharmacy/controllers/buys.php?ac=show', '14', 1, 'icon-bulb', 'Import', 'icon', 'fe2fa07db92348977058781f3d8cc3f1.jpg', 0, 0),
(18, 'Export receipt', '../pharmacy/controllers/receipt.php?ac=show', '14', 1, 'icon-docs', 'Receipt', 'icon', 'fe2fa07db92348977058781f3d8cc3f1.jpg', 0, 0),
(19, 'Store report', '../pharmacy/controllers/store.php?ac=show', '14', 1, 'icon-home', 'Store', 'icon', 'fe2fa07db92348977058781f3d8cc3f1.jpg', 0, 0),
(20, 'Drugs', '../pharmacy/controllers/drugs.php?ac=index', '14', 1, 'icon-briefcase', 'drugs', 'icon', 'fe2fa07db92348977058781f3d8cc3f1.jpg', 0, 0),
(31, 'Board', '../board/controllers/requests.php?ac=index', '0', 22, 'icon-users', 'Board', 'image', '8b13e384af77af8e441f0ad3cda08701.png', 0, 0),
(32, 'Request', '../board/controllers/requests.php?ac=index', '31', 1, 'icon-envelope', 'Request', 'icon', 'fe2fa07db92348977058781f3d8cc3f1.jpg', 0, 0),
(34, 'Sessions', '../board/controllers/sessions.php?ac=index', '31', 2, 'icon-clock', 'sessions', 'icon', 'fe2fa07db92348977058781f3d8cc3f1.jpg', 0, 0),
(35, 'Add Request', '../board/controllers/requests.php?ac=index', '32', 1, 'icon-docs', 'addrequests', 'icon', 'fe2fa07db92348977058781f3d8cc3f1.jpg', 0, 0),
(36, 'Show Requests', '../board/controllers/requests.php?ac=showall', '32', 1, 'icon-eye', 'showrequests', 'icon', 'fe2fa07db92348977058781f3d8cc3f1.jpg', 0, 0),
(37, 'Archive ', '../board/controllers/requests.php?ac=archiveshowall', '32', 1, 'icon-folder', 'archive', 'icon', 'fe2fa07db92348977058781f3d8cc3f1.jpg', 0, 0),
(38, 'Add Session', '../board/controllers/sessions.php?ac=index', '34', 1, 'icon-docs', 'addsession', 'icon', 'fe2fa07db92348977058781f3d8cc3f1.jpg', 0, 0),
(39, 'Archive', '../board/controllers/sessions.php?ac=archiveshowall', '34', 1, 'icon-folder', 'archivesess', 'icon', 'fe2fa07db92348977058781f3d8cc3f1.jpg', 0, 0),
(40, 'Investigations', '../core/controllers/investigation.php?ac=index', '0', 9, 'icon-eye', 'Investigations', 'image', '99e6d528f795a6e789eec567a8b8c482.png', 0, 1),
(41, 'Patient History', '../core/controllers/patienthistory.php?ac=show', '0', 6, 'icon-home', 'Patient History', 'image', '691dc50dd7656bc5e7f2a9f5eb91c2bf.png', 0, 1),
(42, 'Drugs', '../core/controllers/drugsex.php?ac=index', '0', 18, 'icon-handbag', 'drugs', 'image', 'e8cfa53f686f1f694f314c499a7abdb1.png', 0, 0),
(43, 'instructions', 'instruction', '0', 19, 'icon-speech', 'instruction', 'image', 'f38f634587209961944fb01b789305f1.png', 0, 1),
(44, 'Add instruction', '../core/controllers/instruction.php?ac=index', '43', 1, 'icon-speech', 'instructionadd', 'icon', 'fe2fa07db92348977058781f3d8cc3f1.jpg', 0, 1),
(45, 'Show instruction', '../core/controllers/instruction.php?ac=show', '43', 1, 'icon-speech', 'instructionshow', 'icon', 'fe2fa07db92348977058781f3d8cc3f1.jpg', 0, 1),
(46, 'Management', '../core/controllers/gyna.php?ac=index', '0', 10, 'icon-user', 'gyna', 'image', 'cb76b18d166745bc21d4a3ef34ecd12e.png', 0, 1),
(47, 'Antenatal visits', '../core/controllers/antenalvisit.php?ac=index', '0', 11, 'icon-user', 'antenalvisit', 'image', '633b9ba0ea83439e985a155faea4aad3.png', 0, 1),
(48, 'Setting', '../core/controllers/programesetting.php', '53', 1, 'icon-globe', 'setting', 'icon', 'fe2fa07db92348977058781f3d8cc3f1.jpg', 2, 0),
(49, 'Help', '../core/controllers/help.php?ac=index', '0', 31, 'icon-bulb', 'help', 'image', '5a22db59b21abf4d162ade78f5638f9f.png', 0, 0),
(50, 'Add new', '../core/controllers/help.php?ac=index', '49', 1, 'icon-bulb', 'helpadd', 'icon', 'fe2fa07db92348977058781f3d8cc3f1.jpg', 0, 0),
(51, 'Show All', '../core/controllers/help.php?ac=show', '49', 1, 'icon-bulb', 'helpshow', 'icon', 'fe2fa07db92348977058781f3d8cc3f1.jpg', 0, 0),
(52, 'Pictures and Videos', '../core/controllers/sonar.php?ac=index', '0', 16, 'icon-camera', 'sonar', 'image', 'c656579f9f67618c0758890d30a24ddd.png', 0, 1),
(53, 'Program Setting', '#', '0', 27, 'icon-settings', 'programesetting', 'image', 'dd107d2651e65734dec857c7dabab39e.png', 2, 0),
(54, 'Add Investigations', '../core/controllers/addinvestigation.php?ac=index', '53', 3, 'icon-home', 'addinvestigation', 'icon', 'fe2fa07db92348977058781f3d8cc3f1.jpg', 0, 0),
(55, 'Report', '#', '0', 20, 'icon-wallet', 'Reports', 'image', '9667c6ff00f468d331e2d5f8432f8b74.png', 0, 0),
(56, 'Expected Delivery', '../core/controllers/expected.php?ac=index', '55', 1, 'icon-action-redo', 'Expected Delivery', 'icon', 'fe2fa07db92348977058781f3d8cc3f1.jpg', 0, 1),
(57, 'Complete Report', '../core/controllers/completereport.php?ac=index', '55', 3, 'icon-docs', 'Complete Report', 'icon', 'fe2fa07db92348977058781f3d8cc3f1.jpg', 0, 1),
(58, '     Financial Report', '../core/controllers/financialreport.php?ac=index', '92', 1, 'icon-graph', 'Financial Report', 'image', 'c4fb246946cacc9fb710749a7fc777b1.png', 0, 1),
(59, 'Examination', '../core/controllers/examination.php?ac=index', '0', 7, 'icon-diamond', 'Examination', 'image', 'baf8d55d64f4872f5a72af9760ecbb0b.jpg', 0, 1),
(61, 'OperationDetails', '../core/controllers/operativedetails.php?ac=index', '0', 13, 'icon-bar-chart', 'operativedetails', 'image', '7307e43e560d7f5296c4d8211586abca.png', 1, 1),
(62, 'GT Image', '../core/controllers/gtimage.php?ac=show', '0', 17, 'icon-camera', 'GT Image', 'image', '8b69b358cfa86178285c97575bfa2f94.png', 0, 1),
(63, 'Visits', '../core/controllers/visits.php?ac=index', '0', 21, 'icon-home', 'visits', 'image', '6b712beeddba5ad1dd4df16703297bc2.png', 0, 0),
(66, 'Take Backup', '../core/controllers/backup.php?ac=takeit', '53', 2, 'icon-folder', 'TakeBackup', 'icon', 'fe2fa07db92348977058781f3d8cc3f1.jpg', 2, 0),
(67, 'Setup', '../core/controllers/setup.php?ac=index', '0', 30, 'icon-settings', 'setup', 'image', '0dc1158534e27197848e9f98c6eb836e.png', 0, 0),
(68, 'pregnancy', '../core/controllers/followup.php?ac=index', '0', 24, 'icon-docs', 'followup', 'image', '7ddc53e8f4472e9ec2dbe41188653d1f.png', 1, 1),
(69, 'Record', '../core/controllers/record.php?ac=index', '0', 25, 'icon-home', 'record', 'image', '738051be3b5fc39b23707694db1d633f.png', 1, 1),
(70, 'Infertility', '../core/controllers/infertility.php?ac=index', '0', 26, 'icon-home', 'infertility', 'image', '5a5cf5295757517220456c9e0ee3da3f.png', 1, 1),
(71, 'First', '../core/controllers/ultrasoundobst.php?ac=index', '72', 23, 'icon-home', 'Second', 'icon', 'dd2950d000dace888a3fd784d792b89f.png', 0, 1),
(72, 'Antenatal Ultrasound', '#', '0', 14, 'icon-home', 'Ultrasound', 'image', 'b8163f45019dba3b12437c144786dc93.png', 0, 1),
(73, 'Second', '../core/controllers/ultrasound.php?ac=index', '72', 24, 'icon-eye', 'Ultrasound Obstetric', 'image', 'c1ec4aba2597f5770522ca65927fab66.png', 0, 1),
(74, 'Termination report', '../core/controllers/termination.php?ac=index', '55', 4, 'icon-power', 'termination', 'icon', NULL, 0, 1),
(75, 'Risk types report', '../core/controllers/risktype.php?ac=index', '55', 5, 'icon-bell', 'risktype', 'icon', NULL, 0, 1),
(76, 'merge', '../core/controllers/merge.php?ac=index', '0', 29, 'icon-action-redo', 'merge', 'icon', NULL, 2, 1),
(80, 'Combined Report', '../core/controllers/combinedreport.php?ac=index', '55', 6, 'icon-bar-chart', 'Combined Report', 'icon', NULL, 0, 1),
(81, 'ultrasound Gyna', '../core/controllers/ultrasoundgyna.php?ac=index', '0', 15, 'icon-home', 'Ultrasound Gyna', 'image', 'a42d3a58f377f51cbafebb9bceadb36f.png', 0, 1),
(82, 'Follow up card', '../core/controllers/followupcard.php?ac=index', '0', 8, 'icon-home', 'FollowUpCard', 'icon', NULL, 0, 1),
(83, 'full report', '../core/controllers/fullreport.php?ac=index', '55', 7, 'icon-calendar', 'Full Report', 'icon', NULL, 0, 1),
(84, 'logout', '../core/controllers/login.php?ac=logout', '0', 32, 'icon-envelope', 'logout', 'image', '410518eb8de82026167a33ba5c5e2c46.png', 0, 1),
(85, 'Monitoring sheet', '../core/controllers/monitoring.php?ac=index', '0', 12, 'icon-docs', 'Monitoring sheet', 'image', '30f8a0667afafbe661653f18a39f4ee2.png', 0, 1),
(86, 'single Financial Report', '../core/controllers/financialreport.php?ac=balance', '55', 8, 'icon-bar-chart', 'Single Financial Report', 'icon', NULL, 0, 1),
(87, 'Infertility visits', '../Core/Controllers/Infertilitysheet.Php?Ac=index', '0', 2, 'icon-user', 'Infertilitysheet', 'image', '297eff2a06ee6e9f148fea4eaad0d75e.png', 2, 1),
(88, 'Antenatal Visits', '../Core/Controllers/Ancsheet.Php?Ac=Index', '0', 5, 'icon-user-following', 'Ancsheet', 'image', 'fb02bfda0a4a007a5680c515cd28b490.png', 2, 1),
(89, 'Gyna visits', '../Core/Controllers/Gynasheet.Php?Ac=Index', '0', 4, 'icon-users', 'Gynasheet', 'image', '5bcab711777db6f117ab35cdb7bc66db.png', 2, 1),
(90, 'IVF visits', '../Core/Controllers/Ivfsheet.Php?Ac=Index', '0', 3, 'icon-check', 'Ivfsheet', 'image', '45b0667cdb176ce868d41c6e0e20ca83.png', 2, 1),
(91, '     iUI', '../Core/Controllers/iui.Php?Ac=Index', '92', 8, 'icon-home', 'iui', 'image', '27e31c3184f8c6b96241f7683d85838a.jpg', 0, 1),
(92, 'REPORTS', '#', '0', 33, 'icon-home', 'Reports2', 'image', '7237025d9c54b163ec75ab0fcc1d6a62.png', 0, 1),
(93, '     miscarriages (ePC)', '../Core/Controllers/epc.Php?Ac=Index', '92', 5, 'icon-home', 'epc', 'image', '5ce01e8b183edf5941ed4040ad048939.jpg', 0, 1),
(94, '     deliveries (p)', '../Core/Controllers/Deliveries.Php?Ac=Index', '92', 4, 'icon-home', 'Deliveries', 'image', '2207e2507a2f34b39c21158aac0b39cb.jpg', 0, 1),
(95, '     operations', '../Core/Controllers/Operations.Php?Ac=Index', '92', 6, 'icon-home', 'Operations', 'image', '4b80a06a3398f03e4e0fa78f0bd01d3b.jpg', 0, 1),
(96, '     eDD', '../Core/Controllers/edd.Php?Ac=Index', '92', 3, 'icon-home', 'edd', 'image', 'afac07173da6bb066bba26623dcac3c9.jpg', 0, 1),
(97, '     IVF', '../Core/Controllers/Ivfstatistics.Php?Ac=Index', '92', 7, 'icon-home', 'Ivfstatistics', 'image', 'd0d2bda06173399248bbdc5273845542.png', 0, 1),
(98, '     Complete report', '../Core/Controllers/Completesreport.Php?Ac=Index', '92', 2, 'icon-home', 'Completesreport', 'image', '5ac059bcdca976bb563c559912c0080c.png', 0, 1),
(99, 'op waiting list ', '../Core/Controllers/operations.php?ac=waiting_list', '0', 34, 'icon-home', 'waiting_list', 'image', 'a5811d624468d63707844a0acdc8d9f9.png', 0, 1),
(100, 'Add Present History', '../Core/Controllers/Addpresenthistory.Php?Ac=Index', '53', 26, 'icon-home', 'Addpresenthistory', 'icon', NULL, 0, 1);

-- --------------------------------------------------------

--
-- Table structure for table `awrole`
--

CREATE TABLE IF NOT EXISTS `awrole` (
  `id` int(11) unsigned NOT NULL AUTO_INCREMENT,
  `name` varchar(191) COLLATE utf8mb4_unicode_ci DEFAULT NULL,
  PRIMARY KEY (`id`)
) ENGINE=InnoDB  DEFAULT CHARSET=utf8mb4 COLLATE=utf8mb4_unicode_ci ROW_FORMAT=COMPACT AUTO_INCREMENT=11 ;

--
-- Dumping data for table `awrole`
--

INSERT INTO `awrole` (`id`, `name`) VALUES
(1, 'Management'),
(2, 'pharmacist'),
(3, 'reception'),
(4, 'doctors'),
(5, 'rays'),
(6, 'assistants'),
(7, ''),
(8, ''),
(10, 'lobna role');

-- --------------------------------------------------------

--
-- Table structure for table `awrolebtn`
--

CREATE TABLE IF NOT EXISTS `awrolebtn` (
  `id` int(11) unsigned NOT NULL AUTO_INCREMENT,
  `role_id` int(11) unsigned DEFAULT NULL,
  `btn_id` int(11) unsigned DEFAULT NULL,
  `checkval` int(11) unsigned DEFAULT NULL,
  PRIMARY KEY (`id`)
) ENGINE=InnoDB  DEFAULT CHARSET=utf8mb4 COLLATE=utf8mb4_unicode_ci ROW_FORMAT=COMPACT AUTO_INCREMENT=7 ;

--
-- Dumping data for table `awrolebtn`
--

INSERT INTO `awrolebtn` (`id`, `role_id`, `btn_id`, `checkval`) VALUES
(1, 1, 1, 1),
(2, 1, 2, 1),
(3, 1, 3, 0),
(4, 1, 4, 1),
(5, 1, 5, 0),
(6, 1, 6, 0);

-- --------------------------------------------------------

--
-- Table structure for table `awrolecontrollprop`
--

CREATE TABLE IF NOT EXISTS `awrolecontrollprop` (
  `id` int(11) unsigned NOT NULL AUTO_INCREMENT,
  `role_id` int(11) unsigned DEFAULT NULL,
  `controllprop_id` int(11) unsigned DEFAULT NULL,
  `checkval` tinyint(1) unsigned DEFAULT NULL,
  PRIMARY KEY (`id`),
  KEY `index_foreignkey_awrolecontrollprop_awcontrollprop` (`controllprop_id`),
  KEY `index_foreignkey_awrolecontrollprop_awrole` (`role_id`)
) ENGINE=InnoDB  DEFAULT CHARSET=utf8mb4 COLLATE=utf8mb4_unicode_ci ROW_FORMAT=COMPACT AUTO_INCREMENT=3049 ;

--
-- Dumping data for table `awrolecontrollprop`
--

INSERT INTO `awrolecontrollprop` (`id`, `role_id`, `controllprop_id`, `checkval`) VALUES
(1, 1, 1, 1),
(2, 1, 2, 1),
(3, 1, 3, 1),
(4, 1, 4, 1),
(5, 1, 5, 1),
(6, 1, 6, 1),
(7, 1, 7, 1),
(8, 1, 8, 1),
(9, 1, 9, 1),
(10, 1, 10, 1),
(11, 1, 11, 1),
(12, 1, 12, 1),
(13, 1, 13, 1),
(14, 1, 14, 1),
(15, 1, 15, 1),
(16, 1, 16, 1),
(17, 1, 17, 1),
(18, 1, 18, 1),
(19, 1, 19, 1),
(20, 1, 20, 1),
(21, 1, 21, 1),
(22, 1, 22, 1),
(23, 1, 23, 1),
(24, 1, 24, 1),
(25, 1, 25, 1),
(26, 1, 26, 1),
(27, 1, 27, 1),
(28, 2, 1, 0),
(29, 2, 2, 0),
(30, 2, 3, 0),
(31, 2, 4, 0),
(32, 2, 5, 0),
(33, 2, 6, 0),
(34, 2, 7, 0),
(35, 2, 8, 0),
(36, 2, 9, 0),
(37, 2, 10, 0),
(38, 2, 11, 0),
(39, 2, 12, 0),
(40, 2, 13, 0),
(41, 2, 14, 0),
(42, 2, 15, 0),
(43, 2, 16, 0),
(44, 2, 17, 0),
(45, 2, 18, 0),
(46, 2, 19, 0),
(47, 2, 20, 0),
(48, 2, 21, 0),
(49, 2, 22, 0),
(50, 2, 23, 0),
(51, 2, 24, 0),
(52, 2, 25, 0),
(53, 2, 26, 0),
(54, 2, 27, 0),
(151, 1, 116, 1),
(152, 1, 117, 1),
(153, 1, 118, 1),
(154, 1, 119, 1),
(155, 1, 120, 1),
(156, 1, 121, 1),
(157, 1, 122, 1),
(158, 1, 123, 1),
(159, 1, 124, 1),
(160, 1, 125, 1),
(161, 1, 126, 1),
(162, 1, 127, 1),
(163, 1, 128, 1),
(164, 1, 129, 1),
(165, 1, 130, 1),
(166, 1, 131, 1),
(167, 1, 132, 1),
(168, 1, 133, 1),
(169, 1, 134, 1),
(170, 1, 135, 1),
(171, 1, 136, 1),
(172, 1, 137, 1),
(173, 1, 138, 1),
(174, 1, NULL, 1),
(175, 1, NULL, 1),
(176, 1, NULL, 1),
(177, 1, NULL, 1),
(178, 1, NULL, 1),
(179, 1, NULL, 1),
(180, 1, NULL, 1),
(181, 1, NULL, 1),
(182, 1, NULL, 1),
(183, 1, NULL, 1),
(184, 1, NULL, 1),
(185, 1, NULL, 1),
(186, 1, NULL, 1),
(187, 1, NULL, 1),
(188, 1, NULL, 1),
(189, 1, NULL, 1),
(190, 1, NULL, 1),
(191, 1, NULL, 1),
(192, 1, NULL, 1),
(193, 1, NULL, 1),
(194, 1, NULL, 1),
(195, 1, NULL, 1),
(196, 1, NULL, 1),
(197, 1, NULL, 1),
(198, 1, NULL, 1),
(199, 1, NULL, 1),
(200, 1, NULL, 1),
(201, 1, 166, 1),
(202, 1, 167, 1),
(203, 1, 168, 1),
(204, 1, 169, 1),
(205, 1, 170, 1),
(206, 1, 171, 1),
(207, 1, 172, 1),
(208, 1, 173, 1),
(209, 1, 174, 1),
(210, 1, 175, 1),
(211, 1, 176, 1),
(212, 1, 177, 1),
(213, 1, 178, 1),
(214, 1, 179, 1),
(215, 1, 180, 1),
(216, 1, 181, 1),
(217, 1, 182, 1),
(218, 1, 183, 1),
(219, 1, 184, 1),
(220, 1, 185, 1),
(221, 1, 186, 1),
(222, 1, 187, 1),
(223, 2, 116, 0),
(224, 2, 117, 0),
(225, 2, 118, 1),
(226, 2, 134, 1),
(227, 2, 135, 1),
(228, 2, 136, 1),
(229, 2, 137, 1),
(230, 2, 138, 1),
(231, 2, 119, 0),
(232, 2, 120, 1),
(233, 2, 123, 1),
(234, 2, 124, 1),
(235, 2, 125, 1),
(236, 2, 126, 1),
(237, 2, 127, 1),
(238, 2, 128, 1),
(239, 2, 129, 1),
(240, 2, 133, 1),
(241, 2, 121, 1),
(242, 2, 130, 1),
(243, 2, 131, 1),
(244, 2, 132, 1),
(245, 2, 122, 1),
(246, 2, 166, 0),
(247, 2, 167, 0),
(248, 2, 168, 0),
(249, 2, 169, 0),
(250, 2, 170, 0),
(251, 2, 171, 0),
(252, 2, 172, 0),
(253, 2, 173, 0),
(254, 2, 174, 0),
(255, 2, 175, 0),
(256, 2, 176, 0),
(257, 2, 177, 0),
(258, 2, 178, 0),
(259, 2, 179, 0),
(260, 2, 180, 0),
(261, 2, 181, 0),
(262, 2, 182, 0),
(263, 2, 183, 0),
(264, 2, 184, 0),
(265, 2, 185, 0),
(266, 2, 186, 0),
(267, 2, 187, 0),
(268, 3, 1, 1),
(269, 3, 2, 1),
(270, 3, 3, 1),
(271, 3, 4, 1),
(272, 3, 5, 1),
(273, 3, 6, 1),
(274, 3, 7, 1),
(275, 3, 8, 1),
(276, 3, 9, 1),
(277, 3, 10, 1),
(278, 3, 11, 1),
(279, 3, 12, 1),
(280, 3, 13, 1),
(281, 3, 14, 1),
(282, 3, 15, 0),
(283, 3, 16, 1),
(284, 3, 17, 1),
(285, 3, 18, 1),
(286, 3, 19, 1),
(287, 3, 20, 1),
(288, 3, 21, 1),
(289, 3, 22, 1),
(290, 3, 23, 1),
(291, 3, 24, 1),
(292, 3, 25, 1),
(293, 3, 26, 1),
(294, 3, 27, 1),
(295, 3, 116, 1),
(296, 3, 117, 1),
(297, 3, 118, 1),
(298, 3, 134, 1),
(299, 3, 135, 1),
(300, 3, 136, 1),
(301, 3, 137, 1),
(302, 3, 138, 1),
(303, 3, 119, 1),
(304, 3, 120, 0),
(305, 3, 123, 0),
(306, 3, 124, 0),
(307, 3, 125, 0),
(308, 3, 126, 0),
(309, 3, 127, 0),
(310, 3, 128, 0),
(311, 3, 129, 0),
(312, 3, 133, 0),
(313, 3, 121, 0),
(314, 3, 130, 0),
(315, 3, 131, 0),
(316, 3, 132, 0),
(317, 3, 122, 0),
(318, 3, 166, 1),
(319, 3, 167, 0),
(320, 3, 168, 1),
(321, 3, 169, 1),
(322, 3, 170, 1),
(323, 3, 171, 1),
(324, 3, 172, 1),
(325, 3, 173, 0),
(326, 3, 174, 0),
(327, 3, 175, 1),
(328, 3, 176, 0),
(329, 3, 177, 0),
(330, 3, 178, 0),
(331, 3, 179, 0),
(332, 3, 180, 0),
(333, 3, 181, 0),
(334, 3, 182, 0),
(335, 3, 183, 0),
(336, 3, 184, 0),
(337, 3, 185, 0),
(338, 3, 186, 0),
(339, 3, 187, 0),
(340, 4, 1, 0),
(341, 4, 2, 0),
(342, 4, 3, 0),
(343, 4, 4, 0),
(344, 4, 5, 0),
(345, 4, 6, 0),
(346, 4, 7, 0),
(347, 4, 8, 0),
(348, 4, 9, 1),
(349, 4, 10, 1),
(350, 4, 11, 1),
(351, 4, 12, 1),
(352, 4, 13, 1),
(353, 4, 14, 1),
(354, 4, 15, 0),
(355, 4, 16, 0),
(356, 4, 17, 0),
(357, 4, 18, 0),
(358, 4, 19, 0),
(359, 4, 20, 0),
(360, 4, 21, 0),
(361, 4, 22, 0),
(362, 4, 23, 0),
(363, 4, 24, 0),
(364, 4, 25, 0),
(365, 4, 26, 0),
(366, 4, 27, 0),
(367, 4, 116, 0),
(368, 4, 117, 0),
(369, 4, 118, 0),
(370, 4, 134, 0),
(371, 4, 135, 0),
(372, 4, 136, 0),
(373, 4, 137, 0),
(374, 4, 138, 0),
(375, 4, 119, 0),
(376, 4, 120, 0),
(377, 4, 123, 0),
(378, 4, 124, 0),
(379, 4, 125, 0),
(380, 4, 126, 0),
(381, 4, 127, 0),
(382, 4, 128, 0),
(383, 4, 129, 0),
(384, 4, 133, 0),
(385, 4, 121, 0),
(386, 4, 130, 0),
(387, 4, 131, 0),
(388, 4, 132, 0),
(389, 4, 122, 0),
(390, 4, 166, 1),
(391, 4, 167, 0),
(392, 4, 168, 1),
(393, 4, 169, 1),
(394, 4, 170, 1),
(395, 4, 171, 1),
(396, 4, 172, 1),
(397, 4, 173, 0),
(398, 4, 174, 0),
(399, 4, 175, 1),
(400, 4, 176, 1),
(401, 4, 177, 0),
(402, 4, 178, 1),
(403, 4, 179, 1),
(404, 4, 180, 1),
(405, 4, 181, 1),
(406, 4, 182, 0),
(407, 4, 183, 0),
(408, 4, 184, 0),
(409, 4, 185, 0),
(410, 4, 186, 0),
(411, 4, 187, 0),
(412, 5, 1, 1),
(413, 5, 2, 1),
(414, 5, 3, 1),
(415, 5, 4, 1),
(416, 5, 5, 1),
(417, 5, 6, 1),
(418, 5, 7, 1),
(419, 5, 8, 1),
(420, 5, 9, 1),
(421, 5, 10, 1),
(422, 5, 11, 1),
(423, 5, 12, 1),
(424, 5, 13, 1),
(425, 5, 14, 1),
(426, 5, 15, 0),
(427, 5, 16, 1),
(428, 5, 17, 1),
(429, 5, 18, 1),
(430, 5, 19, 1),
(431, 5, 20, 1),
(432, 5, 21, 1),
(433, 5, 22, 1),
(434, 5, 23, 1),
(435, 5, 24, 1),
(436, 5, 25, 1),
(437, 5, 26, 1),
(438, 5, 27, 1),
(439, 5, 116, 1),
(440, 5, 117, 1),
(441, 5, 118, 1),
(442, 5, 134, 1),
(443, 5, 135, 1),
(444, 5, 136, 1),
(445, 5, 137, 1),
(446, 5, 138, 1),
(447, 5, 119, 1),
(448, 5, 120, 0),
(449, 5, 123, 0),
(450, 5, 124, 0),
(451, 5, 125, 0),
(452, 5, 126, 0),
(453, 5, 127, 0),
(454, 5, 128, 0),
(455, 5, 129, 0),
(456, 5, 133, 0),
(457, 5, 121, 0),
(458, 5, 130, 0),
(459, 5, 131, 0),
(460, 5, 132, 0),
(461, 5, 122, 0),
(462, 5, 166, 1),
(463, 5, 167, 1),
(464, 5, 168, 1),
(465, 5, 169, 1),
(466, 5, 170, 1),
(467, 5, 171, 1),
(468, 5, 172, 1),
(469, 5, 173, 1),
(470, 5, 174, 1),
(471, 5, 175, 1),
(472, 5, 176, 1),
(473, 5, 177, 1),
(474, 5, 178, 1),
(475, 5, 179, 1),
(476, 5, 180, 1),
(477, 5, 181, 1),
(478, 5, 182, 1),
(479, 5, 183, 1),
(480, 5, 184, 1),
(481, 5, 185, 1),
(482, 5, 186, 1),
(483, 5, 187, 1),
(484, 1, 188, 1),
(485, 1, 189, 1),
(486, 1, 190, 1),
(487, 1, 191, 1),
(488, 1, 192, 1),
(489, 1, 193, 1),
(490, 1, 194, 1),
(491, 1, 195, 1),
(492, 1, 196, 1),
(493, 1, 197, 1),
(494, 1, 198, 1),
(495, 1, 199, 1),
(496, 1, 200, 1),
(497, 1, 201, 1),
(498, 1, 202, 1),
(499, 1, 203, 1),
(500, 1, 204, 1),
(501, 1, 205, 1),
(502, 1, 206, 1),
(503, 2, 188, 1),
(504, 2, 189, 1),
(505, 2, 190, 1),
(506, 2, 191, 1),
(507, 2, 192, 1),
(508, 2, 200, 1),
(509, 2, 193, 1),
(510, 2, 194, 1),
(511, 2, 195, 1),
(512, 2, 196, 1),
(513, 2, 197, 1),
(514, 2, 198, 1),
(515, 2, 199, 1),
(516, 2, 201, 1),
(517, 2, 202, 1),
(518, 2, 203, 1),
(519, 2, 204, 1),
(520, 2, 205, 1),
(521, 2, 206, 1),
(522, 1, 207, 1),
(523, 1, 210, 1),
(524, 1, 211, 1),
(525, 1, 212, 1),
(526, 1, 208, 1),
(527, 1, 209, 1),
(528, 1, 213, 1),
(529, 1, 214, 1),
(530, 1, 215, 1),
(531, 1, 219, 1),
(532, 1, 220, 1),
(533, 1, 221, 1),
(534, 1, 223, 1),
(535, 1, 224, 1),
(536, 1, 225, 1),
(537, 1, 216, 1),
(538, 1, 217, 1),
(539, 1, 218, 1),
(540, 1, 226, 1),
(541, 1, 227, 1),
(542, 1, 228, 1),
(543, 1, 229, 1),
(544, 1, 230, 1),
(545, 1, 231, 1),
(546, 1, 233, 1),
(547, 1, 234, 1),
(548, 1, 235, 1),
(549, 1, 236, 1),
(550, 1, 237, 1),
(551, 1, 238, 1),
(552, 1, 239, 1),
(553, 1, 240, 1),
(554, 1, 241, 1),
(555, 1, 242, 1),
(556, 1, 243, 1),
(557, 1, 244, 1),
(558, 1, 245, 1),
(559, 1, 246, 1),
(560, 1, 247, 1),
(561, 1, 248, 1),
(562, 1, 249, 1),
(563, 1, 250, 1),
(564, 1, 251, 1),
(565, 1, 256, 1),
(566, 1, 257, 1),
(567, 1, 258, 1),
(568, 1, 253, 1),
(569, 1, 254, 1),
(570, 1, 255, 1),
(571, 1, 252, 1),
(572, 1, 259, 1),
(573, 1, 260, 1),
(574, 1, 261, 1),
(575, 1, 263, 1),
(576, 1, 265, 1),
(577, 1, 266, 1),
(578, 1, 267, 1),
(579, 1, 262, 1),
(580, 1, 264, 1),
(581, 1, 268, 1),
(582, 1, 269, 1),
(583, 1, 270, 1),
(584, 1, 271, 1),
(585, 1, 272, 1),
(586, 1, 280, 1),
(587, 1, 281, 1),
(588, 1, 282, 1),
(589, 1, 283, 1),
(590, 1, 284, 1),
(591, 1, 275, 1),
(592, 1, 276, 1),
(593, 1, 286, 1),
(594, 1, 287, 1),
(595, 1, 289, 1),
(596, 1, 290, 1),
(597, 1, 292, 1),
(598, 1, 293, 1),
(599, 1, 294, 1),
(600, 1, 295, 1),
(601, 1, 285, 1),
(602, 1, 288, 1),
(603, 1, 291, 1),
(604, 1, 296, 1),
(605, 1, 297, 1),
(606, 1, 298, 1),
(607, 1, 299, 1),
(608, 1, 300, 1),
(609, 1, 301, 1),
(610, 1, 302, 1),
(611, 1, 303, 1),
(612, 1, 304, 1),
(613, 1, 305, 1),
(614, 1, 306, 1),
(615, 1, 307, 1),
(616, 1, 308, 1),
(617, 1, 309, 1),
(618, 1, 310, 1),
(619, 1, 311, 1),
(620, 1, 312, 1),
(621, 1, 313, 1),
(622, 1, 314, 1),
(623, 1, 315, 1),
(624, 1, 316, 1),
(625, 1, 317, 1),
(626, 1, 318, 1),
(627, 1, 319, 1),
(628, 1, 320, 1),
(629, 1, 321, 1),
(630, 1, 322, 1),
(631, 1, 323, 1),
(632, 1, 324, 1),
(633, 1, 325, 1),
(634, 1, 326, 1),
(635, 1, 327, 1),
(636, 1, 328, 1),
(637, 1, 329, 1),
(638, 1, 330, 1),
(639, 1, 331, 1),
(640, 1, 332, 1),
(641, 1, 333, 1),
(642, 1, 334, 1),
(643, 1, 335, 1),
(644, 1, 336, 1),
(645, 1, 337, 1),
(646, 1, 338, 1),
(647, 1, 339, 1),
(648, 1, 340, 1),
(649, 1, 341, 1),
(650, 1, 342, 1),
(651, 1, 343, 1),
(652, 1, 344, 1),
(653, 1, 345, 1),
(654, 1, 346, 1),
(655, 1, 347, 1),
(656, 1, 348, 1),
(657, 1, 349, 1),
(658, 1, 354, 1),
(659, 1, 355, 1),
(660, 1, 356, 1),
(661, 1, 357, 1),
(662, 1, 358, 1),
(663, 1, 359, 1),
(664, 1, 360, 1),
(665, 1, 361, 1),
(666, 1, 362, 1),
(667, 1, 363, 1),
(668, 1, 364, 1),
(669, 1, 365, 1),
(670, 1, 366, 1),
(671, 1, 367, 1),
(672, 1, 368, 1),
(673, 1, 369, 1),
(674, 1, 370, 1),
(675, 1, 372, 1),
(676, 1, 371, 1),
(677, 1, 373, 1),
(678, 1, 374, 1),
(679, 1, 375, 1),
(680, 1, 376, 1),
(681, 1, 377, 1),
(682, 1, 378, 1),
(683, 1, 379, 1),
(684, 1, 380, 1),
(685, 1, 381, 1),
(686, 1, 383, 1),
(687, 1, 385, 1),
(688, 1, 382, 1),
(689, 1, 384, 1),
(690, 1, 386, 1),
(691, 1, 387, 1),
(692, 1, 388, 1),
(693, 1, 389, 1),
(694, 1, 390, 1),
(695, 1, 391, 1),
(696, 1, 392, 1),
(697, 1, 393, 1),
(698, 1, 394, 1),
(699, 1, 395, 1),
(700, 1, 396, 1),
(701, 1, 397, 1),
(702, 1, 402, 1),
(703, 1, 398, 1),
(704, 1, 403, 1),
(705, 1, 404, 1),
(706, 1, 405, 1),
(707, 1, 399, 1),
(708, 1, 400, 1),
(709, 1, 401, 1),
(710, 1, 406, 1),
(711, 1, 407, 1),
(712, 1, 408, 1),
(713, 1, 409, 1),
(714, 1, 410, 1),
(715, 1, 411, 1),
(716, 1, 412, 1),
(717, 1, 415, 1),
(718, 1, 416, 1),
(719, 1, 428, 1),
(720, 1, 417, 1),
(721, 1, 418, 1),
(722, 1, 419, 1),
(723, 1, 420, 1),
(724, 1, 421, 1),
(725, 1, 422, 1),
(726, 1, 413, 1),
(727, 1, 414, 1),
(728, 1, 423, 1),
(729, 1, 424, 1),
(730, 1, 425, 1),
(731, 1, 426, 1),
(732, 1, 427, 1),
(733, 1, 432, 1),
(734, 1, 434, 1),
(735, 1, 431, 1),
(736, 1, 433, 1),
(737, 1, 429, 1),
(738, 1, 430, 1),
(739, 1, 435, 1),
(740, NULL, 1, 1),
(741, NULL, 2, 1),
(742, NULL, 3, 1),
(743, NULL, 4, 1),
(744, NULL, 5, 1),
(745, NULL, 6, 1),
(746, NULL, 7, 1),
(747, NULL, 8, 1),
(748, NULL, 9, 1),
(749, NULL, 10, 1),
(750, NULL, 11, 1),
(751, NULL, 12, 1),
(752, NULL, 13, 1),
(753, NULL, 14, 1),
(754, NULL, 389, 1),
(755, NULL, 390, 1),
(756, NULL, 391, 1),
(757, NULL, 394, 1),
(758, NULL, 15, 0),
(759, NULL, 16, 1),
(760, NULL, 17, 1),
(761, NULL, 18, 1),
(762, NULL, 19, 1),
(763, NULL, 20, 1),
(764, NULL, 21, 1),
(765, NULL, 22, 1),
(766, NULL, 23, 1),
(767, NULL, 24, 1),
(768, NULL, 25, 1),
(769, NULL, 26, 1),
(770, NULL, 27, 1),
(771, NULL, 116, 1),
(772, NULL, 117, 1),
(773, NULL, 118, 1),
(774, NULL, 134, 1),
(775, NULL, 135, 1),
(776, NULL, 136, 1),
(777, NULL, 137, 1),
(778, NULL, 138, 1),
(779, NULL, 119, 1),
(780, NULL, 120, 0),
(781, NULL, 123, 0),
(782, NULL, 124, 0),
(783, NULL, 125, 0),
(784, NULL, 126, 0),
(785, NULL, 127, 0),
(786, NULL, 128, 0),
(787, NULL, 129, 0),
(788, NULL, 133, 0),
(789, NULL, 121, 0),
(790, NULL, 130, 0),
(791, NULL, 131, 0),
(792, NULL, 132, 0),
(793, NULL, 122, 0),
(794, NULL, 166, 0),
(795, NULL, 167, 0),
(796, NULL, 168, 0),
(797, NULL, 169, 0),
(798, NULL, 170, 0),
(799, NULL, 171, 0),
(800, NULL, 172, 0),
(801, NULL, 173, 0),
(802, NULL, 174, 0),
(803, NULL, 175, 0),
(804, NULL, 176, 0),
(805, NULL, 177, 0),
(806, NULL, 178, 0),
(807, NULL, 179, 0),
(808, NULL, 180, 0),
(809, NULL, 181, 0),
(810, NULL, 182, 0),
(811, NULL, 183, 0),
(812, NULL, 184, 0),
(813, NULL, 185, 0),
(814, NULL, 186, 0),
(815, NULL, 187, 0),
(816, NULL, 188, 1),
(817, NULL, 207, 1),
(818, NULL, 210, 1),
(819, NULL, 211, 1),
(820, NULL, 212, 1),
(821, NULL, 219, 1),
(822, NULL, 220, 1),
(823, NULL, 280, 1),
(824, NULL, 281, 1),
(825, NULL, 282, 1),
(826, NULL, 283, 1),
(827, NULL, 284, 1),
(828, NULL, 299, 1),
(829, NULL, 300, 1),
(830, NULL, 362, 1),
(831, NULL, 363, 1),
(832, NULL, 383, 1),
(833, NULL, 385, 1),
(834, NULL, 189, 1),
(835, NULL, 256, 1),
(836, NULL, 257, 1),
(837, NULL, 258, 1),
(838, NULL, 190, 1),
(839, NULL, 191, 1),
(840, NULL, 192, 1),
(841, NULL, 200, 1),
(842, NULL, 208, 1),
(843, NULL, 209, 1),
(844, NULL, 213, 1),
(845, NULL, 221, 1),
(846, NULL, 223, 1),
(847, NULL, 224, 1),
(848, NULL, 225, 1),
(849, NULL, 233, 1),
(850, NULL, 242, 1),
(851, NULL, 243, 1),
(852, NULL, 244, 1),
(853, NULL, 245, 1),
(854, NULL, 250, 1),
(855, NULL, 251, 1),
(856, NULL, 253, 1),
(857, NULL, 254, 1),
(858, NULL, 255, 1),
(859, NULL, 263, 1),
(860, NULL, 265, 1),
(861, NULL, 266, 1),
(862, NULL, 267, 1),
(863, NULL, 275, 1),
(864, NULL, 276, 1),
(865, NULL, 286, 1),
(866, NULL, 402, 1),
(867, NULL, 193, 1),
(868, NULL, 216, 1),
(869, NULL, 217, 1),
(870, NULL, 218, 1),
(871, NULL, 287, 1),
(872, NULL, 289, 1),
(873, NULL, 290, 1),
(874, NULL, 292, 1),
(875, NULL, 293, 1),
(876, NULL, 294, 1),
(877, NULL, 295, 1),
(878, NULL, 364, 1),
(879, NULL, 365, 1),
(880, NULL, 366, 1),
(881, NULL, 367, 1),
(882, NULL, 368, 1),
(883, NULL, 372, 1),
(884, NULL, 382, 1),
(885, NULL, 384, 1),
(886, NULL, 432, 1),
(887, NULL, 434, 1),
(888, NULL, 194, 1),
(889, NULL, 195, 1),
(890, NULL, 196, 1),
(891, NULL, 197, 1),
(892, NULL, 198, 1),
(893, NULL, 199, 1),
(894, NULL, 201, 1),
(895, NULL, 202, 1),
(896, NULL, 203, 1),
(897, NULL, 204, 1),
(898, NULL, 205, 1),
(899, NULL, 206, 1),
(900, NULL, 371, 1),
(901, NULL, 214, 1),
(902, NULL, 215, 1),
(903, NULL, 226, 1),
(904, NULL, 227, 1),
(905, NULL, 228, 1),
(906, NULL, 229, 1),
(907, NULL, 230, 1),
(908, NULL, 231, 1),
(909, NULL, 234, 1),
(910, NULL, 235, 1),
(911, NULL, 236, 1),
(912, NULL, 237, 1),
(913, NULL, 238, 1),
(914, NULL, 239, 1),
(915, NULL, 240, 1),
(916, NULL, 241, 1),
(917, NULL, 285, 1),
(918, NULL, 431, 1),
(919, NULL, 433, 1),
(920, NULL, 246, 1),
(921, NULL, 247, 1),
(922, NULL, 248, 1),
(923, NULL, 249, 1),
(924, NULL, 252, 1),
(925, NULL, 262, 1),
(926, NULL, 264, 1),
(927, NULL, 259, 1),
(928, NULL, 268, 1),
(929, NULL, 260, 1),
(930, NULL, 301, 1),
(931, NULL, 261, 1),
(932, NULL, 288, 1),
(933, NULL, 269, 1),
(934, NULL, 270, 1),
(935, NULL, 271, 1),
(936, NULL, 272, 1),
(937, NULL, 291, 1),
(938, NULL, 296, 1),
(939, NULL, 297, 1),
(940, NULL, 298, 1),
(941, NULL, 341, 1),
(942, NULL, 342, 1),
(943, NULL, 343, 1),
(944, NULL, 344, 1),
(945, NULL, 345, 1),
(946, NULL, 346, 1),
(947, NULL, 347, 1),
(948, NULL, 302, 1),
(949, NULL, 303, 1),
(950, NULL, 304, 1),
(951, NULL, 305, 1),
(952, NULL, 306, 1),
(953, NULL, 307, 1),
(954, NULL, 308, 1),
(955, NULL, 309, 1),
(956, NULL, 310, 1),
(957, NULL, 311, 1),
(958, NULL, 312, 1),
(959, NULL, 313, 1),
(960, NULL, 314, 1),
(961, NULL, 315, 1),
(962, NULL, 316, 1),
(963, NULL, 317, 1),
(964, NULL, 318, 1),
(965, NULL, 319, 1),
(966, NULL, 320, 1),
(967, NULL, 321, 1),
(968, NULL, 322, 1),
(969, NULL, 323, 1),
(970, NULL, 324, 1),
(971, NULL, 325, 1),
(972, NULL, 326, 1),
(973, NULL, 327, 1),
(974, NULL, 328, 1),
(975, NULL, 329, 1),
(976, NULL, 330, 1),
(977, NULL, 331, 1),
(978, NULL, 332, 1),
(979, NULL, 333, 1),
(980, NULL, 334, 1),
(981, NULL, 335, 1),
(982, NULL, 336, 1),
(983, NULL, 337, 1),
(984, NULL, 338, 1),
(985, NULL, 339, 1),
(986, NULL, 340, 1),
(987, NULL, 398, 1),
(988, NULL, 348, 1),
(989, NULL, 349, 1),
(990, NULL, 354, 1),
(991, NULL, 355, 1),
(992, NULL, 356, 1),
(993, NULL, 357, 1),
(994, NULL, 358, 1),
(995, NULL, 359, 1),
(996, NULL, 360, 1),
(997, NULL, 361, 1),
(998, NULL, 386, 1),
(999, NULL, 387, 1),
(1000, NULL, 388, 1),
(1001, NULL, 412, 1),
(1002, NULL, 415, 1),
(1003, NULL, 416, 1),
(1004, NULL, 428, 1),
(1005, NULL, 429, 1),
(1006, NULL, 430, 1),
(1007, NULL, 369, 1),
(1008, NULL, 370, 1),
(1009, NULL, 403, 1),
(1010, NULL, 404, 1),
(1011, NULL, 405, 1),
(1012, NULL, 373, 1),
(1013, NULL, 374, 1),
(1014, NULL, 375, 1),
(1015, NULL, 376, 1),
(1016, NULL, 377, 1),
(1017, NULL, 378, 1),
(1018, NULL, 379, 1),
(1019, NULL, 380, 1),
(1020, NULL, 381, 1),
(1021, NULL, 392, 1),
(1022, NULL, 393, 1),
(1023, NULL, 395, 1),
(1024, NULL, 396, 1),
(1025, NULL, 397, 1),
(1026, NULL, 399, 1),
(1027, NULL, 400, 1),
(1028, NULL, 401, 1),
(1029, NULL, 406, 1),
(1030, NULL, 407, 1),
(1031, NULL, 417, 1),
(1032, NULL, 418, 1),
(1033, NULL, 419, 1),
(1034, NULL, 420, 1),
(1035, NULL, 421, 1),
(1036, NULL, 422, 1),
(1037, NULL, 408, 1),
(1038, NULL, 409, 1),
(1039, NULL, 413, 1),
(1040, NULL, 414, 1),
(1041, NULL, 410, 1),
(1042, NULL, 411, 1),
(1043, NULL, 423, 1),
(1044, NULL, 424, 1),
(1045, NULL, 425, 1),
(1046, NULL, 426, 1),
(1047, NULL, 427, 1),
(1048, NULL, 435, 1),
(1049, 8, 1, 1),
(1050, 8, 2, 1),
(1051, 8, 3, 1),
(1052, 8, 4, 1),
(1053, 8, 5, 1),
(1054, 8, 6, 1),
(1055, 8, 7, 1),
(1056, 8, 8, 1),
(1057, 8, 9, 1),
(1058, 8, 10, 1),
(1059, 8, 11, 1),
(1060, 8, 12, 1),
(1061, 8, 13, 1),
(1062, 8, 14, 1),
(1063, 8, 389, 1),
(1064, 8, 390, 1),
(1065, 8, 391, 1),
(1066, 8, 394, 1),
(1067, 8, 15, 0),
(1068, 8, 16, 1),
(1069, 8, 17, 1),
(1070, 8, 18, 1),
(1071, 8, 19, 1),
(1072, 8, 20, 1),
(1073, 8, 21, 1),
(1074, 8, 22, 1),
(1075, 8, 23, 1),
(1076, 8, 24, 1),
(1077, 8, 25, 1),
(1078, 8, 26, 1),
(1079, 8, 27, 1),
(1080, 8, 116, 1),
(1081, 8, 117, 1),
(1082, 8, 118, 1),
(1083, 8, 134, 1),
(1084, 8, 135, 1),
(1085, 8, 136, 1),
(1086, 8, 137, 1),
(1087, 8, 138, 1),
(1088, 8, 119, 1),
(1089, 8, 120, 0),
(1090, 8, 123, 0),
(1091, 8, 124, 0),
(1092, 8, 125, 0),
(1093, 8, 126, 0),
(1094, 8, 127, 0),
(1095, 8, 128, 0),
(1096, 8, 129, 0),
(1097, 8, 133, 0),
(1098, 8, 121, 0),
(1099, 8, 130, 0),
(1100, 8, 131, 0),
(1101, 8, 132, 0),
(1102, 8, 122, 0),
(1103, 8, 166, 0),
(1104, 8, 167, 0),
(1105, 8, 168, 0),
(1106, 8, 169, 0),
(1107, 8, 170, 0),
(1108, 8, 171, 0),
(1109, 8, 172, 0),
(1110, 8, 173, 0),
(1111, 8, 174, 0),
(1112, 8, 175, 0),
(1113, 8, 176, 0),
(1114, 8, 177, 0),
(1115, 8, 178, 0),
(1116, 8, 179, 0),
(1117, 8, 180, 0),
(1118, 8, 181, 0),
(1119, 8, 182, 0),
(1120, 8, 183, 0),
(1121, 8, 184, 0),
(1122, 8, 185, 0),
(1123, 8, 186, 0),
(1124, 8, 187, 0),
(1125, 8, 188, 1),
(1126, 8, 207, 1),
(1127, 8, 210, 1),
(1128, 8, 211, 1),
(1129, 8, 212, 1),
(1130, 8, 219, 1),
(1131, 8, 220, 1),
(1132, 8, 280, 1),
(1133, 8, 281, 1),
(1134, 8, 282, 1),
(1135, 8, 283, 1),
(1136, 8, 284, 1),
(1137, 8, 299, 1),
(1138, 8, 300, 1),
(1139, 8, 362, 1),
(1140, 8, 363, 1),
(1141, 8, 383, 1),
(1142, 8, 385, 1),
(1143, 8, 189, 1),
(1144, 8, 256, 1),
(1145, 8, 257, 1),
(1146, 8, 258, 1),
(1147, 8, 190, 1),
(1148, 8, 191, 1),
(1149, 8, 192, 1),
(1150, 8, 200, 1),
(1151, 8, 208, 1),
(1152, 8, 209, 1),
(1153, 8, 213, 1),
(1154, 8, 221, 1),
(1155, 8, 223, 1),
(1156, 8, 224, 1),
(1157, 8, 225, 1),
(1158, 8, 233, 1),
(1159, 8, 242, 1),
(1160, 8, 243, 1),
(1161, 8, 244, 1),
(1162, 8, 245, 1),
(1163, 8, 250, 1),
(1164, 8, 251, 1),
(1165, 8, 253, 1),
(1166, 8, 254, 1),
(1167, 8, 255, 1),
(1168, 8, 263, 1),
(1169, 8, 265, 1),
(1170, 8, 266, 1),
(1171, 8, 267, 1),
(1172, 8, 275, 1),
(1173, 8, 276, 1),
(1174, 8, 286, 1),
(1175, 8, 402, 1),
(1176, 8, 193, 1),
(1177, 8, 216, 1),
(1178, 8, 217, 1),
(1179, 8, 218, 1),
(1180, 8, 287, 1),
(1181, 8, 289, 1),
(1182, 8, 290, 1),
(1183, 8, 292, 1),
(1184, 8, 293, 1),
(1185, 8, 294, 1),
(1186, 8, 295, 1),
(1187, 8, 364, 1),
(1188, 8, 365, 1),
(1189, 8, 366, 1),
(1190, 8, 367, 1),
(1191, 8, 368, 1),
(1192, 8, 372, 1),
(1193, 8, 382, 1),
(1194, 8, 384, 1),
(1195, 8, 432, 1),
(1196, 8, 434, 1),
(1197, 8, 194, 1),
(1198, 8, 195, 1),
(1199, 8, 196, 1),
(1200, 8, 197, 1),
(1201, 8, 198, 1),
(1202, 8, 199, 1),
(1203, 8, 201, 1),
(1204, 8, 202, 1),
(1205, 8, 203, 1),
(1206, 8, 204, 1),
(1207, 8, 205, 1),
(1208, 8, 206, 1),
(1209, 8, 371, 1),
(1210, 8, 214, 1),
(1211, 8, 215, 1),
(1212, 8, 226, 1),
(1213, 8, 227, 1),
(1214, 8, 228, 1),
(1215, 8, 229, 1),
(1216, 8, 230, 1),
(1217, 8, 231, 1),
(1218, 8, 234, 1),
(1219, 8, 235, 1),
(1220, 8, 236, 1),
(1221, 8, 237, 1),
(1222, 8, 238, 1),
(1223, 8, 239, 1),
(1224, 8, 240, 1),
(1225, 8, 241, 1),
(1226, 8, 285, 1),
(1227, 8, 431, 1),
(1228, 8, 433, 1),
(1229, 8, 246, 1),
(1230, 8, 247, 1),
(1231, 8, 248, 1),
(1232, 8, 249, 1),
(1233, 8, 252, 1),
(1234, 8, 262, 1),
(1235, 8, 264, 1),
(1236, 8, 259, 1),
(1237, 8, 268, 1),
(1238, 8, 260, 1),
(1239, 8, 301, 1),
(1240, 8, 261, 1),
(1241, 8, 288, 1),
(1242, 8, 269, 1),
(1243, 8, 270, 1),
(1244, 8, 271, 1),
(1245, 8, 272, 1),
(1246, 8, 291, 1),
(1247, 8, 296, 1),
(1248, 8, 297, 1),
(1249, 8, 298, 1),
(1250, 8, 341, 1),
(1251, 8, 342, 1),
(1252, 8, 343, 1),
(1253, 8, 344, 1),
(1254, 8, 345, 1),
(1255, 8, 346, 1),
(1256, 8, 347, 1),
(1257, 8, 302, 1),
(1258, 8, 303, 1),
(1259, 8, 304, 1),
(1260, 8, 305, 1),
(1261, 8, 306, 1),
(1262, 8, 307, 1),
(1263, 8, 308, 1),
(1264, 8, 309, 1),
(1265, 8, 310, 1),
(1266, 8, 311, 1),
(1267, 8, 312, 1),
(1268, 8, 313, 1),
(1269, 8, 314, 1),
(1270, 8, 315, 1),
(1271, 8, 316, 1),
(1272, 8, 317, 1),
(1273, 8, 318, 1),
(1274, 8, 319, 1),
(1275, 8, 320, 1),
(1276, 8, 321, 1),
(1277, 8, 322, 1),
(1278, 8, 323, 1),
(1279, 8, 324, 1),
(1280, 8, 325, 1),
(1281, 8, 326, 1),
(1282, 8, 327, 1),
(1283, 8, 328, 1),
(1284, 8, 329, 1),
(1285, 8, 330, 1),
(1286, 8, 331, 1),
(1287, 8, 332, 1),
(1288, 8, 333, 1),
(1289, 8, 334, 1),
(1290, 8, 335, 1),
(1291, 8, 336, 1),
(1292, 8, 337, 1),
(1293, 8, 338, 1),
(1294, 8, 339, 1),
(1295, 8, 340, 1),
(1296, 8, 398, 1),
(1297, 8, 348, 1),
(1298, 8, 349, 1),
(1299, 8, 354, 1),
(1300, 8, 355, 1),
(1301, 8, 356, 1),
(1302, 8, 357, 1),
(1303, 8, 358, 1),
(1304, 8, 359, 1),
(1305, 8, 360, 1),
(1306, 8, 361, 1),
(1307, 8, 386, 1),
(1308, 8, 387, 1),
(1309, 8, 388, 1),
(1310, 8, 412, 1),
(1311, 8, 415, 1),
(1312, 8, 416, 1),
(1313, 8, 428, 1),
(1314, 8, 429, 1),
(1315, 8, 430, 1),
(1316, 8, 369, 1),
(1317, 8, 370, 1),
(1318, 8, 403, 1),
(1319, 8, 404, 1),
(1320, 8, 405, 1),
(1321, 8, 373, 1),
(1322, 8, 374, 1),
(1323, 8, 375, 1),
(1324, 8, 376, 1),
(1325, 8, 377, 1),
(1326, 8, 378, 1),
(1327, 8, 379, 1),
(1328, 8, 380, 1),
(1329, 8, 381, 1),
(1330, 8, 392, 1),
(1331, 8, 393, 1),
(1332, 8, 395, 1),
(1333, 8, 396, 1),
(1334, 8, 397, 1),
(1335, 8, 399, 1),
(1336, 8, 400, 1),
(1337, 8, 401, 1),
(1338, 8, 406, 1),
(1339, 8, 407, 1),
(1340, 8, 417, 1),
(1341, 8, 418, 1),
(1342, 8, 419, 1),
(1343, 8, 420, 1),
(1344, 8, 421, 1),
(1345, 8, 422, 1),
(1346, 8, 408, 1),
(1347, 8, 409, 1),
(1348, 8, 413, 1),
(1349, 8, 414, 1),
(1350, 8, 410, 1),
(1351, 8, 411, 1),
(1352, 8, 423, 1),
(1353, 8, 424, 1),
(1354, 8, 425, 1),
(1355, 8, 426, 1),
(1356, 8, 427, 1),
(1357, 8, 435, 1),
(1358, 2, 389, 1),
(1359, 2, 390, 1),
(1360, 2, 391, 1),
(1361, 2, 394, 1),
(1362, 2, 436, 1),
(1363, 2, 437, 1),
(1364, 2, 207, 1),
(1365, 2, 210, 1),
(1366, 2, 211, 1),
(1367, 2, 212, 1),
(1368, 2, 219, 1),
(1369, 2, 220, 1),
(1370, 2, 280, 1),
(1371, 2, 281, 1),
(1372, 2, 282, 1),
(1373, 2, 283, 1),
(1374, 2, 284, 1),
(1375, 2, 299, 1),
(1376, 2, 300, 1),
(1377, 2, 362, 1),
(1378, 2, 363, 1),
(1379, 2, 383, 1),
(1380, 2, 385, 1),
(1381, 2, 256, 1),
(1382, 2, 257, 1),
(1383, 2, 258, 1),
(1384, 2, 208, 1),
(1385, 2, 209, 1),
(1386, 2, 213, 1),
(1387, 2, 221, 1),
(1388, 2, 223, 1),
(1389, 2, 224, 1),
(1390, 2, 225, 1),
(1391, 2, 233, 1),
(1392, 2, 242, 1),
(1393, 2, 243, 1),
(1394, 2, 244, 1),
(1395, 2, 245, 1),
(1396, 2, 250, 1),
(1397, 2, 251, 1),
(1398, 2, 253, 1),
(1399, 2, 254, 1),
(1400, 2, 255, 1),
(1401, 2, 263, 1),
(1402, 2, 265, 1),
(1403, 2, 266, 1),
(1404, 2, 267, 1),
(1405, 2, 275, 1),
(1406, 2, 276, 1),
(1407, 2, 286, 1),
(1408, 2, 402, 1),
(1409, 2, 216, 1),
(1410, 2, 217, 1),
(1411, 2, 218, 1),
(1412, 2, 287, 1),
(1413, 2, 289, 1),
(1414, 2, 290, 1),
(1415, 2, 292, 1),
(1416, 2, 293, 1),
(1417, 2, 294, 1),
(1418, 2, 295, 1),
(1419, 2, 364, 1),
(1420, 2, 365, 1),
(1421, 2, 366, 1),
(1422, 2, 367, 1),
(1423, 2, 368, 1),
(1424, 2, 372, 1),
(1425, 2, 382, 1),
(1426, 2, 384, 1),
(1427, 2, 432, 1),
(1428, 2, 434, 1),
(1429, 2, 371, 1),
(1430, 2, 214, 1),
(1431, 2, 215, 1),
(1432, 2, 226, 1),
(1433, 2, 227, 1),
(1434, 2, 228, 1),
(1435, 2, 229, 1),
(1436, 2, 230, 1),
(1437, 2, 231, 1),
(1438, 2, 234, 1),
(1439, 2, 235, 1),
(1440, 2, 236, 1),
(1441, 2, 237, 1),
(1442, 2, 238, 1),
(1443, 2, 239, 1),
(1444, 2, 240, 1),
(1445, 2, 241, 1),
(1446, 2, 285, 1),
(1447, 2, 431, 1),
(1448, 2, 433, 1),
(1449, 2, 246, 1),
(1450, 2, 247, 1),
(1451, 2, 248, 1),
(1452, 2, 249, 1),
(1453, 2, 252, 1),
(1454, 2, 262, 1),
(1455, 2, 264, 1),
(1456, 2, 259, 1),
(1457, 2, 268, 1),
(1458, 2, 260, 1),
(1459, 2, 301, 1),
(1460, 2, 261, 1),
(1461, 2, 288, 1),
(1462, 2, 269, 1),
(1463, 2, 270, 1),
(1464, 2, 271, 1),
(1465, 2, 272, 1),
(1466, 2, 291, 1),
(1467, 2, 296, 1),
(1468, 2, 297, 1),
(1469, 2, 298, 1),
(1470, 2, 341, 1),
(1471, 2, 342, 1),
(1472, 2, 343, 1),
(1473, 2, 344, 1),
(1474, 2, 345, 1),
(1475, 2, 346, 1),
(1476, 2, 347, 1),
(1477, 2, 302, 1),
(1478, 2, 303, 1),
(1479, 2, 304, 1),
(1480, 2, 305, 1),
(1481, 2, 306, 1),
(1482, 2, 307, 1),
(1483, 2, 308, 1),
(1484, 2, 309, 1),
(1485, 2, 310, 1),
(1486, 2, 311, 1),
(1487, 2, 312, 1),
(1488, 2, 313, 1),
(1489, 2, 314, 1),
(1490, 2, 315, 1),
(1491, 2, 316, 1),
(1492, 2, 317, 1),
(1493, 2, 318, 1),
(1494, 2, 319, 1),
(1495, 2, 320, 1),
(1496, 2, 321, 1),
(1497, 2, 322, 1),
(1498, 2, 323, 1),
(1499, 2, 324, 1),
(1500, 2, 325, 1),
(1501, 2, 326, 1),
(1502, 2, 327, 1),
(1503, 2, 328, 1),
(1504, 2, 329, 1),
(1505, 2, 330, 1),
(1506, 2, 331, 1),
(1507, 2, 332, 1),
(1508, 2, 333, 1),
(1509, 2, 334, 1),
(1510, 2, 335, 1),
(1511, 2, 336, 1),
(1512, 2, 337, 1),
(1513, 2, 338, 1),
(1514, 2, 339, 1),
(1515, 2, 340, 1),
(1516, 2, 398, 1),
(1517, 2, 348, 1),
(1518, 2, 349, 1),
(1519, 2, 354, 1),
(1520, 2, 355, 1),
(1521, 2, 356, 1),
(1522, 2, 357, 1),
(1523, 2, 358, 1),
(1524, 2, 359, 1),
(1525, 2, 360, 1),
(1526, 2, 361, 1),
(1527, 2, 386, 1),
(1528, 2, 387, 1),
(1529, 2, 388, 1),
(1530, 2, 412, 1),
(1531, 2, 415, 1),
(1532, 2, 416, 1),
(1533, 2, 428, 1),
(1534, 2, 429, 1),
(1535, 2, 430, 1),
(1536, 2, 369, 1),
(1537, 2, 370, 1),
(1538, 2, 403, 1),
(1539, 2, 404, 1),
(1540, 2, 405, 1),
(1541, 2, 373, 1),
(1542, 2, 374, 1),
(1543, 2, 375, 1),
(1544, 2, 376, 1),
(1545, 2, 377, 1),
(1546, 2, 378, 1),
(1547, 2, 379, 1),
(1548, 2, 380, 1),
(1549, 2, 381, 1),
(1550, 2, 392, 1),
(1551, 2, 393, 1),
(1552, 2, 395, 1),
(1553, 2, 396, 1),
(1554, 2, 397, 1),
(1555, 2, 399, 1),
(1556, 2, 400, 1),
(1557, 2, 401, 1),
(1558, 2, 406, 1),
(1559, 2, 407, 1),
(1560, 2, 417, 1),
(1561, 2, 418, 1),
(1562, 2, 419, 1),
(1563, 2, 420, 1),
(1564, 2, 421, 1),
(1565, 2, 422, 1),
(1566, 2, 408, 1),
(1567, 2, 409, 1),
(1568, 2, 413, 1),
(1569, 2, 414, 1),
(1570, 2, 410, 1),
(1571, 2, 411, 1),
(1572, 2, 423, 1),
(1573, 2, 424, 1),
(1574, 2, 425, 1),
(1575, 2, 426, 1),
(1576, 2, 427, 1),
(1577, 2, 435, 1),
(1578, 3, 389, 1),
(1579, 3, 390, 1),
(1580, 3, 391, 1),
(1581, 3, 394, 1),
(1582, 3, 436, 1),
(1583, 3, 437, 1),
(1584, 3, 188, 1),
(1585, 3, 207, 1),
(1586, 3, 210, 1),
(1587, 3, 211, 1),
(1588, 3, 212, 1),
(1589, 3, 219, 1),
(1590, 3, 220, 1),
(1591, 3, 280, 1),
(1592, 3, 281, 1),
(1593, 3, 282, 1),
(1594, 3, 283, 1),
(1595, 3, 284, 1),
(1596, 3, 299, 1),
(1597, 3, 300, 1),
(1598, 3, 362, 1),
(1599, 3, 363, 1),
(1600, 3, 383, 1),
(1601, 3, 385, 1),
(1602, 3, 189, 1),
(1603, 3, 256, 1),
(1604, 3, 257, 1),
(1605, 3, 258, 1),
(1606, 3, 190, 1),
(1607, 3, 191, 1),
(1608, 3, 192, 1),
(1609, 3, 200, 1),
(1610, 3, 208, 1),
(1611, 3, 209, 1),
(1612, 3, 213, 1),
(1613, 3, 221, 1),
(1614, 3, 223, 1),
(1615, 3, 224, 1),
(1616, 3, 225, 1),
(1617, 3, 233, 1),
(1618, 3, 242, 1),
(1619, 3, 243, 1),
(1620, 3, 244, 1),
(1621, 3, 245, 1),
(1622, 3, 250, 1),
(1623, 3, 251, 1),
(1624, 3, 253, 1),
(1625, 3, 254, 1),
(1626, 3, 255, 1),
(1627, 3, 263, 1),
(1628, 3, 265, 1),
(1629, 3, 266, 1),
(1630, 3, 267, 1),
(1631, 3, 275, 1),
(1632, 3, 276, 1),
(1633, 3, 286, 1),
(1634, 3, 402, 1),
(1635, 3, 193, 1),
(1636, 3, 216, 1),
(1637, 3, 217, 1),
(1638, 3, 218, 1),
(1639, 3, 287, 1),
(1640, 3, 289, 1),
(1641, 3, 290, 1),
(1642, 3, 292, 1),
(1643, 3, 293, 1),
(1644, 3, 294, 1),
(1645, 3, 295, 1),
(1646, 3, 364, 1),
(1647, 3, 365, 1),
(1648, 3, 366, 1),
(1649, 3, 367, 1),
(1650, 3, 368, 1),
(1651, 3, 372, 1),
(1652, 3, 382, 1),
(1653, 3, 384, 1),
(1654, 3, 432, 1),
(1655, 3, 434, 1),
(1656, 3, 194, 1),
(1657, 3, 195, 1),
(1658, 3, 196, 1),
(1659, 3, 197, 1),
(1660, 3, 198, 1),
(1661, 3, 199, 1),
(1662, 3, 201, 1),
(1663, 3, 202, 1),
(1664, 3, 203, 1),
(1665, 3, 204, 1),
(1666, 3, 205, 1),
(1667, 3, 206, 1),
(1668, 3, 371, 1),
(1669, 3, 214, 1),
(1670, 3, 215, 1),
(1671, 3, 226, 1),
(1672, 3, 227, 1),
(1673, 3, 228, 1),
(1674, 3, 229, 1),
(1675, 3, 230, 1),
(1676, 3, 231, 1),
(1677, 3, 234, 1),
(1678, 3, 235, 1),
(1679, 3, 236, 1),
(1680, 3, 237, 1),
(1681, 3, 238, 1),
(1682, 3, 239, 1),
(1683, 3, 240, 1),
(1684, 3, 241, 1),
(1685, 3, 285, 1),
(1686, 3, 431, 1),
(1687, 3, 433, 1),
(1688, 3, 246, 1),
(1689, 3, 247, 1),
(1690, 3, 248, 1),
(1691, 3, 249, 1),
(1692, 3, 252, 1),
(1693, 3, 262, 1),
(1694, 3, 264, 1),
(1695, 3, 259, 1),
(1696, 3, 268, 1),
(1697, 3, 260, 1),
(1698, 3, 301, 1),
(1699, 3, 261, 1),
(1700, 3, 288, 1),
(1701, 3, 269, 1),
(1702, 3, 270, 1),
(1703, 3, 271, 1),
(1704, 3, 272, 1),
(1705, 3, 291, 1),
(1706, 3, 296, 1),
(1707, 3, 297, 1),
(1708, 3, 298, 1),
(1709, 3, 341, 1),
(1710, 3, 342, 1),
(1711, 3, 343, 1),
(1712, 3, 344, 1),
(1713, 3, 345, 1),
(1714, 3, 346, 1),
(1715, 3, 347, 1),
(1716, 3, 302, 1),
(1717, 3, 303, 1),
(1718, 3, 304, 1),
(1719, 3, 305, 1),
(1720, 3, 306, 1),
(1721, 3, 307, 1),
(1722, 3, 308, 1),
(1723, 3, 309, 1),
(1724, 3, 310, 1),
(1725, 3, 311, 1),
(1726, 3, 312, 1),
(1727, 3, 313, 1),
(1728, 3, 314, 1),
(1729, 3, 315, 1),
(1730, 3, 316, 1),
(1731, 3, 317, 1),
(1732, 3, 318, 1),
(1733, 3, 319, 1),
(1734, 3, 320, 1),
(1735, 3, 321, 1),
(1736, 3, 322, 1),
(1737, 3, 323, 1),
(1738, 3, 324, 1),
(1739, 3, 325, 1),
(1740, 3, 326, 1),
(1741, 3, 327, 1),
(1742, 3, 328, 1),
(1743, 3, 329, 1),
(1744, 3, 330, 1),
(1745, 3, 331, 1),
(1746, 3, 332, 1),
(1747, 3, 333, 1),
(1748, 3, 334, 1),
(1749, 3, 335, 1),
(1750, 3, 336, 1),
(1751, 3, 337, 1),
(1752, 3, 338, 1),
(1753, 3, 339, 1),
(1754, 3, 340, 1),
(1755, 3, 398, 1),
(1756, 3, 348, 1),
(1757, 3, 349, 1),
(1758, 3, 354, 1),
(1759, 3, 355, 1),
(1760, 3, 356, 1),
(1761, 3, 357, 1),
(1762, 3, 358, 1),
(1763, 3, 359, 1),
(1764, 3, 360, 1),
(1765, 3, 361, 1),
(1766, 3, 386, 1),
(1767, 3, 387, 1),
(1768, 3, 388, 1),
(1769, 3, 412, 1),
(1770, 3, 415, 1),
(1771, 3, 416, 1),
(1772, 3, 428, 1),
(1773, 3, 429, 1),
(1774, 3, 430, 1),
(1775, 3, 369, 1),
(1776, 3, 370, 1),
(1777, 3, 403, 1),
(1778, 3, 404, 1),
(1779, 3, 405, 1),
(1780, 3, 373, 1),
(1781, 3, 374, 1),
(1782, 3, 375, 1),
(1783, 3, 376, 1),
(1784, 3, 377, 1),
(1785, 3, 378, 1),
(1786, 3, 379, 1),
(1787, 3, 380, 1),
(1788, 3, 381, 1),
(1789, 3, 392, 1),
(1790, 3, 393, 1),
(1791, 3, 395, 1),
(1792, 3, 396, 1),
(1793, 3, 397, 1),
(1794, 3, 399, 1),
(1795, 3, 400, 1),
(1796, 3, 401, 1),
(1797, 3, 406, 1),
(1798, 3, 407, 1),
(1799, 3, 417, 1),
(1800, 3, 418, 1),
(1801, 3, 419, 1),
(1802, 3, 420, 1),
(1803, 3, 421, 1),
(1804, 3, 422, 1),
(1805, 3, 408, 1),
(1806, 3, 409, 1),
(1807, 3, 413, 1),
(1808, 3, 414, 1),
(1809, 3, 410, 1),
(1810, 3, 411, 1),
(1811, 3, 423, 1),
(1812, 3, 424, 1),
(1813, 3, 425, 1),
(1814, 3, 426, 1),
(1815, 3, 427, 1),
(1816, 3, 435, 1),
(1817, 4, 389, 1),
(1818, 4, 390, 1),
(1819, 4, 391, 1),
(1820, 4, 394, 1),
(1821, 4, 436, 1),
(1822, 4, 437, 1),
(1823, 4, 188, 1),
(1824, 4, 207, 1),
(1825, 4, 210, 1),
(1826, 4, 211, 1),
(1827, 4, 212, 1),
(1828, 4, 219, 1),
(1829, 4, 220, 1),
(1830, 4, 280, 1),
(1831, 4, 281, 1),
(1832, 4, 282, 1),
(1833, 4, 283, 1),
(1834, 4, 284, 1),
(1835, 4, 299, 1),
(1836, 4, 300, 1),
(1837, 4, 362, 1),
(1838, 4, 363, 1),
(1839, 4, 383, 1),
(1840, 4, 385, 1),
(1841, 4, 189, 1),
(1842, 4, 256, 1),
(1843, 4, 257, 1),
(1844, 4, 258, 1),
(1845, 4, 190, 1),
(1846, 4, 191, 1),
(1847, 4, 192, 1),
(1848, 4, 200, 1),
(1849, 4, 208, 1),
(1850, 4, 209, 1),
(1851, 4, 213, 1),
(1852, 4, 221, 1),
(1853, 4, 223, 1),
(1854, 4, 224, 1),
(1855, 4, 225, 1),
(1856, 4, 233, 1),
(1857, 4, 242, 1),
(1858, 4, 243, 1),
(1859, 4, 244, 1),
(1860, 4, 245, 1),
(1861, 4, 250, 1),
(1862, 4, 251, 1),
(1863, 4, 253, 1),
(1864, 4, 254, 1),
(1865, 4, 255, 1),
(1866, 4, 263, 1),
(1867, 4, 265, 1),
(1868, 4, 266, 1),
(1869, 4, 267, 1),
(1870, 4, 275, 1),
(1871, 4, 276, 1),
(1872, 4, 286, 1),
(1873, 4, 402, 1),
(1874, 4, 193, 1),
(1875, 4, 216, 1),
(1876, 4, 217, 1),
(1877, 4, 218, 1),
(1878, 4, 287, 1),
(1879, 4, 289, 1),
(1880, 4, 290, 1),
(1881, 4, 292, 1),
(1882, 4, 293, 1),
(1883, 4, 294, 1),
(1884, 4, 295, 1),
(1885, 4, 364, 1),
(1886, 4, 365, 1),
(1887, 4, 366, 1),
(1888, 4, 367, 1),
(1889, 4, 368, 1),
(1890, 4, 372, 1),
(1891, 4, 382, 1),
(1892, 4, 384, 1),
(1893, 4, 432, 1),
(1894, 4, 434, 1),
(1895, 4, 194, 1),
(1896, 4, 195, 1),
(1897, 4, 196, 1),
(1898, 4, 197, 1),
(1899, 4, 198, 1),
(1900, 4, 199, 1),
(1901, 4, 201, 1),
(1902, 4, 202, 1),
(1903, 4, 203, 1),
(1904, 4, 204, 1),
(1905, 4, 205, 1),
(1906, 4, 206, 1),
(1907, 4, 371, 1),
(1908, 4, 214, 1),
(1909, 4, 215, 1),
(1910, 4, 226, 1),
(1911, 4, 227, 1),
(1912, 4, 228, 1),
(1913, 4, 229, 1),
(1914, 4, 230, 1),
(1915, 4, 231, 1),
(1916, 4, 234, 1),
(1917, 4, 235, 1),
(1918, 4, 236, 1),
(1919, 4, 237, 1),
(1920, 4, 238, 1),
(1921, 4, 239, 1),
(1922, 4, 240, 1),
(1923, 4, 241, 1),
(1924, 4, 285, 1),
(1925, 4, 431, 1),
(1926, 4, 433, 1),
(1927, 4, 246, 1),
(1928, 4, 247, 1),
(1929, 4, 248, 1),
(1930, 4, 249, 1),
(1931, 4, 252, 1),
(1932, 4, 262, 1),
(1933, 4, 264, 1),
(1934, 4, 259, 1),
(1935, 4, 268, 1),
(1936, 4, 260, 1),
(1937, 4, 301, 1),
(1938, 4, 261, 1),
(1939, 4, 288, 1),
(1940, 4, 269, 1),
(1941, 4, 270, 1),
(1942, 4, 271, 1),
(1943, 4, 272, 1),
(1944, 4, 291, 1),
(1945, 4, 296, 1),
(1946, 4, 297, 1),
(1947, 4, 298, 1),
(1948, 4, 341, 1),
(1949, 4, 342, 1),
(1950, 4, 343, 1),
(1951, 4, 344, 1),
(1952, 4, 345, 1),
(1953, 4, 346, 1),
(1954, 4, 347, 1),
(1955, 4, 302, 1),
(1956, 4, 303, 1),
(1957, 4, 304, 1),
(1958, 4, 305, 1),
(1959, 4, 306, 1),
(1960, 4, 307, 1),
(1961, 4, 308, 1),
(1962, 4, 309, 1),
(1963, 4, 310, 1),
(1964, 4, 311, 1),
(1965, 4, 312, 1),
(1966, 4, 313, 1),
(1967, 4, 314, 1),
(1968, 4, 315, 1),
(1969, 4, 316, 1),
(1970, 4, 317, 1),
(1971, 4, 318, 1),
(1972, 4, 319, 1),
(1973, 4, 320, 1),
(1974, 4, 321, 1),
(1975, 4, 322, 1),
(1976, 4, 323, 1),
(1977, 4, 324, 1),
(1978, 4, 325, 1),
(1979, 4, 326, 1),
(1980, 4, 327, 1),
(1981, 4, 328, 1),
(1982, 4, 329, 1),
(1983, 4, 330, 1),
(1984, 4, 331, 1),
(1985, 4, 332, 1),
(1986, 4, 333, 1),
(1987, 4, 334, 1),
(1988, 4, 335, 1),
(1989, 4, 336, 1),
(1990, 4, 337, 1),
(1991, 4, 338, 1),
(1992, 4, 339, 1),
(1993, 4, 340, 1),
(1994, 4, 398, 1),
(1995, 4, 348, 1),
(1996, 4, 349, 1),
(1997, 4, 354, 1),
(1998, 4, 355, 1),
(1999, 4, 356, 1),
(2000, 4, 357, 1),
(2001, 4, 358, 1),
(2002, 4, 359, 1),
(2003, 4, 360, 1),
(2004, 4, 361, 1),
(2005, 4, 386, 1),
(2006, 4, 387, 1),
(2007, 4, 388, 1),
(2008, 4, 412, 1),
(2009, 4, 415, 1),
(2010, 4, 416, 1),
(2011, 4, 428, 1),
(2012, 4, 429, 1),
(2013, 4, 430, 1),
(2014, 4, 369, 1),
(2015, 4, 370, 1),
(2016, 4, 403, 1),
(2017, 4, 404, 1),
(2018, 4, 405, 1),
(2019, 4, 373, 1),
(2020, 4, 374, 1),
(2021, 4, 375, 1),
(2022, 4, 376, 1),
(2023, 4, 377, 1),
(2024, 4, 378, 1),
(2025, 4, 379, 1),
(2026, 4, 380, 1),
(2027, 4, 381, 1),
(2028, 4, 392, 1),
(2029, 4, 393, 1),
(2030, 4, 395, 1),
(2031, 4, 396, 1),
(2032, 4, 397, 1),
(2033, 4, 399, 1),
(2034, 4, 400, 1),
(2035, 4, 401, 1),
(2036, 4, 406, 1),
(2037, 4, 407, 1),
(2038, 4, 417, 1),
(2039, 4, 418, 1),
(2040, 4, 419, 1),
(2041, 4, 420, 1),
(2042, 4, 421, 1),
(2043, 4, 422, 1),
(2044, 4, 408, 1),
(2045, 4, 409, 1),
(2046, 4, 413, 1),
(2047, 4, 414, 1),
(2048, 4, 410, 1),
(2049, 4, 411, 1),
(2050, 4, 423, 1),
(2051, 4, 424, 1),
(2052, 4, 425, 1),
(2053, 4, 426, 1),
(2054, 4, 427, 1),
(2055, 4, 435, 1),
(2056, 5, 389, 1),
(2057, 5, 390, 1),
(2058, 5, 391, 1),
(2059, 5, 394, 1),
(2060, 5, 436, 1),
(2061, 5, 437, 1),
(2062, 5, 188, 1),
(2063, 5, 207, 1),
(2064, 5, 210, 1),
(2065, 5, 211, 1),
(2066, 5, 212, 1),
(2067, 5, 219, 1),
(2068, 5, 220, 1),
(2069, 5, 280, 1),
(2070, 5, 281, 1),
(2071, 5, 282, 1),
(2072, 5, 283, 1),
(2073, 5, 284, 1),
(2074, 5, 299, 1),
(2075, 5, 300, 1),
(2076, 5, 362, 1),
(2077, 5, 363, 1),
(2078, 5, 383, 1),
(2079, 5, 385, 1),
(2080, 5, 189, 1),
(2081, 5, 256, 1),
(2082, 5, 257, 1),
(2083, 5, 258, 1),
(2084, 5, 190, 1),
(2085, 5, 191, 1),
(2086, 5, 192, 1),
(2087, 5, 200, 1),
(2088, 5, 208, 1),
(2089, 5, 209, 1),
(2090, 5, 213, 1),
(2091, 5, 221, 1),
(2092, 5, 223, 1),
(2093, 5, 224, 1),
(2094, 5, 225, 1),
(2095, 5, 233, 1),
(2096, 5, 242, 1),
(2097, 5, 243, 1),
(2098, 5, 244, 1),
(2099, 5, 245, 1),
(2100, 5, 250, 1),
(2101, 5, 251, 1),
(2102, 5, 253, 1),
(2103, 5, 254, 1),
(2104, 5, 255, 1),
(2105, 5, 263, 1),
(2106, 5, 265, 1),
(2107, 5, 266, 1),
(2108, 5, 267, 1),
(2109, 5, 275, 1),
(2110, 5, 276, 1),
(2111, 5, 286, 1),
(2112, 5, 402, 1),
(2113, 5, 193, 1),
(2114, 5, 216, 1),
(2115, 5, 217, 1),
(2116, 5, 218, 1),
(2117, 5, 287, 1),
(2118, 5, 289, 1),
(2119, 5, 290, 1),
(2120, 5, 292, 1),
(2121, 5, 293, 1),
(2122, 5, 294, 1),
(2123, 5, 295, 1),
(2124, 5, 364, 1),
(2125, 5, 365, 1),
(2126, 5, 366, 1),
(2127, 5, 367, 1),
(2128, 5, 368, 1),
(2129, 5, 372, 1),
(2130, 5, 382, 1),
(2131, 5, 384, 1),
(2132, 5, 432, 1),
(2133, 5, 434, 1),
(2134, 5, 194, 1),
(2135, 5, 195, 1),
(2136, 5, 196, 1),
(2137, 5, 197, 1),
(2138, 5, 198, 1),
(2139, 5, 199, 1),
(2140, 5, 201, 1),
(2141, 5, 202, 1),
(2142, 5, 203, 1),
(2143, 5, 204, 1),
(2144, 5, 205, 1),
(2145, 5, 206, 1),
(2146, 5, 371, 1),
(2147, 5, 214, 1),
(2148, 5, 215, 1),
(2149, 5, 226, 1),
(2150, 5, 227, 1),
(2151, 5, 228, 1),
(2152, 5, 229, 1),
(2153, 5, 230, 1),
(2154, 5, 231, 1),
(2155, 5, 234, 1),
(2156, 5, 235, 1),
(2157, 5, 236, 1),
(2158, 5, 237, 1),
(2159, 5, 238, 1),
(2160, 5, 239, 1),
(2161, 5, 240, 1),
(2162, 5, 241, 1),
(2163, 5, 285, 1),
(2164, 5, 431, 1),
(2165, 5, 433, 1),
(2166, 5, 246, 1),
(2167, 5, 247, 1),
(2168, 5, 248, 1),
(2169, 5, 249, 1),
(2170, 5, 252, 1),
(2171, 5, 262, 1),
(2172, 5, 264, 1),
(2173, 5, 259, 1),
(2174, 5, 268, 1),
(2175, 5, 260, 1),
(2176, 5, 301, 1),
(2177, 5, 261, 1),
(2178, 5, 288, 1),
(2179, 5, 269, 1),
(2180, 5, 270, 1),
(2181, 5, 271, 1),
(2182, 5, 272, 1),
(2183, 5, 291, 1),
(2184, 5, 296, 1),
(2185, 5, 297, 1),
(2186, 5, 298, 1),
(2187, 5, 341, 1),
(2188, 5, 342, 1),
(2189, 5, 343, 1),
(2190, 5, 344, 1),
(2191, 5, 345, 1),
(2192, 5, 346, 1),
(2193, 5, 347, 1),
(2194, 5, 302, 1),
(2195, 5, 303, 1),
(2196, 5, 304, 1),
(2197, 5, 305, 1),
(2198, 5, 306, 1),
(2199, 5, 307, 1),
(2200, 5, 308, 1),
(2201, 5, 309, 1),
(2202, 5, 310, 1),
(2203, 5, 311, 1),
(2204, 5, 312, 1),
(2205, 5, 313, 1),
(2206, 5, 314, 1),
(2207, 5, 315, 1),
(2208, 5, 316, 1),
(2209, 5, 317, 1),
(2210, 5, 318, 1),
(2211, 5, 319, 1),
(2212, 5, 320, 1),
(2213, 5, 321, 1),
(2214, 5, 322, 1),
(2215, 5, 323, 1),
(2216, 5, 324, 1),
(2217, 5, 325, 1),
(2218, 5, 326, 1),
(2219, 5, 327, 1),
(2220, 5, 328, 1),
(2221, 5, 329, 1),
(2222, 5, 330, 1),
(2223, 5, 331, 1),
(2224, 5, 332, 1),
(2225, 5, 333, 1),
(2226, 5, 334, 1),
(2227, 5, 335, 1),
(2228, 5, 336, 1),
(2229, 5, 337, 1),
(2230, 5, 338, 1),
(2231, 5, 339, 1),
(2232, 5, 340, 1),
(2233, 5, 398, 1),
(2234, 5, 348, 1),
(2235, 5, 349, 1),
(2236, 5, 354, 1),
(2237, 5, 355, 1),
(2238, 5, 356, 1),
(2239, 5, 357, 1),
(2240, 5, 358, 1),
(2241, 5, 359, 1),
(2242, 5, 360, 1),
(2243, 5, 361, 1),
(2244, 5, 386, 1),
(2245, 5, 387, 1),
(2246, 5, 388, 1),
(2247, 5, 412, 1),
(2248, 5, 415, 1),
(2249, 5, 416, 1),
(2250, 5, 428, 1),
(2251, 5, 429, 1),
(2252, 5, 430, 1),
(2253, 5, 369, 1),
(2254, 5, 370, 1),
(2255, 5, 403, 1),
(2256, 5, 404, 1),
(2257, 5, 405, 1),
(2258, 5, 373, 1),
(2259, 5, 374, 1),
(2260, 5, 375, 1),
(2261, 5, 376, 1),
(2262, 5, 377, 1),
(2263, 5, 378, 1),
(2264, 5, 379, 1),
(2265, 5, 380, 1),
(2266, 5, 381, 1),
(2267, 5, 392, 1),
(2268, 5, 393, 1),
(2269, 5, 395, 1),
(2270, 5, 396, 1),
(2271, 5, 397, 1),
(2272, 5, 399, 1),
(2273, 5, 400, 1),
(2274, 5, 401, 1),
(2275, 5, 406, 1),
(2276, 5, 407, 1),
(2277, 5, 417, 1),
(2278, 5, 418, 1),
(2279, 5, 419, 1),
(2280, 5, 420, 1),
(2281, 5, 421, 1),
(2282, 5, 422, 1),
(2283, 5, 408, 1),
(2284, 5, 409, 1),
(2285, 5, 413, 1),
(2286, 5, 414, 1),
(2287, 5, 410, 1),
(2288, 5, 411, 1),
(2289, 5, 423, 1),
(2290, 5, 424, 1),
(2291, 5, 425, 1),
(2292, 5, 426, 1),
(2293, 5, 427, 1),
(2294, 5, 435, 1),
(2295, 10, 1, 1),
(2296, 10, 2, 1),
(2297, 10, 3, 1),
(2298, 10, 4, 1),
(2299, 10, 5, 1),
(2300, 10, 6, 1),
(2301, 10, 7, 1),
(2302, 10, 8, 1),
(2303, 10, 9, 1),
(2304, 10, 10, 1),
(2305, 10, 11, 1),
(2306, 10, 12, 1),
(2307, 10, 13, 1),
(2308, 10, 14, 1),
(2309, 10, 389, 1),
(2310, 10, 390, 1),
(2311, 10, 391, 1),
(2312, 10, 394, 1),
(2313, 10, 15, 1),
(2314, 10, 16, 1),
(2315, 10, 17, 1),
(2316, 10, 18, 1),
(2317, 10, 19, 1),
(2318, 10, 20, 1),
(2319, 10, 436, 1),
(2320, 10, 437, 1),
(2321, 10, 21, 1),
(2322, 10, 22, 1),
(2323, 10, 23, 1),
(2324, 10, 24, 1),
(2325, 10, 25, 1),
(2326, 10, 26, 1),
(2327, 10, 27, 1),
(2328, 10, 116, 1),
(2329, 10, 117, 1),
(2330, 10, 118, 1),
(2331, 10, 134, 1),
(2332, 10, 135, 1),
(2333, 10, 136, 1),
(2334, 10, 137, 1),
(2335, 10, 138, 1),
(2336, 10, 119, 1),
(2337, 10, 120, 1),
(2338, 10, 123, 1),
(2339, 10, 124, 1),
(2340, 10, 125, 1),
(2341, 10, 126, 1),
(2342, 10, 127, 1),
(2343, 10, 128, 1),
(2344, 10, 129, 1),
(2345, 10, 133, 1),
(2346, 10, 121, 1),
(2347, 10, 130, 1),
(2348, 10, 131, 1),
(2349, 10, 132, 1),
(2350, 10, 122, 1),
(2351, 10, 166, 1),
(2352, 10, 167, 1),
(2353, 10, 168, 1),
(2354, 10, 169, 1),
(2355, 10, 170, 1),
(2356, 10, 171, 1),
(2357, 10, 172, 1),
(2358, 10, 173, 1),
(2359, 10, 174, 1),
(2360, 10, 175, 1),
(2361, 10, 176, 1),
(2362, 10, 177, 1),
(2363, 10, 178, 1),
(2364, 10, 179, 1),
(2365, 10, 180, 1),
(2366, 10, 181, 1),
(2367, 10, 182, 1),
(2368, 10, 183, 1),
(2369, 10, 184, 1),
(2370, 10, 185, 1),
(2371, 10, 186, 1),
(2372, 10, 187, 1),
(2373, 10, 188, 1),
(2374, 10, 207, 1),
(2375, 10, 210, 1),
(2376, 10, 211, 1),
(2377, 10, 212, 1),
(2378, 10, 219, 1),
(2379, 10, 220, 1),
(2380, 10, 280, 1),
(2381, 10, 281, 1),
(2382, 10, 282, 1),
(2383, 10, 283, 1),
(2384, 10, 284, 1),
(2385, 10, 299, 1),
(2386, 10, 300, 1),
(2387, 10, 362, 1),
(2388, 10, 363, 1),
(2389, 10, 383, 1),
(2390, 10, 385, 1),
(2391, 10, 189, 1),
(2392, 10, 256, 1),
(2393, 10, 257, 1),
(2394, 10, 258, 1),
(2395, 10, 190, 1),
(2396, 10, 191, 1),
(2397, 10, 192, 1),
(2398, 10, 200, 1),
(2399, 10, 208, 1),
(2400, 10, 209, 1),
(2401, 10, 213, 1),
(2402, 10, 221, 1),
(2403, 10, 223, 1),
(2404, 10, 224, 1),
(2405, 10, 225, 1),
(2406, 10, 233, 1),
(2407, 10, 242, 1),
(2408, 10, 243, 1),
(2409, 10, 244, 1),
(2410, 10, 245, 1),
(2411, 10, 250, 1),
(2412, 10, 251, 1),
(2413, 10, 253, 1),
(2414, 10, 254, 1),
(2415, 10, 255, 1),
(2416, 10, 263, 1),
(2417, 10, 265, 1),
(2418, 10, 266, 1),
(2419, 10, 267, 1),
(2420, 10, 275, 1),
(2421, 10, 276, 1),
(2422, 10, 286, 1),
(2423, 10, 402, 1),
(2424, 10, 193, 1),
(2425, 10, 216, 1),
(2426, 10, 217, 1),
(2427, 10, 218, 1),
(2428, 10, 287, 1),
(2429, 10, 289, 1),
(2430, 10, 290, 1),
(2431, 10, 292, 1),
(2432, 10, 293, 1),
(2433, 10, 294, 1),
(2434, 10, 295, 1),
(2435, 10, 364, 1),
(2436, 10, 365, 1),
(2437, 10, 366, 1),
(2438, 10, 367, 1),
(2439, 10, 368, 1),
(2440, 10, 372, 1),
(2441, 10, 382, 1),
(2442, 10, 384, 1),
(2443, 10, 432, 1),
(2444, 10, 434, 1),
(2445, 10, 194, 1),
(2446, 10, 195, 1),
(2447, 10, 196, 1),
(2448, 10, 197, 1),
(2449, 10, 198, 1),
(2450, 10, 199, 1),
(2451, 10, 201, 1),
(2452, 10, 202, 1),
(2453, 10, 203, 1),
(2454, 10, 204, 1),
(2455, 10, 205, 1),
(2456, 10, 206, 1),
(2457, 10, 371, 1),
(2458, 10, 214, 1),
(2459, 10, 215, 1),
(2460, 10, 226, 1),
(2461, 10, 227, 1),
(2462, 10, 228, 1),
(2463, 10, 229, 1),
(2464, 10, 230, 1),
(2465, 10, 231, 1),
(2466, 10, 234, 1),
(2467, 10, 235, 1),
(2468, 10, 236, 1),
(2469, 10, 237, 1),
(2470, 10, 238, 1),
(2471, 10, 239, 1),
(2472, 10, 240, 1),
(2473, 10, 241, 1),
(2474, 10, 285, 1),
(2475, 10, 431, 1),
(2476, 10, 433, 1),
(2477, 10, 246, 1),
(2478, 10, 247, 1),
(2479, 10, 248, 1),
(2480, 10, 249, 1),
(2481, 10, 252, 1),
(2482, 10, 262, 1),
(2483, 10, 264, 1),
(2484, 10, 259, 1),
(2485, 10, 268, 1),
(2486, 10, 260, 1),
(2487, 10, 301, 1),
(2488, 10, 261, 1),
(2489, 10, 288, 1),
(2490, 10, 269, 1),
(2491, 10, 270, 1),
(2492, 10, 271, 1),
(2493, 10, 272, 1),
(2494, 10, 291, 1),
(2495, 10, 296, 1),
(2496, 10, 297, 1),
(2497, 10, 298, 1),
(2498, 10, 341, 1),
(2499, 10, 342, 1),
(2500, 10, 343, 1),
(2501, 10, 344, 1),
(2502, 10, 345, 1),
(2503, 10, 346, 1),
(2504, 10, 347, 1),
(2505, 10, 302, 1),
(2506, 10, 303, 1),
(2507, 10, 304, 1),
(2508, 10, 305, 1),
(2509, 10, 306, 1),
(2510, 10, 307, 1),
(2511, 10, 308, 1),
(2512, 10, 309, 1),
(2513, 10, 310, 1),
(2514, 10, 311, 1),
(2515, 10, 312, 1),
(2516, 10, 313, 1),
(2517, 10, 314, 1),
(2518, 10, 315, 1),
(2519, 10, 316, 1),
(2520, 10, 317, 1),
(2521, 10, 318, 1),
(2522, 10, 319, 1),
(2523, 10, 320, 1),
(2524, 10, 321, 1),
(2525, 10, 322, 1),
(2526, 10, 323, 1),
(2527, 10, 324, 1),
(2528, 10, 325, 1),
(2529, 10, 326, 1),
(2530, 10, 327, 1),
(2531, 10, 328, 1),
(2532, 10, 329, 1),
(2533, 10, 330, 1),
(2534, 10, 331, 1),
(2535, 10, 332, 1),
(2536, 10, 333, 1),
(2537, 10, 334, 1),
(2538, 10, 335, 1),
(2539, 10, 336, 1),
(2540, 10, 337, 1),
(2541, 10, 338, 1),
(2542, 10, 339, 1),
(2543, 10, 340, 1),
(2544, 10, 398, 1),
(2545, 10, 348, 1),
(2546, 10, 349, 1),
(2547, 10, 354, 1),
(2548, 10, 355, 1),
(2549, 10, 356, 1),
(2550, 10, 357, 1),
(2551, 10, 358, 1),
(2552, 10, 359, 1),
(2553, 10, 360, 1),
(2554, 10, 361, 1),
(2555, 10, 386, 1),
(2556, 10, 387, 1),
(2557, 10, 388, 1),
(2558, 10, 412, 1),
(2559, 10, 415, 1),
(2560, 10, 416, 1),
(2561, 10, 428, 1),
(2562, 10, 429, 1),
(2563, 10, 430, 1),
(2564, 10, 369, 1),
(2565, 10, 370, 1),
(2566, 10, 403, 1),
(2567, 10, 404, 1),
(2568, 10, 405, 1),
(2569, 10, 373, 1),
(2570, 10, 374, 1),
(2571, 10, 375, 1),
(2572, 10, 376, 1),
(2573, 10, 377, 1),
(2574, 10, 378, 1),
(2575, 10, 379, 1),
(2576, 10, 380, 1),
(2577, 10, 381, 1),
(2578, 10, 392, 1),
(2579, 10, 393, 1),
(2580, 10, 395, 1),
(2581, 10, 396, 1),
(2582, 10, 397, 1),
(2583, 10, 399, 1),
(2584, 10, 400, 1),
(2585, 10, 401, 1),
(2586, 10, 406, 1),
(2587, 10, 407, 1),
(2588, 10, 417, 1),
(2589, 10, 418, 1),
(2590, 10, 419, 1),
(2591, 10, 420, 1),
(2592, 10, 421, 1),
(2593, 10, 422, 1),
(2594, 10, 408, 1),
(2595, 10, 409, 1),
(2596, 10, 413, 1),
(2597, 10, 414, 1),
(2598, 10, 410, 1),
(2599, 10, 411, 1),
(2600, 10, 423, 1),
(2601, 10, 424, 1),
(2602, 10, 425, 1),
(2603, 10, 426, 1),
(2604, 10, 427, 1),
(2605, 10, 435, 1),
(2606, 1, 436, 1),
(2607, 1, 437, 1),
(2608, 1, 438, 1),
(2609, 1, 439, 1),
(2610, 1, 440, 1),
(2611, 1, 441, 1),
(2612, 1, 442, 1),
(2613, 1, 443, 1),
(2614, 1, 444, 1),
(2615, 1, 445, 1),
(2616, 1, 446, 1),
(2617, 1, 460, 1),
(2618, 1, 461, 1),
(2619, 1, 459, 1),
(2620, 1, 447, 1),
(2621, 1, 448, 1),
(2622, 1, 449, 1),
(2623, 1, 450, 1),
(2624, 1, 451, 1),
(2625, 1, 452, 1),
(2626, 1, 462, 1),
(2627, 1, 453, 1),
(2628, 1, 454, 1),
(2629, 1, 455, 1),
(2630, 1, 456, 1),
(2631, 1, 457, 1),
(2632, 1, 458, 1),
(2633, 1, 463, 1),
(2634, 1, 464, 1),
(2635, 2, 460, 1),
(2636, 2, 461, 1),
(2637, 2, 459, 1),
(2638, 2, 438, 1),
(2639, 2, 439, 1),
(2640, 2, 447, 1),
(2641, 2, 448, 1),
(2642, 2, 449, 1),
(2643, 2, 450, 1),
(2644, 2, 451, 1),
(2645, 2, 452, 1),
(2646, 2, 462, 1),
(2647, 2, 440, 1),
(2648, 2, 441, 1),
(2649, 2, 442, 1),
(2650, 2, 453, 1),
(2651, 2, 454, 1),
(2652, 2, 455, 1),
(2653, 2, 456, 1),
(2654, 2, 457, 1),
(2655, 2, 458, 1),
(2656, 2, 443, 1),
(2657, 2, 444, 1),
(2658, 2, 445, 1),
(2659, 2, 446, 1),
(2660, 2, 463, 1),
(2661, 2, 464, 1),
(2662, 10, 460, 1),
(2663, 10, 461, 1),
(2664, 10, 459, 1),
(2665, 10, 465, 1),
(2666, 10, 438, 1),
(2667, 10, 439, 1),
(2668, 10, 447, 1),
(2669, 10, 448, 1),
(2670, 10, 449, 1),
(2671, 10, 450, 1),
(2672, 10, 451, 1),
(2673, 10, 452, 1),
(2674, 10, 462, 1),
(2675, 10, 440, 1),
(2676, 10, 441, 1),
(2677, 10, 442, 1),
(2678, 10, 453, 1),
(2679, 10, 454, 1),
(2680, 10, 455, 1),
(2681, 10, 456, 1),
(2682, 10, 457, 1),
(2683, 10, 458, 1),
(2684, 10, 443, 1),
(2685, 10, 444, 1),
(2686, 10, 445, 1),
(2687, 10, 446, 1),
(2688, 10, 463, 1),
(2689, 10, 464, 1),
(2690, 1, 477, 1),
(2691, 1, 466, 1),
(2692, 1, 467, 1),
(2693, 1, 468, 1),
(2694, 1, 470, 1),
(2695, 1, 472, 1),
(2696, 1, 471, 1),
(2697, 1, 473, 1),
(2698, 1, 474, 1),
(2699, 1, 475, 1),
(2700, 1, 478, 1),
(2701, 1, 476, 1),
(2702, 1, 479, 1),
(2703, 1, 465, 1),
(2704, 1, 469, 1),
(2705, 1, 480, 1),
(2706, 1, 481, 1),
(2707, 1, 482, 1),
(2708, 1, 483, 1),
(2709, 1, 487, 1),
(2710, 1, 485, 1),
(2711, 1, 488, 1),
(2712, 1, 484, 1),
(2713, 1, 486, 1),
(2714, 1, 489, 1),
(2715, 1, 490, 1),
(2716, 1, 491, 1),
(2717, 1, 492, 1),
(2718, 1, 493, 1),
(2719, 1, 494, 1),
(2720, 1, 495, 1),
(2721, 1, 497, 1),
(2722, 1, 498, 1),
(2723, 1, 499, 1),
(2724, 1, 500, 1),
(2725, 1, 501, 1),
(2726, 1, 502, 1),
(2727, 1, 503, 1),
(2728, 1, 504, 1),
(2729, 1, 505, 1),
(2730, 1, 506, 1),
(2731, 1, 507, 0),
(2732, 1, 508, 0),
(2733, 4, 460, 1),
(2734, 4, 461, 1),
(2735, 4, 477, 1),
(2736, 4, 518, 1),
(2737, 4, 466, 1),
(2738, 4, 467, 1),
(2739, 4, 468, 1),
(2740, 4, 470, 1),
(2741, 4, 472, 1),
(2742, 4, 471, 1),
(2743, 4, 473, 1),
(2744, 4, 474, 1),
(2745, 4, 475, 1),
(2746, 4, 478, 1),
(2747, 4, 513, 1),
(2748, 4, 514, 1),
(2749, 4, 515, 1),
(2750, 4, 516, 1),
(2751, 4, 517, 1),
(2752, 4, 483, 1),
(2753, 4, 487, 1),
(2754, 4, 459, 1),
(2755, 4, 485, 1),
(2756, 4, 488, 1),
(2757, 4, 476, 1),
(2758, 4, 484, 1),
(2759, 4, 499, 1),
(2760, 4, 500, 1),
(2761, 4, 501, 1),
(2762, 4, 479, 1),
(2763, 4, 519, 1),
(2764, 4, 520, 1),
(2765, 4, 532, 1),
(2766, 4, 533, 1),
(2767, 4, 465, 1),
(2768, 4, 469, 1),
(2769, 4, 511, 1),
(2770, 4, 512, 1),
(2771, 4, 524, 1),
(2772, 4, 525, 1),
(2773, 4, 526, 1),
(2774, 4, 527, 1),
(2775, 4, 528, 1),
(2776, 4, 529, 1),
(2777, 4, 521, 1),
(2778, 4, 522, 1),
(2779, 4, 523, 1),
(2780, 4, 530, 1),
(2781, 4, 531, 1),
(2782, 4, 438, 1),
(2783, 4, 439, 1),
(2784, 4, 447, 1),
(2785, 4, 448, 1),
(2786, 4, 449, 1),
(2787, 4, 450, 1),
(2788, 4, 451, 1),
(2789, 4, 452, 1),
(2790, 4, 462, 1),
(2791, 4, 440, 1),
(2792, 4, 441, 1),
(2793, 4, 442, 1),
(2794, 4, 453, 1),
(2795, 4, 454, 1),
(2796, 4, 455, 1),
(2797, 4, 456, 1),
(2798, 4, 457, 1),
(2799, 4, 458, 1),
(2800, 4, 480, 1),
(2801, 4, 443, 1),
(2802, 4, 444, 1),
(2803, 4, 445, 1),
(2804, 4, 446, 1),
(2805, 4, 486, 1),
(2806, 4, 463, 1),
(2807, 4, 464, 1),
(2808, 4, 481, 1),
(2809, 4, 482, 1),
(2810, 4, 489, 1),
(2811, 4, 490, 1),
(2812, 4, 491, 1),
(2813, 4, 492, 1),
(2814, 4, 493, 1),
(2815, 4, 494, 1),
(2816, 4, 495, 1),
(2817, 4, 497, 1),
(2818, 4, 498, 1),
(2819, 4, 502, 1),
(2820, 4, 503, 1),
(2821, 4, 504, 1),
(2822, 4, 505, 1),
(2823, 4, 506, 1),
(2824, 4, 507, 1),
(2825, 4, 508, 1),
(2826, 1, 518, 1),
(2827, 1, 513, 1),
(2828, 1, 514, 1),
(2829, 1, 515, 1),
(2830, 1, 516, 1),
(2831, 1, 517, 1),
(2832, 1, 519, 1),
(2833, 1, 520, 1),
(2834, 1, 532, 1),
(2835, 1, 533, 1),
(2836, 1, 511, 1),
(2837, 1, 512, 1),
(2838, 1, 524, 1),
(2839, 1, 525, 1),
(2840, 1, 526, 1),
(2841, 1, 527, 1),
(2842, 1, 528, 1),
(2843, 1, 529, 1),
(2844, 1, 521, 1),
(2845, 1, 522, 1),
(2846, 1, 523, 1),
(2847, 1, 530, 1),
(2848, 1, 531, 1),
(2849, 1, 534, 1),
(2850, 1, 535, 1),
(2851, 1, 536, 1),
(2852, 1, 537, 1),
(2853, 1, 538, 1),
(2854, 1, 539, 1),
(2855, 1, 540, 1),
(2856, 1, 541, 1),
(2857, 1, 542, 1),
(2858, 1, 543, 1),
(2859, 1, 544, 1),
(2860, 1, 545, 1),
(2861, 4, 534, 1),
(2862, 4, 535, 1),
(2863, 4, 536, 1),
(2864, 4, 537, 1),
(2865, 4, 538, 1),
(2866, 4, 539, 1),
(2867, 4, 540, 1),
(2868, 4, 541, 1),
(2869, 4, 542, 1),
(2870, 4, 543, 1),
(2871, 4, 544, 1),
(2872, 4, 545, 1),
(2873, 3, 460, 1),
(2874, 3, 461, 1),
(2875, 3, 477, 1),
(2876, 3, 518, 1),
(2877, 3, 466, 1),
(2878, 3, 467, 1),
(2879, 3, 468, 1),
(2880, 3, 470, 1),
(2881, 3, 472, 1),
(2882, 3, 471, 1),
(2883, 3, 473, 1),
(2884, 3, 474, 1),
(2885, 3, 475, 1),
(2886, 3, 478, 1),
(2887, 3, 513, 1),
(2888, 3, 514, 1),
(2889, 3, 515, 1),
(2890, 3, 516, 1),
(2891, 3, 517, 1),
(2892, 3, 483, 1),
(2893, 3, 487, 1),
(2894, 3, 459, 1),
(2895, 3, 485, 1),
(2896, 3, 488, 1),
(2897, 3, 534, 0),
(2898, 3, 476, 1),
(2899, 3, 484, 1),
(2900, 3, 499, 1),
(2901, 3, 500, 1),
(2902, 3, 501, 1),
(2903, 3, 479, 1),
(2904, 3, 519, 1),
(2905, 3, 520, 1),
(2906, 3, 532, 1),
(2907, 3, 533, 1),
(2908, 3, 465, 1),
(2909, 3, 469, 1),
(2910, 3, 511, 1),
(2911, 3, 512, 1),
(2912, 3, 524, 1),
(2913, 3, 525, 1),
(2914, 3, 526, 1),
(2915, 3, 527, 1),
(2916, 3, 528, 1),
(2917, 3, 529, 1),
(2918, 3, 521, 1),
(2919, 3, 522, 1),
(2920, 3, 523, 1),
(2921, 3, 530, 1),
(2922, 3, 531, 1),
(2923, 3, 438, 1),
(2924, 3, 439, 1),
(2925, 3, 447, 1),
(2926, 3, 448, 1),
(2927, 3, 449, 1),
(2928, 3, 450, 1),
(2929, 3, 451, 1),
(2930, 3, 452, 1),
(2931, 3, 462, 1),
(2932, 3, 440, 1),
(2933, 3, 441, 1),
(2934, 3, 442, 1),
(2935, 3, 453, 1),
(2936, 3, 454, 1),
(2937, 3, 455, 1),
(2938, 3, 456, 1),
(2939, 3, 457, 1),
(2940, 3, 458, 1),
(2941, 3, 480, 1),
(2942, 3, 443, 1),
(2943, 3, 444, 1),
(2944, 3, 445, 1),
(2945, 3, 446, 1),
(2946, 3, 486, 1),
(2947, 3, 463, 1),
(2948, 3, 464, 1),
(2949, 3, 481, 1),
(2950, 3, 482, 1),
(2951, 3, 489, 1),
(2952, 3, 490, 1),
(2953, 3, 491, 1),
(2954, 3, 492, 1),
(2955, 3, 493, 1),
(2956, 3, 494, 1),
(2957, 3, 495, 1),
(2958, 3, 497, 1),
(2959, 3, 498, 1),
(2960, 3, 502, 1),
(2961, 3, 503, 1),
(2962, 3, 504, 1),
(2963, 3, 505, 1),
(2964, 3, 506, 1),
(2965, 3, 507, 1),
(2966, 3, 508, 1),
(2967, 3, 535, 1),
(2968, 3, 536, 1),
(2969, 3, 537, 1),
(2970, 3, 538, 1),
(2971, 3, 539, 1),
(2972, 3, 540, 1),
(2973, 3, 541, 1),
(2974, 3, 542, 1),
(2975, 3, 543, 1),
(2976, 3, 544, 1),
(2977, 3, 545, 1),
(2978, 4, 546, 1),
(2979, 4, 547, 1),
(2980, 4, 548, 1),
(2981, 4, 549, 1),
(2982, 4, 550, 1),
(2983, 4, 551, 1),
(2984, 4, 552, 1),
(2985, 4, 553, 1),
(2986, 1, 546, 1),
(2987, 1, 547, 1),
(2988, 1, 548, 1),
(2989, 1, 549, 1),
(2990, 1, 554, 1),
(2991, 1, 550, 1),
(2992, 1, 551, 1),
(2993, 1, 552, 1),
(2994, 1, 553, 1),
(2995, 1, 555, 1),
(2996, 4, 554, 1),
(2997, 4, 555, 1),
(2998, 4, 556, 1),
(2999, 4, 557, 1),
(3000, 4, 558, 1),
(3001, 4, 559, 1),
(3002, 4, 560, 1),
(3003, 4, 561, 1),
(3004, 4, 562, 1),
(3005, 4, 563, 1),
(3006, 4, 564, 1),
(3007, 4, 565, 1),
(3008, 4, 566, 1),
(3009, 4, 567, 1),
(3010, 4, 568, 1),
(3011, 4, 569, 1),
(3012, 4, 570, 1),
(3013, 4, 571, 1),
(3014, 4, 572, 1),
(3015, 4, 573, 1),
(3016, 4, 574, 1),
(3017, 4, 575, 1),
(3018, 4, 576, 1),
(3019, 1, 556, 1),
(3020, 1, 557, 1),
(3021, 1, 558, 1),
(3022, 1, 559, 1),
(3023, 1, 560, 1),
(3024, 1, 561, 1),
(3025, 1, 562, 1),
(3026, 1, 563, 1),
(3027, 1, 564, 1),
(3028, 1, 565, 1),
(3029, 1, 566, 1);
INSERT INTO `awrolecontrollprop` (`id`, `role_id`, `controllprop_id`, `checkval`) VALUES
(3030, 1, 567, 1),
(3031, 1, 577, 1),
(3032, 1, 568, 1),
(3033, 1, 569, 1),
(3034, 1, 570, 1),
(3035, 1, 571, 1),
(3036, 1, 572, 1),
(3037, 1, 573, 1),
(3038, 1, 574, 1),
(3039, 1, 575, 1),
(3040, 1, 576, 1),
(3041, 1, 578, 1),
(3042, 1, 579, 1),
(3043, 1, 580, 1),
(3044, 1, 581, 1),
(3045, 1, 582, 1),
(3046, 1, 583, 1),
(3047, 1, 584, 1),
(3048, 1, 585, 1);

-- --------------------------------------------------------

--
-- Table structure for table `awrolemenu`
--

CREATE TABLE IF NOT EXISTS `awrolemenu` (
  `id` int(11) unsigned NOT NULL AUTO_INCREMENT,
  `role_id` int(11) unsigned DEFAULT NULL,
  `menu_id` int(11) unsigned DEFAULT NULL,
  `checkval` tinyint(1) unsigned DEFAULT NULL,
  PRIMARY KEY (`id`),
  KEY `index_foreignkey_awrolemenu_awmenu` (`menu_id`),
  KEY `index_foreignkey_awrolemenu_awrole` (`role_id`)
) ENGINE=InnoDB  DEFAULT CHARSET=utf8mb4 COLLATE=utf8mb4_unicode_ci ROW_FORMAT=COMPACT AUTO_INCREMENT=489 ;

--
-- Dumping data for table `awrolemenu`
--

INSERT INTO `awrolemenu` (`id`, `role_id`, `menu_id`, `checkval`) VALUES
(1, 1, 1, 1),
(2, 1, 2, 1),
(3, 1, 3, 1),
(6, 1, 6, 1),
(9, 1, 9, 1),
(12, 1, 12, 1),
(15, 2, 1, 0),
(16, 2, 2, 0),
(17, 2, 3, 0),
(20, 2, 6, 0),
(23, 2, 9, 0),
(26, 2, 12, 0),
(27, 1, 14, 1),
(28, 1, NULL, 1),
(29, 1, 16, 1),
(30, 1, NULL, 1),
(31, 1, 18, 1),
(32, 1, 19, 1),
(33, 1, 20, 1),
(34, 1, NULL, 1),
(35, 1, NULL, 0),
(36, 1, NULL, 0),
(37, 1, NULL, 1),
(38, 1, NULL, 0),
(39, 1, NULL, 1),
(40, 1, NULL, 1),
(41, 1, NULL, 1),
(42, 1, 31, 1),
(43, 1, 32, 1),
(44, 1, 34, 1),
(45, 1, 35, 1),
(46, 1, 36, 1),
(47, 1, 37, 1),
(48, 1, 38, 1),
(49, 1, 39, 1),
(50, 1, NULL, 1),
(51, 2, 14, 1),
(52, 2, 16, 1),
(53, 2, 18, 1),
(54, 2, 19, 1),
(55, 2, 20, 1),
(56, 2, 31, 0),
(57, 2, 32, 0),
(58, 2, 35, 0),
(59, 2, 36, 0),
(60, 2, 37, 0),
(61, 2, 34, 0),
(62, 2, 38, 0),
(63, 2, 39, 0),
(64, 3, 1, 1),
(65, 3, 2, 0),
(66, 3, 3, 0),
(67, 3, 6, 0),
(68, 3, 9, 0),
(69, 3, 12, 0),
(70, 3, 14, 0),
(71, 3, 16, 0),
(72, 3, 18, 0),
(73, 3, 19, 0),
(74, 3, 20, 0),
(75, 3, 31, 0),
(76, 3, 32, 0),
(77, 3, 35, 0),
(78, 3, 36, 0),
(79, 3, 37, 0),
(80, 3, 34, 0),
(81, 3, 38, 0),
(82, 3, 39, 0),
(83, 4, 1, 1),
(84, 4, 2, 0),
(85, 4, 3, 0),
(86, 4, 6, 0),
(87, 4, 9, 1),
(88, 4, 12, 0),
(89, 4, 14, 0),
(90, 4, 16, 0),
(91, 4, 18, 0),
(92, 4, 19, 0),
(93, 4, 20, 0),
(94, 4, 31, 0),
(95, 4, 32, 0),
(96, 4, 35, 0),
(97, 4, 36, 0),
(98, 4, 37, 0),
(99, 4, 34, 0),
(100, 4, 38, 0),
(101, 4, 39, 0),
(102, 5, 1, 1),
(103, 5, 2, 0),
(104, 5, 3, 0),
(105, 5, 6, 0),
(106, 5, 9, 0),
(107, 5, 12, 0),
(108, 5, 14, 0),
(109, 5, 16, 0),
(110, 5, 18, 0),
(111, 5, 19, 0),
(112, 5, 20, 0),
(113, 5, 31, 0),
(114, 5, 32, 0),
(115, 5, 35, 0),
(116, 5, 36, 0),
(117, 5, 37, 0),
(118, 5, 34, 0),
(119, 5, 38, 0),
(120, 5, 39, 0),
(121, 1, 40, 1),
(122, 1, 41, 1),
(123, 1, 42, 1),
(124, 1, 43, 1),
(125, 1, 44, 1),
(126, 1, 45, 1),
(127, 2, 40, 0),
(128, 2, 41, 0),
(129, 2, 42, 0),
(130, 2, 43, 0),
(131, 2, 44, 0),
(132, 2, 45, 0),
(133, 1, 46, 1),
(134, 1, 47, 1),
(135, 1, 48, 1),
(136, 1, 49, 1),
(137, 1, 50, 1),
(138, 1, 51, 1),
(139, 1, 52, 1),
(140, 1, 53, 1),
(141, 1, 54, 1),
(142, 1, 55, 1),
(143, 1, 56, 1),
(144, 1, 57, 1),
(145, 1, 58, 1),
(146, 1, 59, 1),
(147, 1, NULL, 1),
(148, 1, 61, 1),
(149, 1, 62, 1),
(150, 1, 63, 1),
(151, 1, NULL, 1),
(152, 1, 66, 1),
(153, 1, 67, 1),
(154, 1, 68, 1),
(155, 1, 69, 1),
(156, 1, 70, 1),
(157, 1, NULL, 1),
(158, 1, 71, 1),
(159, NULL, 1, 0),
(160, NULL, 2, 0),
(161, NULL, 3, 0),
(162, NULL, 6, 0),
(163, NULL, 9, 0),
(164, NULL, 12, 0),
(165, NULL, 14, 0),
(166, NULL, 16, 0),
(167, NULL, 18, 0),
(168, NULL, 19, 0),
(169, NULL, 20, 0),
(170, NULL, 31, 0),
(171, NULL, 32, 0),
(172, NULL, 35, 0),
(173, NULL, 36, 0),
(174, NULL, 37, 0),
(175, NULL, 34, 0),
(176, NULL, 38, 0),
(177, NULL, 39, 0),
(178, NULL, 40, 0),
(179, NULL, 41, 0),
(180, NULL, 42, 0),
(181, NULL, 43, 0),
(182, NULL, 44, 0),
(183, NULL, 45, 0),
(184, NULL, 46, 0),
(185, NULL, 47, 0),
(186, NULL, 49, 0),
(187, NULL, 50, 0),
(188, NULL, 51, 0),
(189, NULL, 52, 0),
(190, NULL, 53, 0),
(191, NULL, 48, 0),
(192, NULL, 54, 0),
(193, NULL, 66, 0),
(194, NULL, 55, 0),
(195, NULL, 56, 0),
(196, NULL, 57, 0),
(197, NULL, 58, 0),
(198, NULL, 59, 0),
(199, NULL, 61, 0),
(200, NULL, 62, 0),
(201, NULL, 63, 0),
(202, NULL, 67, 0),
(203, NULL, 68, 0),
(204, NULL, 69, 0),
(205, NULL, 70, 0),
(206, NULL, 71, 1),
(207, 8, 1, 0),
(208, 8, 2, 0),
(209, 8, 3, 0),
(210, 8, 6, 0),
(211, 8, 9, 0),
(212, 8, 12, 0),
(213, 8, 14, 0),
(214, 8, 16, 0),
(215, 8, 18, 0),
(216, 8, 19, 0),
(217, 8, 20, 0),
(218, 8, 31, 0),
(219, 8, 32, 0),
(220, 8, 35, 0),
(221, 8, 36, 0),
(222, 8, 37, 0),
(223, 8, 34, 0),
(224, 8, 38, 0),
(225, 8, 39, 0),
(226, 8, 40, 0),
(227, 8, 41, 0),
(228, 8, 42, 0),
(229, 8, 43, 0),
(230, 8, 44, 0),
(231, 8, 45, 0),
(232, 8, 46, 0),
(233, 8, 47, 0),
(234, 8, 49, 0),
(235, 8, 50, 0),
(236, 8, 51, 0),
(237, 8, 52, 0),
(238, 8, 53, 0),
(239, 8, 48, 0),
(240, 8, 54, 0),
(241, 8, 66, 0),
(242, 8, 55, 0),
(243, 8, 56, 0),
(244, 8, 57, 0),
(245, 8, 58, 0),
(246, 8, 59, 0),
(247, 8, 61, 0),
(248, 8, 62, 0),
(249, 8, 63, 0),
(250, 8, 67, 0),
(251, 8, 68, 0),
(252, 8, 69, 0),
(253, 8, 70, 0),
(254, 8, 71, 1),
(255, 2, 46, 0),
(256, 2, 47, 0),
(257, 2, 49, 0),
(258, 2, 50, 0),
(259, 2, 51, 0),
(260, 2, 52, 0),
(261, 2, 53, 0),
(262, 2, 48, 0),
(263, 2, 54, 0),
(264, 2, 66, 0),
(265, 2, 55, 0),
(266, 2, 56, 0),
(267, 2, 57, 0),
(268, 2, 58, 0),
(269, 2, 59, 0),
(270, 2, 61, 0),
(271, 2, 62, 0),
(272, 2, 63, 0),
(273, 2, 67, 0),
(274, 2, 68, 0),
(275, 2, 69, 0),
(276, 2, 70, 0),
(277, 2, 71, 0),
(278, 3, 40, 0),
(279, 3, 41, 0),
(280, 3, 42, 0),
(281, 3, 43, 0),
(282, 3, 44, 0),
(283, 3, 45, 0),
(284, 3, 46, 0),
(285, 3, 47, 0),
(286, 3, 49, 0),
(287, 3, 50, 0),
(288, 3, 51, 0),
(289, 3, 52, 1),
(290, 3, 53, 0),
(291, 3, 48, 0),
(292, 3, 54, 0),
(293, 3, 66, 0),
(294, 3, 55, 0),
(295, 3, 56, 0),
(296, 3, 57, 0),
(297, 3, 58, 0),
(298, 3, 59, 0),
(299, 3, 61, 0),
(300, 3, 62, 0),
(301, 3, 63, 1),
(302, 3, 67, 0),
(303, 3, 68, 0),
(304, 3, 69, 0),
(305, 3, 70, 0),
(306, 3, 71, 0),
(307, 4, 40, 0),
(308, 4, 41, 0),
(309, 4, 42, 1),
(310, 4, 43, 1),
(311, 4, 44, 1),
(312, 4, 45, 1),
(313, 4, 46, 0),
(314, 4, 47, 0),
(315, 4, 49, 0),
(316, 4, 50, 0),
(317, 4, 51, 0),
(318, 4, 52, 1),
(319, 4, 53, 1),
(320, 4, 48, 1),
(321, 4, 54, 1),
(322, 4, 66, 1),
(323, 4, 55, 0),
(324, 4, 56, 0),
(325, 4, 57, 0),
(326, 4, 58, 1),
(327, 4, 59, 0),
(328, 4, 61, 0),
(329, 4, 62, 1),
(330, 4, 63, 0),
(331, 4, 67, 0),
(332, 4, 68, 1),
(333, 4, 69, 1),
(334, 4, 70, 1),
(335, 4, 71, 0),
(336, 5, 40, 0),
(337, 5, 41, 0),
(338, 5, 42, 0),
(339, 5, 43, 0),
(340, 5, 44, 0),
(341, 5, 45, 0),
(342, 5, 46, 0),
(343, 5, 47, 0),
(344, 5, 49, 0),
(345, 5, 50, 0),
(346, 5, 51, 0),
(347, 5, 52, 0),
(348, 5, 53, 0),
(349, 5, 48, 0),
(350, 5, 54, 0),
(351, 5, 66, 0),
(352, 5, 55, 0),
(353, 5, 56, 0),
(354, 5, 57, 0),
(355, 5, 58, 0),
(356, 5, 59, 0),
(357, 5, 61, 0),
(358, 5, 62, 0),
(359, 5, 63, 0),
(360, 5, 67, 0),
(361, 5, 68, 0),
(362, 5, 69, 0),
(363, 5, 70, 0),
(364, 5, 71, 1),
(365, 10, 1, 0),
(366, 10, 2, 0),
(367, 10, 3, 0),
(368, 10, 6, 0),
(369, 10, 9, 0),
(370, 10, 12, 0),
(371, 10, 14, 0),
(372, 10, 16, 0),
(373, 10, 18, 0),
(374, 10, 19, 0),
(375, 10, 20, 0),
(376, 10, 31, 0),
(377, 10, 32, 0),
(378, 10, 35, 0),
(379, 10, 36, 0),
(380, 10, 37, 0),
(381, 10, 34, 0),
(382, 10, 38, 0),
(383, 10, 39, 0),
(384, 10, 40, 0),
(385, 10, 41, 0),
(386, 10, 42, 0),
(387, 10, 43, 0),
(388, 10, 44, 0),
(389, 10, 45, 0),
(390, 10, 46, 0),
(391, 10, 47, 0),
(392, 10, 49, 0),
(393, 10, 50, 0),
(394, 10, 51, 0),
(395, 10, 52, 0),
(396, 10, 53, 0),
(397, 10, 48, 0),
(398, 10, 54, 0),
(399, 10, 66, 0),
(400, 10, 55, 0),
(401, 10, 56, 0),
(402, 10, 57, 0),
(403, 10, 58, 0),
(404, 10, 59, 0),
(405, 10, 61, 0),
(406, 10, 62, 0),
(407, 10, 63, 0),
(408, 10, 67, 0),
(409, 10, 68, 0),
(410, 10, 69, 0),
(411, 10, 70, 0),
(412, 10, 71, 0),
(413, 1, 72, 1),
(414, 1, 73, 1),
(415, 1, 74, 1),
(416, 1, 75, 1),
(417, 1, 76, 1),
(418, 2, 74, 0),
(419, 2, 75, 0),
(420, 2, 72, 0),
(421, 2, 73, 0),
(422, 2, 76, 0),
(423, 10, 74, 0),
(424, 10, 75, 0),
(425, 10, 72, 0),
(426, 10, 73, 0),
(427, 10, 76, 0),
(428, 10, NULL, 0),
(429, 10, NULL, 0),
(430, 1, 80, 1),
(431, 1, NULL, 1),
(432, 1, NULL, 1),
(433, 1, 81, 1),
(434, 1, 82, 1),
(435, 1, 83, 1),
(436, 4, 74, 0),
(437, 4, 75, 0),
(438, 4, 80, 0),
(439, 4, 83, 0),
(440, 4, 72, 0),
(441, 4, 73, 0),
(442, 4, 76, 0),
(443, 4, 81, 0),
(444, 4, 82, 0),
(445, 1, 84, 1),
(446, 1, 85, 1),
(447, 1, 86, 1),
(448, 4, 86, 0),
(449, 4, 84, 1),
(450, 4, 85, 0),
(451, 3, 74, 0),
(452, 3, 75, 0),
(453, 3, 80, 0),
(454, 3, 83, 0),
(455, 3, 86, 0),
(456, 3, 72, 0),
(457, 3, 73, 0),
(458, 3, 76, 0),
(459, 3, 81, 0),
(460, 3, 82, 0),
(461, 3, 84, 1),
(462, 3, 85, 0),
(463, 1, 87, 1),
(464, 1, 88, 1),
(465, 1, 89, 1),
(466, 1, 90, 1),
(467, 4, 87, 1),
(468, 4, 88, 1),
(469, 4, 89, 1),
(470, 4, 90, 1),
(471, 1, 91, 1),
(472, 1, 92, 1),
(473, 1, 93, 1),
(474, 1, 94, 1),
(475, 1, 95, 1),
(476, 1, 96, 1),
(477, 1, 97, 1),
(478, 1, 98, 1),
(479, 4, 92, 1),
(480, 4, 91, 1),
(481, 4, 93, 1),
(482, 4, 94, 1),
(483, 4, 95, 1),
(484, 4, 96, 1),
(485, 4, 97, 1),
(486, 4, 98, 1),
(487, 1, 99, 1),
(488, 1, 100, 1);

-- --------------------------------------------------------

--
-- Table structure for table `awroleposition`
--

CREATE TABLE IF NOT EXISTS `awroleposition` (
  `id` int(11) NOT NULL AUTO_INCREMENT,
  `roleid` int(11) DEFAULT NULL,
  `name` varchar(255) COLLATE utf8mb4_unicode_ci DEFAULT NULL,
  PRIMARY KEY (`id`)
) ENGINE=InnoDB  DEFAULT CHARSET=utf8mb4 COLLATE=utf8mb4_unicode_ci AUTO_INCREMENT=6 ;

--
-- Dumping data for table `awroleposition`
--

INSERT INTO `awroleposition` (`id`, `roleid`, `name`) VALUES
(1, 4, 'Council Amin'),
(2, 4, 'Council Head'),
(3, 4, 'Council Staff'),
(4, 5, 'Sonographer'),
(5, 5, 'Supervisor');

-- --------------------------------------------------------

--
-- Table structure for table `awrolespecialize`
--

CREATE TABLE IF NOT EXISTS `awrolespecialize` (
  `id` int(11) NOT NULL AUTO_INCREMENT,
  `roleid` int(11) DEFAULT NULL,
  `name` varchar(255) COLLATE utf8mb4_unicode_ci DEFAULT NULL,
  PRIMARY KEY (`id`)
) ENGINE=InnoDB  DEFAULT CHARSET=utf8mb4 COLLATE=utf8mb4_unicode_ci AUTO_INCREMENT=5 ;

--
-- Dumping data for table `awrolespecialize`
--

INSERT INTO `awrolespecialize` (`id`, `roleid`, `name`) VALUES
(1, 4, 'Anasthests'),
(2, 6, 'Anasthests'),
(3, 4, 'operation'),
(4, 6, 'operation');

-- --------------------------------------------------------

--
-- Table structure for table `bcomments`
--

CREATE TABLE IF NOT EXISTS `bcomments` (
  `id` int(11) NOT NULL AUTO_INCREMENT,
  `memberid` int(11) NOT NULL,
  `requestid` int(11) NOT NULL,
  `comment` text NOT NULL,
  `relatedcommentid` int(11) NOT NULL,
  PRIMARY KEY (`id`)
) ENGINE=InnoDB DEFAULT CHARSET=latin1 AUTO_INCREMENT=1 ;

-- --------------------------------------------------------

--
-- Table structure for table `bloodtypes`
--

CREATE TABLE IF NOT EXISTS `bloodtypes` (
  `id` int(11) NOT NULL AUTO_INCREMENT,
  `title` varchar(40) NOT NULL,
  `del` int(11) unsigned DEFAULT NULL,
  PRIMARY KEY (`id`)
) ENGINE=InnoDB  DEFAULT CHARSET=latin1 ROW_FORMAT=COMPACT AUTO_INCREMENT=11 ;

--
-- Dumping data for table `bloodtypes`
--

INSERT INTO `bloodtypes` (`id`, `title`, `del`) VALUES
(1, 'O+', NULL),
(2, 'b+', NULL),
(3, 'a+', NULL),
(4, 'AB -', NULL),
(5, 'a -', NULL),
(6, 'o -', NULL),
(7, 'aB+', NULL),
(10, 'b -', 0);

-- --------------------------------------------------------

--
-- Table structure for table `bmemberopenion`
--

CREATE TABLE IF NOT EXISTS `bmemberopenion` (
  `id` int(11) unsigned NOT NULL AUTO_INCREMENT,
  `requestid` int(11) unsigned DEFAULT NULL,
  `sessionmemberid` int(11) unsigned DEFAULT NULL,
  `openion` int(11) unsigned DEFAULT NULL,
  PRIMARY KEY (`id`)
) ENGINE=InnoDB DEFAULT CHARSET=utf8mb4 COLLATE=utf8mb4_unicode_ci ROW_FORMAT=COMPACT AUTO_INCREMENT=1 ;

-- --------------------------------------------------------

--
-- Table structure for table `bsession`
--

CREATE TABLE IF NOT EXISTS `bsession` (
  `id` int(11) NOT NULL AUTO_INCREMENT,
  `date` date NOT NULL,
  `status` int(11) NOT NULL,
  `memberid` int(11) unsigned DEFAULT NULL,
  PRIMARY KEY (`id`)
) ENGINE=InnoDB DEFAULT CHARSET=latin1 ROW_FORMAT=COMPACT AUTO_INCREMENT=1 ;

-- --------------------------------------------------------

--
-- Table structure for table `complaint`
--

CREATE TABLE IF NOT EXISTS `complaint` (
  `id` int(11) NOT NULL AUTO_INCREMENT,
  `name` varchar(255) NOT NULL,
  `conditions` int(11) NOT NULL,
  PRIMARY KEY (`id`)
) ENGINE=InnoDB DEFAULT CHARSET=latin1 ROW_FORMAT=COMPACT AUTO_INCREMENT=1 ;

-- --------------------------------------------------------

--
-- Table structure for table `complaintant`
--

CREATE TABLE IF NOT EXISTS `complaintant` (
  `id` int(11) NOT NULL AUTO_INCREMENT,
  `name` varchar(255) NOT NULL,
  `conditions` int(11) NOT NULL,
  PRIMARY KEY (`id`)
) ENGINE=InnoDB DEFAULT CHARSET=latin1 ROW_FORMAT=COMPACT AUTO_INCREMENT=1 ;

-- --------------------------------------------------------

--
-- Table structure for table `copycavity`
--

CREATE TABLE IF NOT EXISTS `copycavity` (
  `id` int(11) unsigned NOT NULL AUTO_INCREMENT,
  `title` varchar(191) COLLATE utf8mb4_unicode_ci DEFAULT NULL,
  `del` tinyint(1) unsigned DEFAULT NULL,
  PRIMARY KEY (`id`)
) ENGINE=InnoDB  DEFAULT CHARSET=utf8mb4 COLLATE=utf8mb4_unicode_ci AUTO_INCREMENT=31 ;

--
-- Dumping data for table `copycavity`
--

INSERT INTO `copycavity` (`id`, `title`, `del`) VALUES
(1, 'arcuate', NULL),
(2, 'subseptate', NULL),
(3, 'septum reach midcavity', NULL),
(4, 'complete septum to int os', NULL),
(5, 'complete septum to ext os', NULL),
(6, 'Remnant Of Septum', NULL),
(7, 'polyp', NULL),
(8, 'synachia', NULL),
(9, 'myoma', NULL),
(10, 'Mild Arcuate', NULL),
(11, 'very Mild Arcuate', NULL),
(12, 'scar at center of ut fundus (like healed ut perforation)', NULL),
(13, 'subseptate ut reaching > mid cavity', NULL),
(14, '--', NULL),
(15, 'n', NULL),
(16, 'shreads', NULL),
(17, 'IUD', NULL),
(18, 'sub mucus fibroid', NULL),
(19, 'ant wall-low corp', NULL),
(20, 'small', NULL),
(21, 'low corp polyp', NULL),
(22, '', NULL),
(23, '', NULL),
(24, '', NULL),
(25, '', NULL),
(26, 'fundal polyp', NULL),
(27, 'n cavity', NULL),
(28, '', NULL),
(29, 'endometritis in ant uterine wall', NULL),
(30, 'polypoid endo', NULL);

-- --------------------------------------------------------

--
-- Table structure for table `copycx`
--

CREATE TABLE IF NOT EXISTS `copycx` (
  `id` int(11) unsigned NOT NULL AUTO_INCREMENT,
  `title` varchar(191) COLLATE utf8mb4_unicode_ci DEFAULT NULL,
  `del` int(11) unsigned DEFAULT NULL,
  PRIMARY KEY (`id`)
) ENGINE=InnoDB  DEFAULT CHARSET=utf8mb4 COLLATE=utf8mb4_unicode_ci AUTO_INCREMENT=19 ;

--
-- Dumping data for table `copycx`
--

INSERT INTO `copycx` (`id`, `title`, `del`) VALUES
(1, '--', NULL),
(2, 'stenosis', NULL),
(3, 'polyp', NULL),
(4, 'septum', NULL),
(5, 'infected retained cx cerclage', NULL),
(6, 'ى', 1),
(7, NULL, NULL),
(8, '', NULL),
(9, '', NULL),
(10, 'polpyectomy', NULL),
(11, 'ى', 1),
(12, '', NULL),
(13, '', NULL),
(14, 'normal', NULL),
(15, 'endometrial polyp at int o.s', NULL),
(16, 'erosion', NULL),
(17, 'nabothian abscess', NULL),
(18, 'ى', NULL);

-- --------------------------------------------------------

--
-- Table structure for table `copydil`
--

CREATE TABLE IF NOT EXISTS `copydil` (
  `id` int(11) unsigned NOT NULL AUTO_INCREMENT,
  `title` varchar(191) COLLATE utf8mb4_unicode_ci DEFAULT NULL,
  `del` tinyint(1) unsigned DEFAULT NULL,
  PRIMARY KEY (`id`)
) ENGINE=InnoDB  DEFAULT CHARSET=utf8mb4 COLLATE=utf8mb4_unicode_ci AUTO_INCREMENT=4 ;

--
-- Dumping data for table `copydil`
--

INSERT INTO `copydil` (`id`, `title`, `del`) VALUES
(1, 'yes', NULL),
(2, 'no', NULL),
(3, 'easy', NULL);

-- --------------------------------------------------------

--
-- Table structure for table `copyintrod`
--

CREATE TABLE IF NOT EXISTS `copyintrod` (
  `id` int(11) unsigned NOT NULL AUTO_INCREMENT,
  `title` varchar(191) COLLATE utf8mb4_unicode_ci DEFAULT NULL,
  `del` tinyint(1) unsigned DEFAULT NULL,
  PRIMARY KEY (`id`)
) ENGINE=InnoDB  DEFAULT CHARSET=utf8mb4 COLLATE=utf8mb4_unicode_ci AUTO_INCREMENT=3 ;

--
-- Dumping data for table `copyintrod`
--

INSERT INTO `copyintrod` (`id`, `title`, `del`) VALUES
(1, 'easy', NULL),
(2, 'difficult', NULL);

-- --------------------------------------------------------

--
-- Table structure for table `copylostium`
--

CREATE TABLE IF NOT EXISTS `copylostium` (
  `id` int(11) unsigned NOT NULL AUTO_INCREMENT,
  `title` varchar(191) COLLATE utf8mb4_unicode_ci DEFAULT NULL,
  `del` tinyint(1) unsigned DEFAULT NULL,
  PRIMARY KEY (`id`)
) ENGINE=InnoDB  DEFAULT CHARSET=utf8mb4 COLLATE=utf8mb4_unicode_ci AUTO_INCREMENT=4 ;

--
-- Dumping data for table `copylostium`
--

INSERT INTO `copylostium` (`id`, `title`, `del`) VALUES
(1, 'seen', NULL),
(2, 'not seen', NULL),
(3, 'narrow', NULL);

-- --------------------------------------------------------

--
-- Table structure for table `copymcavity`
--

CREATE TABLE IF NOT EXISTS `copymcavity` (
  `id` int(11) unsigned NOT NULL AUTO_INCREMENT,
  `title` varchar(191) COLLATE utf8mb4_unicode_ci DEFAULT NULL,
  `del` int(11) unsigned DEFAULT NULL,
  PRIMARY KEY (`id`)
) ENGINE=InnoDB  DEFAULT CHARSET=utf8mb4 COLLATE=utf8mb4_unicode_ci AUTO_INCREMENT=33 ;

--
-- Dumping data for table `copymcavity`
--

INSERT INTO `copymcavity` (`id`, `title`, `del`) VALUES
(1, 'arcuate correction (cold scissor 5fr)', NULL),
(2, 'septum removal (Cold Scissor 5fr)', NULL),
(3, 'Septum Removal (Resectoscope)', NULL),
(4, 'Polyp Removal', NULL),
(5, 'Adhesiolysis', NULL),
(6, 'Myoma Removal (resectoscope)', NULL),
(7, '', 1),
(8, '2nd session', NULL),
(9, '3rd session', NULL),
(10, 'PRP', NULL),
(11, 'IUD insertion', NULL),
(12, 'accid fundus perforation', NULL),
(13, 'full correction but with 2 holes of perforation -stable', NULL),
(14, 'foleys in uterus+ cyclo', NULL),
(15, 'mild', NULL),
(16, 'corrected by (cold scissor) 5fr', NULL),
(17, '?? correction', NULL),
(18, 'D&C', NULL),
(19, 'multiple incisions', NULL),
(20, 'not corrected', NULL),
(21, 'endom scratch', NULL),
(22, 'IUD removal', NULL),
(23, 'multiple incisions at fundus', NULL),
(24, 'Multiple incisions at fundus', NULL),
(25, 'removed by resictoscope', 1),
(26, 'd&c for few shreads', NULL),
(27, 'excision', NULL),
(28, 'arcuate correction by sissors', NULL),
(29, 'scratch of ant uterine wall', NULL),
(30, 'endo curetting', NULL),
(31, 'endometritis in ant ut wall', NULL),
(32, 'by cold scissor', NULL);

-- --------------------------------------------------------

--
-- Table structure for table `copymcx`
--

CREATE TABLE IF NOT EXISTS `copymcx` (
  `id` int(11) unsigned NOT NULL AUTO_INCREMENT,
  `title` varchar(191) COLLATE utf8mb4_unicode_ci DEFAULT NULL,
  `del` int(11) unsigned DEFAULT NULL,
  PRIMARY KEY (`id`)
) ENGINE=InnoDB  DEFAULT CHARSET=utf8mb4 COLLATE=utf8mb4_unicode_ci AUTO_INCREMENT=7 ;

--
-- Dumping data for table `copymcx`
--

INSERT INTO `copymcx` (`id`, `title`, `del`) VALUES
(1, '', 1),
(2, 'cx dil', NULL),
(3, 'polyp removal', NULL),
(4, 'septum removal', NULL),
(5, 'cerc removal', NULL),
(6, 'excision', NULL);

-- --------------------------------------------------------

--
-- Table structure for table `copymlostium`
--

CREATE TABLE IF NOT EXISTS `copymlostium` (
  `id` int(11) unsigned NOT NULL AUTO_INCREMENT,
  `title` varchar(191) COLLATE utf8mb4_unicode_ci DEFAULT NULL,
  `del` tinyint(1) unsigned DEFAULT NULL,
  PRIMARY KEY (`id`)
) ENGINE=InnoDB  DEFAULT CHARSET=utf8mb4 COLLATE=utf8mb4_unicode_ci AUTO_INCREMENT=3 ;

--
-- Dumping data for table `copymlostium`
--

INSERT INTO `copymlostium` (`id`, `title`, `del`) VALUES
(1, 'open ostium', NULL),
(2, 'cauterize / occlude ostium', NULL);

-- --------------------------------------------------------

--
-- Table structure for table `copymrostium`
--

CREATE TABLE IF NOT EXISTS `copymrostium` (
  `id` int(11) unsigned NOT NULL AUTO_INCREMENT,
  `title` varchar(191) COLLATE utf8mb4_unicode_ci DEFAULT NULL,
  `del` tinyint(1) unsigned DEFAULT NULL,
  PRIMARY KEY (`id`)
) ENGINE=InnoDB  DEFAULT CHARSET=utf8mb4 COLLATE=utf8mb4_unicode_ci AUTO_INCREMENT=3 ;

--
-- Dumping data for table `copymrostium`
--

INSERT INTO `copymrostium` (`id`, `title`, `del`) VALUES
(1, 'open ostium', NULL),
(2, 'cauterize / occlude ostium', NULL);

-- --------------------------------------------------------

--
-- Table structure for table `copyplace`
--

CREATE TABLE IF NOT EXISTS `copyplace` (
  `id` int(11) unsigned NOT NULL AUTO_INCREMENT,
  `title` varchar(191) COLLATE utf8mb4_unicode_ci DEFAULT NULL,
  `del` tinyint(1) unsigned DEFAULT NULL,
  PRIMARY KEY (`id`)
) ENGINE=InnoDB  DEFAULT CHARSET=utf8mb4 COLLATE=utf8mb4_unicode_ci AUTO_INCREMENT=19 ;

--
-- Dumping data for table `copyplace`
--

INSERT INTO `copyplace` (`id`, `title`, `del`) VALUES
(1, 'royal center', NULL),
(2, 'د.مقبل', NULL),
(3, 'د. عزمي صالح اسكندريه', NULL),
(4, 'د.الشربيني', NULL),
(5, 'الÙيروز', NULL),
(6, 'المركز السامي', NULL),
(7, 'د. جمال ورده', NULL),
(8, 'د.ايمن رجب-م .عزبه البرج', NULL),
(9, 'د.عامرشتا- الÙيروز', NULL),
(10, 'د.محمد مطاوع', NULL),
(11, 'د.عبد اللطيÙ سويلم', NULL),
(12, 'حاÙظ-التخصصي', NULL),
(13, 'جامعه المنصوره', NULL),
(14, 'د.محمد حسني-م.رويال', NULL),
(15, 'المركز الملكي د.عمرو عديل', NULL),
(16, 'م المستقبل د.عمرو عبد الرحيم', NULL),
(17, 'م.الحياة د.علاء مجاهد', NULL),
(18, 'د.وائل البنا', NULL);

-- --------------------------------------------------------

--
-- Table structure for table `copyrostium`
--

CREATE TABLE IF NOT EXISTS `copyrostium` (
  `id` int(11) unsigned NOT NULL AUTO_INCREMENT,
  `title` varchar(191) COLLATE utf8mb4_unicode_ci DEFAULT NULL,
  `del` tinyint(1) unsigned DEFAULT NULL,
  PRIMARY KEY (`id`)
) ENGINE=InnoDB  DEFAULT CHARSET=utf8mb4 COLLATE=utf8mb4_unicode_ci AUTO_INCREMENT=3 ;

--
-- Dumping data for table `copyrostium`
--

INSERT INTO `copyrostium` (`id`, `title`, `del`) VALUES
(1, 'seen', NULL),
(2, 'not seen', NULL);

-- --------------------------------------------------------

--
-- Table structure for table `councilstaff`
--

CREATE TABLE IF NOT EXISTS `councilstaff` (
  `id` int(11) NOT NULL AUTO_INCREMENT,
  `userid` int(11) NOT NULL,
  `status` int(11) NOT NULL COMMENT '0  head  , 1  amin  ,  2  member',
  PRIMARY KEY (`id`)
) ENGINE=InnoDB DEFAULT CHARSET=latin1 AUTO_INCREMENT=1 ;

-- --------------------------------------------------------

--
-- Table structure for table `detections`
--

CREATE TABLE IF NOT EXISTS `detections` (
  `id` int(11) NOT NULL AUTO_INCREMENT,
  `title` varchar(100) COLLATE utf8mb4_unicode_ci NOT NULL,
  `detectionval` float NOT NULL,
  `del` int(11) unsigned DEFAULT NULL,
  PRIMARY KEY (`id`)
) ENGINE=InnoDB  DEFAULT CHARSET=utf8mb4 COLLATE=utf8mb4_unicode_ci ROW_FORMAT=COMPACT AUTO_INCREMENT=53 ;

--
-- Dumping data for table `detections`
--

INSERT INTO `detections` (`id`, `title`, `detectionval`, `del`) VALUES
(1, 'قسم 10', 0, 1),
(2, 'عيادة 8 موجات', 0, 1),
(3, 'قسم 9', 0, 1),
(4, 'قسم 15', 0, 1),
(5, 'قسم 18', 0, 1),
(6, 'كشك الولادة', 0, 1),
(7, 'قسم 10', 0, 1),
(8, 'حوامل ', 0, 1),
(9, ' قسم 10حوامل ', 0, 1),
(10, 'ت حمل بول', 30, 0),
(11, 'ت زلال بول', 40, 0),
(12, 'مستعجل', 150, 1),
(13, 'طوارئ', 200, 1),
(14, 'قيصرى', 5600, 1),
(15, 'قيصرى 2', 5100, 1),
(16, 'رباعى', 0, 1),
(17, 'كشÙ جديد', 100, 1),
(18, 'كشÙ جديد', 100, 1),
(19, 'كشÙ تيست', 200, 1),
(20, 'قسم جديد 1', 100, 1),
(21, 'قسم جديد 2', 200, 1),
(22, 'قسم جديد 3', 300, 1),
(23, '', 0, 1),
(24, 'كشÙ مؤقت', 100, 1),
(25, 'كشÙ مؤقت', 200, 1),
(26, 'لوب نحاسي 1', 650, 0),
(27, 'لوب مالتي لود 2', 700, 0),
(28, 'لوب Ùضي 3', 750, 0),
(29, 'لوب هرمونى 4', 1250, 0),
(30, 'محلول حديد', 180, 1),
(31, 'تخطيط جنيني', 150, 0),
(32, 'م عملية/بلاستر ', 0, 0),
(33, 'منشط/ميزوتاك', 0, 0),
(34, 'ت حمل دم', 60, 0),
(35, '4D مخÙض', 400, 0),
(36, '4D', 500, 0),
(37, 'م تبويض حقن', 150, 0),
(38, 'م تبويض', 100, 0),
(39, 'م تبويض 1', 100, 1),
(40, 'سونار مهبلي 3D', 250, 0),
(41, 'سونار مهبلي', 200, 0),
(42, 'إعادة', 50, 0),
(43, 'كشÙ مخÙض', 0, 0),
(44, 'كشÙ', 150, 0),
(45, '', 0, 1),
(46, '', 0, 1),
(47, '', 0, 1),
(48, 'محلول', 0, 0),
(49, 'اعادة', 0, 0),
(50, 'كشÙ أول', 150, 0),
(51, 'كشÙ أول', 150, 1),
(52, 'محلول حديد', 0, 0);

-- --------------------------------------------------------

--
-- Table structure for table `diagnosis`
--

CREATE TABLE IF NOT EXISTS `diagnosis` (
  `id` int(11) unsigned NOT NULL AUTO_INCREMENT,
  `name` varchar(191) COLLATE utf8mb4_unicode_ci DEFAULT NULL,
  `conditions` int(11) unsigned DEFAULT NULL,
  `title` varchar(191) COLLATE utf8mb4_unicode_ci DEFAULT NULL,
  `del` tinyint(1) unsigned DEFAULT NULL,
  PRIMARY KEY (`id`)
) ENGINE=InnoDB  DEFAULT CHARSET=utf8mb4 COLLATE=utf8mb4_unicode_ci ROW_FORMAT=COMPACT AUTO_INCREMENT=41 ;

--
-- Dumping data for table `diagnosis`
--

INSERT INTO `diagnosis` (`id`, `name`, `conditions`, `title`, `del`) VALUES
(1, NULL, NULL, 'N', NULL),
(2, NULL, NULL, 'PCO', NULL),
(3, NULL, NULL, 'Hyper PRL', NULL),
(4, NULL, NULL, 'POI', NULL),
(5, NULL, NULL, 'AMA', NULL),
(6, NULL, NULL, 'DOR', NULL),
(7, NULL, NULL, 'PID (Hydrosalpnix)', NULL),
(8, NULL, NULL, 'PID (TOC)', NULL),
(9, NULL, NULL, 'tubal block (Rt)', NULL),
(10, NULL, NULL, 'Tubal Block (Lt)', NULL),
(11, NULL, NULL, 'suspected Endometriosis', NULL),
(12, NULL, NULL, 'Endometrioma', NULL),
(13, NULL, NULL, 'pelvic adhesions', NULL),
(14, NULL, NULL, 'ut septum', NULL),
(15, NULL, NULL, 'ut fibroid', NULL),
(16, NULL, NULL, 'ut polyp', NULL),
(17, NULL, NULL, 'ut synachiae', NULL),
(18, NULL, NULL, 'RIF', NULL),
(19, NULL, NULL, 'rec misc', NULL),
(20, NULL, NULL, 'subseptate ut', NULL),
(21, NULL, NULL, 'repeated implant failure', NULL),
(22, NULL, NULL, 'Disconnected rt f.t', NULL),
(23, NULL, NULL, 'prev failed ICSI', NULL),
(24, NULL, NULL, 'corrected arcuate', NULL),
(25, NULL, NULL, 'bilat', NULL),
(26, NULL, NULL, 'lt tubal disconnection', NULL),
(27, NULL, NULL, ' RPL', NULL),
(28, NULL, NULL, 'PCOD', NULL),
(29, NULL, NULL, ' ?? LT tubal proximal block', NULL),
(30, NULL, NULL, 'suspected endometriosis', NULL),
(31, NULL, NULL, 'classic pCOD ', NULL),
(32, NULL, NULL, 'Repeated ICSI failure', NULL),
(33, NULL, NULL, 'adenomyosis', NULL),
(34, NULL, NULL, '', NULL),
(35, NULL, NULL, 'bil tubal disconn', NULL),
(36, NULL, NULL, 'chronic PID', NULL),
(37, NULL, NULL, 'Bil classic PCO', NULL),
(38, NULL, NULL, 'corrected subseptate', NULL),
(39, NULL, NULL, 'pit micro prolactinoma', NULL),
(40, NULL, NULL, 'unexplained inf', NULL);

-- --------------------------------------------------------

--
-- Table structure for table `diagnosisant`
--

CREATE TABLE IF NOT EXISTS `diagnosisant` (
  `id` int(11) unsigned NOT NULL AUTO_INCREMENT,
  `name` varchar(191) COLLATE utf8mb4_unicode_ci DEFAULT NULL,
  `conditions` int(11) unsigned DEFAULT NULL,
  PRIMARY KEY (`id`)
) ENGINE=InnoDB DEFAULT CHARSET=utf8mb4 COLLATE=utf8mb4_unicode_ci ROW_FORMAT=COMPACT AUTO_INCREMENT=1 ;

-- --------------------------------------------------------

--
-- Table structure for table `drugs`
--

CREATE TABLE IF NOT EXISTS `drugs` (
  `id` int(11) NOT NULL AUTO_INCREMENT,
  `drugcat` varchar(255) COLLATE utf8mb4_unicode_ci DEFAULT NULL,
  `drugname` varchar(230) COLLATE utf8mb4_unicode_ci NOT NULL,
  `drugtype` varchar(100) COLLATE utf8mb4_unicode_ci NOT NULL,
  `drugdos` varchar(255) COLLATE utf8mb4_unicode_ci DEFAULT NULL,
  `initialbalance` int(11) DEFAULT '0',
  `currentbalance` int(11) DEFAULT '0',
  PRIMARY KEY (`id`)
) ENGINE=InnoDB  DEFAULT CHARSET=utf8mb4 COLLATE=utf8mb4_unicode_ci ROW_FORMAT=COMPACT AUTO_INCREMENT=2006 ;

--
-- Dumping data for table `drugs`
--

INSERT INTO `drugs` (`id`, `drugcat`, `drugname`, `drugtype`, `drugdos`, `initialbalance`, `currentbalance`) VALUES
(3, 'Paracetamol', 'Abimol', 'Tab', 'قرص بعد الأكل عند اللزوم', 0, 0),
(4, 'Paracetamol', 'Abimol', 'Syrup', 'ملعقة كبيرة بعد الأكل 3 مرات يومياً', 0, 0),
(5, 'Ovulation induction', 'Acetylcistein', 'Sachets', 'كيس علي 1/2 كوب ماء  صباحاً ومساء من ثالث يوم للدورة لمدة  5 أيام', 0, 0),
(6, 'Antacid', 'Acicone-S', 'Susp', 'ملعقة  كبيرة 3 مرات يومياً', 0, 0),
(7, 'Acne Prep.\r\n', 'Acnil', 'Lotion', 'غسول مرة واحدة يومياً لمدة 30 يوم', 0, 0),
(8, 'Neurotonic', 'Activaye 200', 'Tab', ' قرصين بعد الاÙطار يومياً', 0, 0),
(9, 'Menopause', 'Activelle', 'Tab', 'قرص  يوميا   بانتظام', 0, 0),
(10, 'Menopause', 'Actonel  35 mg', 'Tab', 'قرص قبل الأÙطار أسبوعياً مع كوب ماء كامل ثم الانتظار لمدة  نصÙ ساعة  Ùي وضع الجلوس', 0, 0),
(11, 'Menopause', 'Actonel  5 mg', 'Tab', 'قرص قبل الأÙطار يومياً  مع كوب ماء كامل ثم الانتظار لمدة  نصÙ ساعة  Ùي وضع الجلوس', 0, 0),
(12, 'Anti-inflammatory', 'Acupan', 'Amp', 'حقنه عضل عند اللزوم', 0, 0),
(13, 'Anti-inflammatory', 'Acupan 30 mg', 'Tab', 'قرص 3 مرات يومياً', 0, 0),
(14, 'Anti-viruis\r\n', 'Acyclovir', 'Tab', 'قرص 5 مرات يومياً لمدة 10 أيام', 0, 0),
(15, 'Anti-viruis\r\n', 'Acyclovir', 'Cream', 'دهان 7 مرات يومياً لمدة 7 أيام', 0, 0),
(16, 'Antiviral\r\n', 'Acyclovir Stada  400', 'Tab', 'قرص 4 مرات يومياً  لمدة 5 أيام', 0, 0),
(17, 'Paracetamol', 'Adol', 'Tab', 'قرص  بعد  الأكل  عند   اللزوم', 0, 0),
(18, 'Paracetamol', 'Adol', 'Tab', 'قرص  بعد  الأكل  3 مرات يومياً', 0, 0),
(19, 'Anti-inflammatory', 'Adolor', 'Amp', 'حقنة عضل عند اللزوم', 0, 0),
(20, 'Anti-inflammatory', 'Adwiflam', 'Amp', 'حقنة عضل  صباحاً  ومساء', 0, 0),
(21, 'Anti-inflammatory', 'Adwiflam', 'cap', 'كبسولة بعد الأكل صباحاً  ومساء', 0, 0),
(22, 'Anti-inflammatory', 'Adwiflam', 'supp', 'لبوس شرجى صباحاً ومساءً', 0, 0),
(23, 'Nasal drops\r\n', 'Afrin', 'Nasal Drops', 'قطرة أنÙ 3 مرات يومياً', 0, 0),
(24, 'Nasal Drops\r\n', 'Afrin', 'Nasal  Drops', 'قطرة أنÙ 3 مرات يومياً', 0, 0),
(25, 'Digestant', 'After Meals', 'Tab', 'قرص  بعد  الأكل', 0, 0),
(26, 'Laxative', 'Agiolax', 'Granules', 'كيس مع كوب ماء بعد العشاء', 0, 0),
(27, 'Breast DA like', 'Agnucaston', 'Tab', 'قرص مساءا بانتظام', 0, 0),
(28, 'Menopause', 'Agreal', 'Cap', 'كبسولة يومياً لمدة 20 يوم ثم راحة لمدة 10 أيام', 0, 0),
(29, 'Vaginal gel\r\n', 'Albothyl', 'Vag  Gel', 'دهان مهبلى  قبل النوم', 0, 0),
(30, 'cervicitis', 'Albothyl', 'Vag  Ovules', 'لبوس مهبلى يوم بعد يوم', 0, 0),
(31, 'Anti-inflammatory', 'Alcofan', 'Cap', 'كبسولة بعد الاÙطار والعشاء', 0, 0),
(32, 'Antiseptic', 'Alcohol', '', 'للغيار  علي  السرة  3 مرات يومياً', 0, 0),
(33, 'Ovulation induction', 'Aldactone 100', 'Tab', 'قرص واحد  قبل  الاÙطار يومياً', 0, 0),
(34, 'Anti-hypertensive\r\n', 'Aldomet   250', 'Tab', 'قرص واحد 3 مرات يومياً', 0, 0),
(35, 'Anti-hypertensive\r\n', 'Aldomet   250', 'Tab', 'قرص صباحاً  و مساء', 0, 0),
(36, 'Anti-hypertensive\r\n', 'Aldomet  500', 'Tab', 'قرص واحد 3 مرات يومياً', 0, 0),
(37, 'Menopause', 'Alendene    5 mg', 'Tab', 'قرص قبل الأÙطار يومياً  مع كوب ماء كامل ثم الانتظار لمدة  نصÙ ساعة  Ùي وضع الجلوس', 0, 0),
(38, 'Menopause', 'Alendene   10 mg', 'Tab', 'قرص قبل الأÙطار يومياً  مع كوب ماء كامل ثم الانتظار لمدة  نصÙ ساعة  Ùي وضع الجلوس', 0, 0),
(39, 'Menopause', 'Alendene  70', 'Tab', 'قرص قبل الأÙطار كل 7 ايام  مع كوب ماء كامل ثم الانتظار لمدة  نصÙ ساعة  Ùي وضع الجلوس', 0, 0),
(40, 'Menopause', 'Alendomax  10', 'Tab', 'قرص قبل الأÙطار يومياً  مع كوب ماء كامل ثم الانتظار لمدة  نصÙ ساعة  Ùي وضع الجلوس', 0, 0),
(41, 'Menopause', 'Alendomax  40', 'Tab', 'قرص قبل الأÙطار كل 4 ايام  مع كوب ماء كامل ثم الانتظار لمدة  نصÙ ساعة  Ùي وضع الجلوس', 0, 0),
(42, 'Menopause', 'Alendomax  40', 'Tab', 'قرص قبل الأÙطار  كل رابع يوم مع كوب ماء كامل ثم الانتظار لمدة  نصÙ ساعة  Ùي وضع الجلوس', 0, 0),
(43, 'Aspirin\r\n', 'Alexoprim  forte', 'Tab', 'قرص مرة واحدة يومياً', 0, 0),
(44, 'Calcuim', 'Alfa-Cal', 'Cap', 'كبسولة بعد العشاء يومياً', 0, 0),
(45, 'Oral Antifugal', 'Alirosa', 'Cap', 'كبسولة قبل الغذاء تكرر بعد أسبوع', 0, 0),
(46, 'Oral Antifugal', 'Alknazole', 'Cap', 'كبسولة قبل الغذاء وتكرر بعد أسبوع', 0, 0),
(47, 'Topical Drugs', 'Allergex', 'Cream', 'دهان موضعى 3 مرات يومياً', 0, 0),
(48, 'Anti-allergic skin Prep.\r\n', 'Allergex', 'Cream', 'دهان 3 مرات يومياً', 0, 0),
(49, 'Anti-histaminics', 'Allergyl', 'Tab', 'قرص واحد ثلاثة مرات يومياً', 0, 0),
(50, 'Anti-histaminics', 'Allergyl', 'Syrup', 'ملعقة ثلاثة مرات يومياً', 0, 0),
(51, 'Anti-inflammatory', 'Alpha-chemotrypsin', 'Amp', 'حقنة عضل  يوم بعد يوم', 0, 0),
(52, 'Anti-inflammatory', 'Alphafen   600', 'Tab', 'نصÙ قرص بعد الاÙطار والعشاء يومياً', 0, 0),
(53, 'Anti-inflammatory', 'Newbezim', 'Tab', ' قرصين 3 مرات يومياً قبل الأكل بساعه', 0, 0),
(55, 'Anti-inflammatory', 'Megalase', 'Tab', 'قرص 3 مرات يومياً', 0, 0),
(56, 'Gastroint. Tract', 'Amebazole', 'Tab', '  قرص قبل الغذاء ثم  قرص بعد الغذاءجرعه واحده  للزوجين', 0, 0),
(57, 'vaginal antitrichomonal', 'Amrizole N', 'Vag  Supp', 'لبوس مهبلى قبل النوم لمدة 5 أيام', 0, 0),
(58, 'Gastroint. Tract', 'Amerizole.   500 mg', 'Tab', 'قرص 3 مرات يومياً  لمدة 10 أيام', 0, 0),
(61, 'Migrain\r\n', 'Amigraine', 'Tab', 'قرص واحد 3 مرات يومياً', 0, 0),
(62, 'Antibiotics Aminoglycoside', 'Amikin 500 mg', 'Vial', 'حقنة كل 12 ساعة لمدة 5 أيام', 0, 0),
(63, 'Haemorrhage', 'Amir-K', 'Amp', 'حقنة مرتين يومياً لمدة 3 أيام', 0, 0),
(64, 'Ovulation induction', 'Amophage     500 mg', 'Tab', 'قرص قبل الغداء و العشاء', 0, 0),
(65, 'Ovulation induction', 'Amophage     850 mg', 'Tab', 'قرص قبل الغداء و العشاء', 0, 0),
(66, 'Vitamins', 'Amovit C  1 gm', 'Eff.Tab', 'قرص علي 1/2 كوب ماء', 0, 0),
(76, 'Digestant', 'Amrase', 'Tab', 'قرص 3 مرات يومياً  بعد الأكل', 0, 0),
(77, 'Bronchodilators', 'Amriphylline 300 mg', 'Supp', 'لبوس شرجي مرتين يوميا', 0, 0),
(78, 'Anti-depressant', 'Anafranil  75mg  CR ', 'Tab', 'قرص واحد يومياً', 0, 0),
(79, 'Anti-inflammatory', 'Analgin 500 mg', 'Tab', 'قرص واحد 3 مرات  يومياً', 0, 0),
(81, 'Antacid', 'Antacid Jedco    Chewable ', 'Tab', 'قرص للمضغ مرتين يوميا', 0, 0),
(82, 'Topical Drugs', 'Antenatal  massage', 'Cream', 'دهان موضعى 3 مرات يومياً', 0, 0),
(83, 'Anti-inflammatory', 'Antiflam  50', 'Tab', 'قرص بعد الأكل 3 مرات يومياً', 0, 0),
(84, 'Gastroint. Tract', 'Antinal', 'Cap', 'كبسولتين مرتين يومياً', 0, 0),
(85, 'Anti-helmentics', 'Antiver', 'Tab', 'قرص مرتين لمدة 3 أيام', 0, 0),
(87, 'Antacid', 'antopral 40 mg', 'Tab', 'قرص  يومياً', 0, 0),
(88, 'Anti-Oxidants\r\n', 'Antox', 'Cap', 'كبسولة  بعد الاÙطار  يومياً', 0, 0),
(89, 'haemorhoids', 'Anusol', 'Oint', 'مرهم موضعي  يومياً', 0, 0),
(90, 'haemorhoids', 'Anusol', 'Supp', 'لبوس شرجي صباحاً ومساء', 0, 0),
(91, 'haemorhoids', 'Anusol - HC', 'Oint', 'مرهم موضعي صباحاً ومساء', 0, 0),
(92, 'Anorectal', 'Anusol - HC', 'Supp', 'لبوس شرجى صباحاً ومساء', 0, 0),
(93, 'Anorectal', 'Anusol HC', 'Supp', 'لبوس شرجى قبل النوم', 0, 0),
(94, 'Vitamins', 'Apifortyl', 'Cap', 'كبسولة  3 مرات يومياً', 0, 0),
(95, 'Local\r\n', 'Aqua V', 'Gel', 'دهان موضعي عند اللزوم', 0, 0),
(96, 'Neurotonic', 'Arcalion 200', 'Tab', ' قرصين بعد الاÙطار يومياً', 0, 0),
(97, 'Neurotonic', 'Arcalion Forte', 'Tab', ' قرص بعد الاÙطار يومياً', 0, 0),
(98, 'Bronchial asthma\r\n', 'Asmacid', 'Tab', 'قرص واحد 3 مرات يومياً', 0, 0),
(99, 'Aspirin\r\n', 'Aspegic', 'Vial', 'حقنة واحدة يومياً', 0, 0),
(100, 'Anti-inflammatory', 'Aspegic', 'Vial', 'حقنة عضل صباحاً ومساءً', 0, 0),
(101, 'Aspirin\r\n', 'Aspocard  150 mg', 'Tab', 'قرص بعد العشاء يومياً', 0, 0),
(102, 'Aspirin\r\n', 'Aspocid   75 mg', 'Tab', 'قرص بعد العشاء يومياً', 0, 0),
(103, 'Antacid', 'Asylon    Chewable', 'Tab', 'قرص للمضغ مرتين يوميا', 0, 0),
(104, 'Sedatives&Tranqulizers\r\n', 'Ativan   1gm', 'Tab', 'قرص واحد يومياً', 0, 0),
(105, 'surgery', 'Atropine', 'Amp', '.', 0, 0),
(107, 'Antibiotics Penicillin', 'Augmentin 625', 'Tab', 'قرص كل 8 ساعات', 0, 0),
(108, 'Local\r\n', 'Avetrex', 'Gel', 'دهان موضعي عند اللزوم', 0, 0),
(109, 'Anti- histaminic  Amp\r\n', 'Avil', 'Amp', 'حقنة عضل', 0, 0),
(110, 'Anti-histaminics', 'Avil', 'Syrup', 'ملعقة مرتين يومياً', 0, 0),
(111, 'Cough\r\n', 'Avipect', 'Syrup', 'ملعقة 3 مرات يومياً', 0, 0),
(116, 'Antibiotics Cephalosporin', 'Bacticlor    500', 'Cap', 'كبسولة كل 12 ساعة لمدة أسبوع', 0, 0),
(119, 'Cough\r\n', 'Balsam', 'Syrup', 'ملعقة 3 مرات يومياً', 0, 0),
(120, 'Topical Drugs', 'Batrafen', 'Cream', 'دهان موضعى 3 مرات يومياً', 0, 0),
(121, 'Topical antifungals', 'Batrafen', 'Lotion', '3 مرات يومياً', 0, 0),
(122, 'Topical antifungals', 'Batrafen', 'Cream', 'دهان 3  مرات يومياً', 0, 0),
(123, 'Topical prep.', 'Baycuten - N', 'Cream', 'دهان 3 مرات يومياً', 0, 0),
(124, 'Vitamins', 'Beco  forte', 'Tab', 'قرص 3 مرات يومياً', 0, 0),
(125, 'Nasal drops\r\n', 'Beconase', 'Spray', 'مرتين يومياً', 0, 0),
(126, 'Anti-Oxidants\r\n', 'Bee   Pure', 'Tab', 'قرص   بعد الاÙطار  يومياً', 0, 0),
(127, 'Vitamins', 'Bee   tonic', 'Cap', 'كبسولة  بعد الاÙطار يومياً', 0, 0),
(128, 'Anti-Oxidants\r\n', 'Bee.   active', 'Cap', 'كبسولة بعد الاÙطار يومياً', 0, 0),
(130, 'Anti-Oxidants\r\n', 'Berose', 'Cap', 'كبسولة بعد الاÙطار يومياً', 0, 0),
(131, 'Bronchodilators', 'Berotec', 'Tab', 'قرص واحد ثلاثة مرات يومياً', 0, 0),
(132, 'Bronchodilators', 'Berotec', 'Syrup', 'قرص واحد ثلاثة مرات يومياً', 0, 0),
(133, 'Cough\r\n', 'Bestra  Tec', 'Syrup', 'ملعقة 3 مرات يومياً', 0, 0),
(134, 'Topical Prep. For burns', 'Betadine', 'Oint', 'دهان موضعى 3 مرات يومياً', 0, 0),
(135, 'Vaginal Antiseptic', 'Betadine', 'vulval wash', 'مكيال على لتر ماء داÙئ شطÙ صباحاً ومساءً', 0, 0),
(136, 'Mouth wash\r\n', 'Betadine', 'Gargle', 'ثلاث مرات يومياً', 0, 0),
(137, 'Antiseptic', 'Betadine', 'Solution', 'ملعقة مرتين يومياً', 0, 0),
(138, 'Vaginal antiseptic', 'Betadine', 'Vag Ovules', ' لبوس مهبلى صباحاً ومساءً لمده 7 يوم', 0, 0),
(139, 'Topical Drugs', 'Betadrem', 'Oint', 'دهان موضعى 3 مرات يومياً', 0, 0),
(140, 'Vaginal Antiseptics', 'Klenva', 'Antiseptic', 'مكيال على 1/2 لتر ماء داÙئ شطÙ مهبلى صباحاً ومساءً', 0, 0),
(141, 'Vitamins', 'Betavit forte', 'Cap', 'كبسولة ثلاثة مرات يومياً', 0, 0),
(142, 'Topical cortisone Prep.', 'Betnovate', 'Oint', '3 مرات يومياً', 0, 0),
(143, 'Topical cortisone Prep.', 'Betnovate', 'Cream', 'دهان مرتين يومياً', 0, 0),
(144, 'Topical prep.', 'Betnovate C', 'Cream', 'دهان موضعى 3 مرات يومياً', 0, 0),
(145, 'Topical prep.', 'Betnovate N', 'Cream', 'دهان موضعى 3 مرات يومياً', 0, 0),
(146, 'Vitamins Amp', 'Betolvex', 'Amp', 'حقنة عضل أسبوعياً', 0, 0),
(147, 'Anti-inflammatory', 'Biarison 100', 'Cap', 'كبسولة مرتين يومياً', 0, 0),
(148, 'Vaginal Antiseptic', 'Bidalkine', 'Powder', 'ملعقة كبيرة على لتر ماء داÙىء شطÙ مهبلى صباحاً ومساءً', 0, 0),
(149, 'Anti-helmentics', 'Biltricide', 'Tab', '4 أقراص مرة واحدة', 0, 0),
(150, 'Vaginal Antiseptic', 'Biolavage', 'Douhe', 'ملعقة كبيرة على لتر ماء داÙىء شطÙ مهبلى صباحاً ومساءً', 0, 0),
(151, 'Laxative', 'Biolax', 'Drops', 'عدد 10 نقط علي نصÙ كوب 3 مرات يومياً', 0, 0),
(152, 'Vitamins', 'Biomag', 'Tab', 'قرص  صباحاً  و مساء  يومياً', 0, 0),
(153, 'Anti-Oxidants\r\n', 'Biostar', 'Cap', 'كبسولة بعد الاÙطار', 0, 0),
(154, 'Vitamins Amp', 'Biovit 12  Depot', 'Amp', 'حقنة عضل أسبوعياً', 0, 0),
(155, 'Vitamins', 'Bio-Vit all', 'Cap', 'كبسولة مرة واحدة يومياً', 0, 0),
(156, 'Anti-Oxidants\r\n', 'Bio-Vit-All', 'Cap', 'كبسولة بعد الاÙطار يومياً', 0, 0),
(157, 'Mucolytics\r\n', 'Bisolvon', 'Tab', 'قرص 3 مرات يومياً', 0, 0),
(158, 'Mucolytics\r\n', 'Bisolvon', 'Amp', 'حقنة  مرتين  يومياً', 0, 0),
(159, 'Mucolytics\r\n', 'Bisolvon', 'Syp', 'ملعقة كبيرة 3 مرات يومياً', 0, 0),
(160, 'Antiseptic', 'Bivacyn', 'Spray', 'بخاخة للجرح 3 مرات يومياً', 0, 0),
(161, 'Antistrech\r\n', 'Blendex', 'Cream', '  دهان موضعي صباحاً ومساء', 0, 0),
(162, 'Whitening cream\r\n', 'Block and White', 'Oint', 'مرهم موضعى مرتين يومياً', 0, 0),
(163, 'Antistrech marks\r\n', 'Bloom    500 gm', 'Cream', 'دهان موضعي مرتين يوميا', 0, 0),
(164, 'Vaginal Antiseptics', 'Bocal', 'Powder', 'ملعقة كبيرة على لتر ماء داÙئ شطÙ مهبلى صباحاً ومساءً', 0, 0),
(165, 'Menopause', 'Bonapex    5 mg', 'Tab', 'قرص قبل الأÙطار يومياً  مع كوب ماء كامل ثم الانتظار لمدة  نصÙ ساعة  Ùي وضع الجلوس', 0, 0),
(166, 'Menopause', 'Bonapex   10 mg', 'Tab', 'قرص قبل الأÙطار يومياً  مع كوب ماء كامل ثم الانتظار لمدة  نصÙ ساعة  Ùي وضع الجلوس', 0, 0),
(167, 'Menopause', 'Bonapex   10 mg', 'Tab', 'قرص قبل الأÙطار يومياً  مع كوب ماء كامل ثم الانتظار لمدة  نصÙ ساعة  Ùي وضع الجلوس', 0, 0),
(168, 'Menopause', 'Bonapex   5 mg', 'Tab', 'قرص قبل الأÙطار يومياً  مع كوب ماء كامل ثم الانتظار لمدة  نصÙ ساعة  Ùي وضع الجلوس', 0, 0),
(169, 'Calcuim', 'innocal', 'Sachet', 'كيس على نصÙ كوب ماء  يومياً', 0, 0),
(170, 'Menopause', 'Bon-One  1  ugm', 'Tab', 'قرص قبل الأÙطار يومياً', 0, 0),
(171, 'Menopause', 'Bon-One   0.5  ugm', 'Tab', 'قرص قبل الأÙطار يومياً', 0, 0),
(172, 'Lozengs\r\n', 'Bradoral', 'Tab', 'قرص للاستحلاب  4 مرات يومياً', 0, 0),
(173, 'Bronchodilators', 'Bricanyl', 'Tab', 'قرص واحد ثلاثة مرات يومياً', 0, 0),
(174, 'Bronchodilators', 'Bricanyl', 'Syrup', 'ملعقة ثلاثة مرات يومياً', 0, 0),
(175, 'Anti-hypertensive\r\n', 'Brinerdin', 'Tab', 'قرص  واحد  يومياً', 0, 0),
(176, 'Anti-inflammatory', 'Bristaflam', 'Tab', 'قرص بعد الاÙطار والعشاء', 0, 0),
(177, 'Breast DA 2', 'Bromocriptin', 'Tab', 'نصÙ قرص قبل النوم لمدة 4 أيام               ثم قرص قبل النوم لمدة 4 أيام ثم نصÙ قرص صباحاً وقرص مساء بانتظام', 0, 0),
(178, 'Resp. Tract\r\n', 'Bronch', 'Syrup', 'ملعقة كبيرة 3 مرات يومياً', 0, 0),
(179, 'Resp. Tract\r\n', 'Bronchicum', 'Syrup', 'ملعقة كبيرة 3 مرات يومياً', 0, 0),
(180, 'Cough', 'Neo Bronchophane', 'Syrup', 'ملعقة كبيرة 3 مرات يومياً', 0, 0),
(181, 'Resp. Tract\r\n', 'Bronchophane', 'Syrup', 'ملعقة كبيرة 3 مرات يومياً', 0, 0),
(182, 'Resp. Tract\r\n', 'Bronchopront', 'Syrup', 'ملعقة كبيرة 3 مرات يومياً', 0, 0),
(183, 'Anti-tussive\r\n', 'Bronchopront', 'Syrup', 'ملعقة 3 مرات يومياً', 0, 0),
(184, 'Cough\r\n', 'Bronchovaxom', 'Cap', 'كبسولة مرة واحدة يومياً', 0, 0),
(185, 'Resp. Tract\r\n', 'Bro-Zedex', 'Syrup', 'ملعقة كبيرة 3 مرات يومياً', 0, 0),
(186, 'Anti-inflammatory', 'Brufen    400', 'Tab', 'قرص بعد الاÙطار والعشاء يومياً لمدة يومين', 0, 0),
(187, 'Anti-inflammatory', 'Brufen 200', 'Tab', 'قرص بعد الاÙطار والعشاء يومياً', 0, 0),
(188, 'Topical Antirhumatic', 'Brufen  40', 'Cream', 'دهان  3 مرات  يومياً', 0, 0),
(189, 'Loop diuretics\r\n', 'Burinex', 'Tab', 'قرص واحد يومياً', 0, 0),
(190, 'Anti-spasmodic', 'Buscopan', 'Tab', 'قرص 3 مرات   يومياً', 0, 0),
(192, 'Sun  Burn', 'Calamyl', 'Lotion', 'دهان 3 مرات يومياً', 0, 0),
(193, 'Calcuim', 'Calci - Max 600', 'Tab', 'قرص بعد العشاء يومياً', 0, 0),
(194, 'Calcuim', 'Calcichew 500', 'Tab', 'قرص للمضغ مرتين يومياً', 0, 0),
(195, 'Calcuim', 'Calciforte', 'Sachets', 'كيس على كوب ماء مرتين يومياً', 0, 0),
(196, 'Magnesium', 'Calcimagd', 'Tab', 'قرص مرتين يومياً', 0, 0),
(197, 'Calcuim', 'Calcimag   500', 'Cap', 'كبسولة بعد الاÙطار والعشاء', 0, 0),
(198, 'Calcuim', 'Calcin', 'Tab', 'قرص بعد العشاء يومياً', 0, 0),
(199, 'Calcuim', 'Bone cal', 'Tab', 'قرص بعد العشاء يومياً', 0, 0),
(200, 'Menopause', 'Calcitonin Stada    100', 'Amp', 'حقنة تحت الجلد  كل  3 أيام', 0, 0),
(201, 'Calcuim', 'Calcitron', 'Cap', 'كبسولة بعد العشاء يومياً', 0, 0),
(202, 'Calcuim', 'Calcium Sandoz D3', 'Tab', 'قرص للاستحلاب مرتين يومياً', 0, 0),
(203, 'Calcuim', 'Calcuim D 3 F', 'Tab', 'قرص بعد العشاء يومياً', 0, 0),
(204, 'Calcuim', 'Calcuim Farco', 'Tab', 'قرص مرتين يومياً', 0, 0),
(205, 'Calcuim', 'Calcyon', 'Tab', 'قرص صباحاً  و مساء  يومياً', 0, 0),
(206, 'Heparine', 'Cal-Heparine  5000  I.U. ', 'Amp', 'حقنة تحت الجلد مرتين يومياً', 0, 0),
(207, 'Topical prep.', 'Calm  Skin', 'Cream', 'دهان 3 مرات يومياً', 0, 0),
(208, 'Vitamins', 'Caldin c', 'Tab', 'قرص بعد العشاء يومياً', 0, 0),
(209, 'Sedatives&Tranqulizers\r\n', 'Calmepam  1.5 mg', 'Tab', 'قرص واحد  بعد العشاء  يومياً', 0, 0),
(210, 'Calcuim', 'Cal Mag', 'Tab', 'قرص بعد العشاء يومياً', 0, 0),
(211, 'Calcuim', 'Cal-preg', 'Tab', 'قرص بعد العشاء يومياً', 0, 0),
(212, 'Calcuim', 'Caluim eff', 'Sachet', 'كيس على نصÙ كوب ماء مرتين يومياً', 0, 0),
(213, 'Calcuim', 'Cal-vit', 'Tab', 'قرص بعد العشاء', 0, 0),
(214, 'Topical Drugs', 'Camisan', 'Oint', 'دهان موضعى 3 مرات يومياً', 0, 0),
(216, 'Vaginal ovules', 'Candistan', 'Vag   Tab', 'قرص مهبلى واحد مرتين يومياً لمدة 3 أيام', 0, 0),
(217, 'Topical antifungals', 'Canesten', 'Lotion', '3  مرات يومياً', 0, 0),
(218, 'Vaginal ovules', 'Canesten', 'Vag   Tab', 'قرص واحد مرتين يومياً لمدة 3 أيام', 0, 0),
(219, 'Topical antifungals', 'Canesten', 'Cream', 'دهان 3  مرات يومياً', 0, 0),
(220, 'Vaginal ovules', 'Canesten   1', 'Vag   Tab', 'قرص مهبلي قبل النوم', 0, 0),
(221, 'Digestant', 'Carm Gest', 'Cap', 'كبسولة بعد الأكل', 0, 0),
(222, 'Gastroint. Tract', 'Carminex', 'Sachets', 'كيس على كوب ماء بعد الأكل 3 مرات يومياً', 0, 0),
(223, 'Vitamins', 'Carnivita Forte', 'Tab', 'قرص بعد الغداء  يومياً', 0, 0),
(224, 'Anti-inflammatory', 'Catafast', 'Sachets', 'كيس علي كوب ماء 3 مرات يومياً', 0, 0),
(225, 'Anti-inflammatory', 'Cataflam', 'Amp', 'حقنة عضل صباحاً ومساءً', 0, 0),
(226, 'Anti-inflammatory', 'Cataflam', 'Amp', 'حقنة عضل صباحاً ومساءً', 0, 0),
(227, 'Anti-inflammatory', 'Cataflam  50', 'Tab', 'قرص بعد الأكل 3 مرات يومياً', 0, 0),
(228, 'Digestant', 'Catazyn  fort', 'Tab', 'قرص 3 مرات يومياً', 0, 0),
(229, 'surgery', 'Catheter and urine bag', '', '.', 0, 0),
(232, 'Antibiotics Cephalosporin', 'Cefobid 0.5 / 1 / 2gm', 'Vial', 'حقنة عضل كل 12 ساعة', 0, 0),
(233, 'Antibiotics Cephalosporin', 'Rameceftrax 1 gm', 'Amp', 'حقنة عضل يوميا', 0, 0),
(234, 'Antibiotics Cephalosporin', 'Cefause 1gm', 'Vial', 'حقنة  عضل  كل 12 ساعة', 0, 0),
(235, 'Antibiotics Cephalosporin', 'Cefotax 0.5 / 1gm', 'Vial', 'حقنة عضل كل 12 ساعة', 0, 0),
(236, 'Antibiotics Cephalosporin', 'Cefrone 0.5 / 1 / 2gm', 'Vial', 'حقنة  عضل  كل 12 ساعة', 0, 0),
(238, 'Vascular Drugs', 'Celebrex 200', 'Cap', 'كبسولة بعد الاÙطار يومياً', 0, 0),
(239, 'Striae gravidarum\r\n', 'Cellex', 'Cream', 'دهان موضعى  مرتين يوميا', 0, 0),
(240, 'Striae gravidarum\r\n', 'Cellex', 'Cream', 'دهان موضعى  مرتين يوميا', 0, 0),
(241, 'Vitamins', 'Centrum', 'Tab', 'قرص بعد الغداء يومياً', 0, 0),
(242, 'Vitamins', 'Century  2000', 'Tab', 'قرص بعد العشاء يومياً', 0, 0),
(245, 'Antibiotics Cephalosporin', 'Ceporex 500 / 1000', 'Amp', 'حقنة عضل كل 12 ساعة', 0, 0),
(246, 'Antibiotics Cephalosporin', 'Ceporex 500 / 1000', 'Cap', 'كبسولة كل 8 ساعة', 0, 0),
(247, 'Suture\r\n', 'Cervical  set', 'Tape', 'خيط لربط عنق الرحم', 0, 0),
(248, 'Paracetamol', 'Cetal', 'Tab', 'قرص بعد الأكل 3 مرات يومياً', 0, 0),
(249, 'Paracetamol', 'Cetal', 'Supp', 'لبوس شرجى صباحاً ومساءً يومياً', 0, 0),
(250, 'Paracetamol', 'Cetal', 'Syrup', 'ملعقة كبيرة بعد الأكل 3 مرات يومياً', 0, 0),
(251, 'Anti-inflammatory', 'Cevagin', 'Amp', 'حقنة واحدة  يومياً', 0, 0),
(252, 'Influenza\r\n', 'Cevagine', 'Amp', 'حقنة واحدة يومياً', 0, 0),
(253, 'Vitamins', 'Cevarol', 'Tab', 'قرص مرة واحدة يومياً', 0, 0),
(254, 'Vitamins Amp', 'Cevarol', 'Amp', 'حقنة  واحدة  يومياً', 0, 0),
(255, 'Sulfa\r\n', 'Chemotrim', 'Tab', 'قرصين مرة واحدة يومياً', 0, 0),
(256, 'Sulfa\r\n', 'Chemotrim', 'Susp', 'ملعقتين مرتين يومياً', 0, 0),
(257, ' Hypercholeserolaemic\r\n', 'Cholestran', 'Sachet', 'كيس علي كوب ماء 3 مرات يومياً', 0, 0),
(258, 'Ovulation induction', 'Choriomon   5000 I.U', 'vial', ' حقنتين عضل اليوم Ùقط', 0, 0),
(259, 'Antiseptic', 'Cidetol', 'Lotion', 'ملعقة 3 مرات يومياً', 0, 0),
(262, 'Menopause', 'Cidodian Depot', 'Amp', 'حقنة عضل شهرياً', 0, 0),
(267, 'Hormone', 'Cidolut Depot 250 mg     ', 'Amp', 'حقنة عضل اسبوعيا', 0, 0),
(268, 'Vitamins Amp', 'Cidolvex', 'Amp', 'حقنة عضل شهرياً', 0, 0),
(269, 'Vitamins Amp', 'Cidolvex', 'Amp', 'حقنة عضل أسبوعياً', 0, 0),
(271, 'Antiseptic', 'Cidomycine', 'Oint', 'مرة واحدة يومياً', 0, 0),
(272, 'Ovulation induction', 'Amaryl     2 mg', 'Tab', 'قرص قبل الغداء و العشاء', 0, 0),
(273, 'Ovulation induction', 'Cidophage     850 mg', 'Tab', 'قرص قبل الغداء و العشاء', 0, 0),
(274, 'contraception cOC', 'yasmin', 'Tab', 'قرص يومياً لمدة 21 يوم  ثم  راحة لمدة أسبوع  ثم  يكرر', 0, 0),
(275, 'Antibiotics Quinolones', 'Cipro 500', 'Tab', 'قرص كل 12 ساعة', 0, 0),
(276, 'Antibiotics quinolones', 'Ciprobay 500 / 750', 'Tab', 'قرص كل 12 ساعة', 0, 0),
(280, 'ICSI', 'Citrotide  0.25  mg', 'Amp', ' حقنة تحت الجلد يوميا من اليوم السابع للدورة', 0, 0),
(282, 'Vaginal Antiseptics', 'Cleanza', 'Liquid', '2 ملعقة كبيرة على لتر ماء داÙئ شطÙ مهبلى صباحاً ومساءً', 0, 0),
(283, 'Heparine', 'Clexane 20 mg', 'Syringe', 'حقنة تحت الجلد يومياً', 0, 0),
(284, 'Heparine', 'Clexane 40 mg', 'Syringe', 'حقنة تحت الجلد يومياً', 0, 0),
(285, 'Heparine', 'Clexane 80 mg', 'Syringe', 'حقنة تحت الجلد يومياً', 0, 0),
(287, 'Antibiotics Macrolide', 'Clindam 300', 'Cap', 'كبسولة 3 مرات يوميا', 0, 0),
(288, 'Mouth wash\r\n', 'Clinitol', 'Mouth Wash', 'مضمضة ثلاث مرات يومياً', 0, 0),
(289, 'Vaginal Antiseptics', 'Clinso', 'Female Cleanser', 'مكيال على لتر ماء داÙئ شطÙ مهبلى صباحاً ومساءً', 0, 0),
(290, 'Ovulation induction', 'Clomid  50 mg', 'Tab', 'قرص صباحاً ومساءً من ثانى يوم للدورة ولمدة 7 أيام', 0, 0),
(291, 'iron', 'feritin', 'Tab', 'قرص يوميا', 0, 0),
(292, 'Ovulation induction', 'Clomiphene', 'Tab', 'قرص صباحاً ومساءً من ثالث يوم للدورة ولمدة 5 أيام', 0, 0),
(293, 'Ovulation induction', 'Clomiphene citrate', 'Tab', 'قرص صباحاً ومساءً من ثالث يوم للدورة ولمدة 5 أيام', 0, 0),
(295, 'Vitamins', 'Cobal F', 'Tab', 'قرص  صباحاً  و مساء', 0, 0),
(296, 'PTS', 'Cod Primrose', 'Cap', 'كبسولة  يومياً  قبل الدورة بأسبوعين', 0, 0),
(297, 'Anti-tussive\r\n', 'Codipront', 'Tab', 'قرص 3 مرات يومياً', 0, 0),
(298, 'Anti-tussive\r\n', 'Codipront', 'Syrup', 'ملعقة 3 مرات يومياً', 0, 0),
(299, 'Ovulation induction', 'Co-enzyme Q 10', 'Cap', 'كبسولة ثلاث مرات يومياً', 0, 0),
(300, 'Urinary  Antiseptic\r\n', 'Coliurinal', 'eff. granules', 'ملعقة كبيرة علي كوب ماء 3 مرات يومياً', 0, 0),
(301, 'Digestant', 'Colo-gest', 'Tab', 'قرص قبل الأكل  يومياً', 0, 0),
(302, 'Digestant', 'Colona', 'Cap', 'كبسولة قبل الأكل 3 مرات يومياً', 0, 0),
(303, 'Anti-spasmodics\r\n', 'Colospasmin', 'Tab', 'قرص 3 مرات يومياً', 0, 0),
(304, 'Hormone Progesterone', 'Colprone 5 mg', 'Tab', 'قرص 3 مرات يومياً', 0, 0),
(305, 'Antibiotics Quinolones', 'Conaz', 'Tab', 'قرص كل 12 ساعة لمدة  5 أيام', 0, 0),
(307, 'Antifungal Oral\r\n', 'Conaz', 'Tab', 'قرص كل 12 ساعة  لمدة 5 أيام', 0, 0),
(308, 'Influenza\r\n', 'Conta-Flu', 'Tab', 'قرص واحد ثلاثة مرات يومياً', 0, 0),
(309, 'Antiscar\r\n', 'Contractubex', 'Gel', 'مرهم موضعى مرتين يومياً', 0, 0),
(311, ' Contraception Local', 'Contraseed', 'Vag Tab', 'قرص مهبلى قبل الجماع بربع ساعة', 0, 0),
(312, 'Hypotension', 'Corasore', 'Drops', 'عدد 10 نقط علي نصÙ كوب 3 مرات يومياً', 0, 0),
(313, 'Anti-emetic', 'Cortigen B6 adult   ', 'Amp', 'حقنة عضل كل 12 ساعة', 0, 0),
(314, 'Vitamins', 'Cosmofer', 'Amp', '3 امبول Ùي 500 سم3 محلول ملح بالنقطة البطيئة علي مدار 3 ساعات                وتحت أشراÙ طبي', 0, 0),
(315, 'Vitamins', 'Cosmofer', 'Amp', 'حقنه عضل  كل  3 أيام', 0, 0),
(316, 'Vitamins Amp', 'Cosmofer', 'Amp', 'حقنة عضل كل ثالث يوم', 0, 0),
(317, 'Digestant', 'Cotazyme   Forte', 'Tab', 'قرص وسط الأكل 3 مرات يومياً', 0, 0),
(318, 'CNS\r\n', 'Covinton', 'Tab', 'قرص واحد 3 مرات يومياً', 0, 0),
(319, 'Calcuim', 'C-Plus', 'Tab', 'قرص بعد العشاء يومياً', 0, 0),
(320, 'Urinary  Antiseptic\r\n', 'Cranberry', 'Cap', 'كبسولة 3 مرات يومياً', 0, 0),
(322, 'IUD\r\n', 'Cu T 380A', '', 'لولب', 0, 0),
(323, 'IUD\r\n', 'Cu T 380A', '', 'مرة واحدة عند النوم', 0, 0),
(325, 'Vitamins', 'C-vition', 'Tab', 'قرص مرة واحدة يومياً', 0, 0),
(326, 'Vascular Drugs', 'Cyclo 3', 'Cap', 'كبسولتين صباحاً ومساءً', 0, 0),
(327, 'Hormone', 'Cyclogest  400 mg', 'Supp', 'لبوس شرجي أو مهبلي قبل النوم', 0, 0),
(328, 'Haemorrhage', 'Cyclokaprone', 'amp', 'حقنة عضل صباحا و مساء', 0, 0),
(329, 'Hormones', 'Cycloprogynova', 'Tab', 'قرص يومياً بداية بالاقراص البيضاء لمدة 21 يوم ثم راحة لمدة أسبوع ويكرر', 0, 0),
(330, 'Hormones', 'Cycloprogynova hyst', 'Tab', 'قرص أبيض مرتين يوميا (2 شريط) .. ثم قرص بني مرة يوميا (شريط واحد)', 0, 0),
(331, 'Haemorrhage', 'Cyklokapran', 'Tab', 'قرص ثلاث مرات يومياً', 0, 0),
(332, 'Haemostatic\r\n', 'Cyklokapron', 'Amp', 'حقنة عضل كل 12 ساعة', 0, 0),
(333, 'Vaginal Antiseptics', 'Cyteal', 'Liquid', 'ملعقة كبيرة على لتر ماء داÙئ شطÙ مهبلى صباحاً ومساءً', 0, 0),
(334, 'Oxytocic\r\n', 'Cytotec', 'Tab', 'قرص مهبلي قبل النوم', 0, 0),
(335, 'Vascular Drugs', 'Diosmin 500', 'Tab', 'قرص صباحاً ومساء', 0, 0),
(336, 'Vascular Drugs', 'Dafrex    500', 'Tab', 'قرص صباحاً ومساء', 0, 0),
(337, 'Anti-malarial\r\n', 'Dagrinol', 'Tab', 'قرص 3 مرات يومياً', 0, 0),
(338, 'Calcuim', 'Daily-cal', 'Tab', 'قرص بعد الاÙطار والعشاء', 0, 0),
(339, 'Topical antifungals', 'Daktarin', 'Cream', 'دهان 3  مرات يومياً', 0, 0),
(340, 'Anitfungals\r\n', 'Daktarin', 'Oral  gel', 'دهان 3 مرات يومياً', 0, 0),
(341, 'Vaginal Cream\r\n', 'Dalacin V', 'Vaginal  Cream', 'دهان مهبلي يومياً لمدة 3 أيام', 0, 0),
(342, 'Antibiotics Macrolide', 'Dalacin-c 300', 'cap', 'كبسولة 3 مرات يوميا', 0, 0),
(343, 'Endometriosis', 'Danazole / Danole', 'Cap', 'كبسولة صباحاً ومساء', 0, 0),
(345, 'ICSI', 'Decapeptyl   0.1 mg', 'Amp', 'نصÙ حقنة تحت الجلد يوميا من يوم', 0, 0),
(346, 'ICSI', 'Decapeptyl   0.1 mg', 'Amp', 'حقنة تحت الجلد يوميا بانتظام من يوم', 0, 0),
(347, 'ICSI', 'Decapeptyl   0.1 mg', 'Amp', 'حقنة تحت الجلد يوميا من يوم', 0, 0),
(348, 'HormonesGnRHa', 'Decapeptyl   CR', 'Amp', 'حقنة عضل شهرياً', 0, 0),
(349, 'Topical cortisone Prep.', 'Decoderm', 'Lotion', 'مرتين يومياً', 0, 0),
(350, 'Topical prep.', 'Decorderm  comp', 'Cream', 'دهان 3 مرات يومياً', 0, 0),
(351, 'Vaginal Antiseptics', 'Delrosa', 'Liquid', 'ملعقة كبيرة على لتر ماء داÙئ شطÙ مهبلى صباحاً ومساءً', 0, 0),
(352, 'Calcuim', 'Densitin', 'Cap', 'كبسولة بعد العشاء يومياً', 0, 0),
(353, 'Vitamins Amp', 'Depofort   B12', 'Amp', 'حقنة عضل أسبوعياً', 0, 0),
(354, 'Contraception Inject', 'Depot Medroxy Progesterone Acetate', 'Vial', 'حقنة عضل كل 3 شهور', 0, 0),
(355, 'Topical prep.', 'Derma  Pure', 'Oint', 'مرهم موضعى مرتين يومياً', 0, 0),
(356, 'Topical prep.', 'Derma  Pure  SM', 'Cream', 'تدليك موضعى مرتين يومياً', 0, 0),
(357, 'Whitening cream\r\n', 'Derma  White', 'Oint', 'مرهم موضعى مرتين يومياً', 0, 0),
(358, 'Topical antifungals', 'Dermatin', 'Cream', 'دهان 3  مرات يومياً', 0, 0),
(359, 'Topical antifungals', 'Dermatin', 'Lotion', '3  مرات يومياً', 0, 0),
(360, 'Topical antifungals', 'Dermatin', 'Powder', '3 مرات يومياً', 0, 0),
(361, 'Topical cortisone Prep.', 'Dermatop', 'Oint', 'مرة واحدة يومياً', 0, 0),
(362, 'Topical cortisone Prep.', 'Dermatop', 'Cream', 'دهان مرتين يومياً', 0, 0),
(363, 'Topical Prep. For burns', 'Dermazin', 'Cream', 'دهان مرة واحدة يومياً', 0, 0),
(364, 'Vaginal Antiseptics', 'Dermobacter', 'Liquid', 'مكيال على كوب ماء داÙئ شطÙ موضعي  صباحاً ومساءً', 0, 0),
(365, 'Topical prep.', 'Dermocort', 'Cream', 'دهان 3 مرات يومياً', 0, 0),
(366, 'Topical antifungals', 'Dermofix', 'Cream', 'دهان 3  مرات يومياً', 0, 0),
(367, 'Antifungal\r\n', 'Dermofix', 'Powder', 'بدرة للأستعمال الموضعي صباحاً  و مساء', 0, 0),
(368, 'Hirsutism\r\n', 'Diane   35', 'Tab', 'قرص مرة واحدة يومياً لمدة 21 يوم ثم راحة لمدة أسبوع ويكرر', 0, 0),
(369, 'Haemorrhage', 'Dicynone', 'amp', 'حقنة عضل صباحا و مساء', 0, 0),
(370, 'Haemorrhage', 'Dicynone   500', 'Tab', 'قرص واحد 3 مرات يومياً', 0, 0),
(371, 'Oral Antifugal', 'Diflucan  150', 'Cap', 'كبسولة مرة واحدة  و تكرر كل شهر لمدة 4 شهور', 0, 0),
(372, 'Oral Antifugal', 'Diflucan  150', 'Cap', 'كبسولة  واحدة  و تكرر بعد أسبوع', 0, 0),
(373, 'Oral Antifugal', 'Diflucan  150*', 'Cap', 'كبسولة  واحدة  (علاج اليوم الأول)', 0, 0),
(374, 'Digestant', 'Digestin', 'Tab', 'قرص وسط الأكل 3 مرات يومياً', 0, 0),
(375, 'Digestant', 'Digestin', 'Syrup', 'ملعقة 3 مرات يومياً', 0, 0);
INSERT INTO `drugs` (`id`, `drugcat`, `drugname`, `drugtype`, `drugdos`, `initialbalance`, `currentbalance`) VALUES
(376, 'Digestant', 'Digeston', 'Cap', 'كبسولة قبل الأكل 3 مرات يومياً', 0, 0),
(377, 'Digestant', 'Digeston', 'Cap', 'كبسولة قبل الأكل 3 مرات يومياً', 0, 0),
(378, 'Digestant', 'Digetix', 'Cap', 'كبسولة قبل الغذاء يومياً', 0, 0),
(379, 'Vascular Drugs', 'Dilasal   500', 'Cap', 'كبسولة 3 مرات يومياً', 0, 0),
(380, 'Vascular Drugs', 'Dilasal  500', 'Cap', ' كبسولة  صباحاً  و مساء', 0, 0),
(381, 'Anti-coagulants\r\n', 'Dindevan', 'Tab', 'قرص واحد 3 مرات يومياً', 0, 0),
(382, 'Vascular Drugs', 'Diosed-C', 'Tab', 'قرصين 3 مرات يوميا ', 0, 0),
(383, 'Vascular Drugs', 'Diosimax  600', 'Tab', 'قرص صباحاً ومساء', 0, 0),
(384, 'Vascular Drugs', 'Dioven  500', 'Tab', 'قرصين صباحاً ومساء', 0, 0),
(385, 'Gastroint. Tract', 'Eucarbon', 'Tab', 'قرص وسط الأكل 3 مرات يومياً', 0, 0),
(386, 'Topical Antirhumatic', 'Dispercam', 'Gel', 'دهان 3 مرات يومياً', 0, 0),
(387, 'Anti-inflammatory', 'Dispercam  20', 'Tab', 'قرص  بعد الاكل', 0, 0),
(388, 'Anti-inflammatory', 'Dispercam  20', 'Amp', 'حقنة مرة واحدة يومياً', 0, 0),
(389, 'Vitamins', 'Divition A+E', 'Cap', 'كبسولة مرتين يومياً', 0, 0),
(390, 'Anti-emetic', 'Dizirest  B6', 'Tab', 'قرص  بعد العشاء  يومياً', 0, 0),
(391, 'Anti-emetic', 'Dizirest B6', 'Tab', 'قرص  بعد  العشاء  يومياً', 0, 0),
(392, 'Anitiepileptic\r\n', 'Dogmatil', 'Cap', 'كبسولتين مرتين يومياً لمدة 3 أيام', 0, 0),
(393, 'Anitiepileptic\r\n', 'Dogmatil', 'Tab', 'قرص واحد مرتين يومياً لمدة 3 أيام', 0, 0),
(394, 'Anti-inflammatory', 'Dolphin', 'Amp', 'حقنة عضل صباحاً ومساءً', 0, 0),
(395, 'Anti-inflammatory', 'Dolphin-K', 'Amp', 'حقنة عضل صباحاً ومساءً', 0, 0),
(396, 'Anti-inflammatory', 'Dolphin-k   75mg', 'Cap', 'كبسولة بعد الاÙطار والعشاء', 0, 0),
(397, 'Anti-inflammatory', 'Dolphin-K 75 SR', 'Cap', 'كبسولة بعد الاÙطار والعشاء يومياً', 0, 0),
(398, 'Breast DA 2', 'Dopergine', 'Tab', 'نصÙ قرص قبل النوم يوميا', 0, 0),
(399, 'Vaginal Antiseptics', 'Dormant', 'Liquid', 'مكيال على لتر ماء داÙئ شطÙ مهبلى صباحاً ومساءً', 0, 0),
(400, 'Anti-spasmodic\r\n', 'Do-spa', 'Tab', 'قرص مرة يومياً', 0, 0),
(401, 'Anti-spasmodic  Amp\r\n', 'Do-spa', 'Amp', 'حقنة عضل صباحاً ومساءً', 0, 0),
(402, 'Breast DA', 'Dostinex 0.5', 'Tab', 'نصÙ قرص بعد الÙطار و العشاء كل 3 ايام', 0, 0),
(406, 'Vascular Drugs', 'Doxium  500', 'Cap', 'كبسولة 3 مرات يومياً', 0, 0),
(411, 'Anti-emetic', 'Dramamine', 'Tab', 'قرص  قبل الاÙطار و العشاء  يومياً', 0, 0),
(412, 'Topical cortisone Prep.', 'Dremovate', 'Oint', '3 مرات يومياً', 0, 0),
(413, 'Topical cortisone Prep.', 'Dremovate', 'Cream', 'دهان 3 مرات يومياً', 0, 0),
(414, 'LPS', 'Duphaston', 'Tab', 'قرص صباحاً و مساءً', 0, 0),
(417, 'withdr', 'Duphaston', 'Tab', '--------قرص صباحاً و مساءً لمدة 10 يوم من -----------الى', 0, 0),
(418, 'Laxative', 'Duphlac', 'Syrup', 'ملعقة 3 مرات يومياً', 0, 0),
(420, 'Circulatory distirubance\r\n', 'Duvadilan', 'Tab', 'قرص واحد 3 مرات يومياً', 0, 0),
(421, 'Antibiotics Penicillin', 'E-Mox 250', 'Vial', 'حقنة عضل', 0, 0),
(422, 'Hair', 'Ecosense', 'Oil', 'زيت للشعر قبل النوم يومياً', 0, 0),
(424, 'Calcium', 'Effcal', 'Eff.Tab', 'قرص على  كوب ماء', 0, 0),
(425, 'Calcuim', 'Effcal', 'Eff.Tab', 'قرص علي نصÙ كوب مرتين  يومياً', 0, 0),
(426, 'Hypotension', 'Effortil', 'Tab', 'قرص واحد 3 مرات يومياً', 0, 0),
(427, 'Hypotension', 'Effortil', 'Drops', 'عدد 10 نقط علي نصÙ كوب وقت اللزوم', 0, 0),
(428, 'Topical Antirhumatic', 'Elmetacin', 'Solution', 'بخاخة  3  مرات يومياً', 0, 0),
(429, 'thyroid hypo', 'Eltroxin 100 ug', 'Tab', 'قرص علي الريق يوميا', 0, 0),
(431, 'Vaginal ovules', 'Elyzole', 'Vag  Supp', 'لبوس مهبلى قبل النوم', 0, 0),
(432, 'Anti-emetic', 'Emeral', 'Supp', 'لبوس شرجى صباحاً ومساءً', 0, 0),
(433, 'Anti-emetic', 'Emeral', 'Tab', 'قرص  قبل الاÙطار و العشاء  يومياً', 0, 0),
(434, 'Anti-emetic', 'Emetrex', 'Tab', 'قرص قبل الاÙطار و العشاء  يومياً', 0, 0),
(435, 'Antibiotics Penicillin', 'E-mox 500 mg', 'Cap', 'كبسولة كل 8 ساعات', 0, 0),
(437, 'Topical on wounds\r\n', 'Emu-Dox', 'Lotion', 'دهان مرتين يومياً', 0, 0),
(438, 'Colon Preparation', 'Enemax', '', ' حقنة شرجية قبل النوم', 0, 0),
(439, 'Menopause', 'Ennervita', 'Cap', 'كبسولة  واحدة  يومياً', 0, 0),
(440, 'Vitamins', 'Enrich', 'Cap', 'كبسولة  بعد الغداء  يومياً', 0, 0),
(441, 'Sulfa\r\n', 'Entrim', 'Tab', 'قرص واحد مرتين يومياً', 0, 0),
(442, 'Anitiepileptic\r\n', 'Epanutin    100 mg', 'Cap', 'كبسولة واحدة مرتين يومياً', 0, 0),
(444, 'Antacid', 'Epicogel', 'Susp', 'ملعقيتن 4 مرات يومياً', 0, 0),
(445, 'Anti-inflammatory', 'Epicotil', 'supp', 'لبوس شرجى صباحا', 0, 0),
(446, 'Anti-inflammatory', 'Epicotill    20 mg', 'Tab', 'قرص مرتين يومياً  بعد الأكل', 0, 0),
(447, 'Anti-inflammatory', 'Epicotill    20 mg', 'Vial', 'حقنة مرة واحدة يومياً', 0, 0),
(448, 'Anti-inflammatory', 'Epicotill    20 mg ', 'Supp', 'لبوس شرجي مرة واحدة يومياً', 0, 0),
(449, 'Anti-hypertensive\r\n', 'Epidopa     250', 'Tab', 'قرص صباحاً ومساء', 0, 0),
(450, 'corticosteroids', 'Betafose', 'Amp', 'واحد ونصÙ سم كل 12 ساعه جرعتين Ùقط', 0, 0),
(451, 'Vaginal Antiseptic', 'Epigen', 'Spray', 'بخاخة مهبلية 3 مرات يومياً', 0, 0),
(452, 'Urinary Tract Drugs', 'Epimag', 'Eff. Sachets', 'كيس علي 1/2 كوب ماء 3 مرات يومياً', 0, 0),
(454, 'Antacid', 'Epiran    75', 'Tab', 'قرص قبل الاÙطار والعشاء', 0, 0),
(455, 'Diuretic\r\n', 'Epitens', 'Tab', 'قرص واحد يومياً', 0, 0),
(457, 'Antibiotics Macrolide', 'Erythrocin  250 / 500', 'Tab', 'قرص 4 مرات يومياً', 0, 0),
(461, 'Haemorrhage', 'Eselinate', 'Tab', 'قرص واحد 3 مرات يومياً', 0, 0),
(462, 'Estrogens', 'Ethinyl  Estradiol    50 mcg', 'Tab', 'قرص يوميا بعد انتهاء الأقراص الأولى ولمدة 5 أيام', 0, 0),
(464, 'Scabies & Lice Prep.\r\n', 'Eurax', 'Lotion', 'مرة واحدة يومياً لمدة 3 أيام', 0, 0),
(465, 'Gastroint. Tract', 'Eurozole  500 mg', 'Tab', 'قرصين قبل الغدا وقرصين بعد العشا', 0, 0),
(466, 'thyroid hypo', 'Euthyrox 25 / 50 ug', 'Tab', 'قرص علي الريق يوميا', 0, 0),
(467, 'Laxative', 'Evaculax', 'Caplet', ' كبسولتين 3 مرات يومياً', 0, 0),
(468, 'Laxative', 'Evak', 'Tab', ' قرصين علي كوب ماء مرتين يوميا', 0, 0),
(469, 'Calcuim', 'Extreme calcium chocolate ', 'Tab', 'قرص للمضغ مرتين يومياً', 0, 0),
(470, 'Vitamins', 'E-Yeast', 'Cap', 'كبسولة  بعد الأÙطار يومياً', 0, 0),
(471, 'Anti-emetic', 'Ezadoxine', 'Tab', 'قرص  قبل  العشاء  يومياً', 0, 0),
(472, 'Lubricant\r\n', 'Eza-X', 'Gel', 'دهان موضعي عند اللزوم', 0, 0),
(473, 'Local\r\n', 'Eza-x', 'Gel', 'دهان موضعي عند اللزوم', 0, 0),
(474, 'Anorectal', 'Faktu', 'Oint', 'دهان شرجى 3 مرات يومياً', 0, 0),
(475, 'haemorhoids', 'Faktu', 'Oint', 'دهان شرجى 3 مرات يومياً', 0, 0),
(476, 'Anorectal', 'Faktu', 'Supp', 'لبوس شرجى مرتين يومياً', 0, 0),
(477, 'Anorectal', 'Faktu', 'Supp', 'لبوس شرجى صباحاً ومساء', 0, 0),
(478, 'haemorhoids', 'Faktu', 'Supp', 'لبوسة واحدة  مرتين يومياً', 0, 0),
(479, 'Vascular Drugs', 'FAM', 'Tab', 'قرص بعد الاÙطار والعشاء', 0, 0),
(484, 'Anti-tussive\r\n', 'Farcosolvin', 'Syrup', 'ملعقة 3 مرات يومياً', 0, 0),
(485, 'Sedatives&amp;Tranqulizers', 'Farcozepam 10 mg', 'Amp', 'حقنة واحدة مرتين يومياً', 0, 0),
(486, 'Hormone Progesterone', 'Farlutal depot', 'Vial', 'حقنة يومياً', 0, 0),
(487, 'Gastrointestinal', 'Fasigyn', 'Tab', 'قرصين قبل الغدا وقرصين بعد العشا', 0, 0),
(488, 'Topical Antirhumatic', 'Faster  massage', 'Gel', 'دهان  3 مرات  يومياً', 0, 0),
(489, 'Topical Antirhumatic', 'Fastum    50', 'Gel', 'دهان  3 مرات  يومياً', 0, 0),
(490, 'Vitamins', 'Fefol', 'Cap', 'كبسولة بعد الغذاء يومياً', 0, 0),
(491, 'Vitamins', 'Fefol-vit', 'Cap', 'كبسولة بعد الغذاء يومياً', 0, 0),
(492, 'Topical Antirhumatic', 'Felden', 'Gel', 'دهان 3 مرات يومياً', 0, 0),
(493, 'Anti-inflammatory', 'Felden 20 mg', 'Tab', 'قرص مرة واحدة يومياً', 0, 0),
(494, 'Anti-inflammatory', 'Felden 20 mg', 'Amp', 'حقنة مرة واحدة يومياً', 0, 0),
(495, 'Anti-inflammatory', 'Felden 20 mg', 'Supp', 'لبوس شرجى يومياً', 0, 0),
(496, 'Anti-inflammatory', 'Felden flash', 'Tab', 'قرص مرة واحدة يومياً', 0, 0),
(497, 'Anti-inflammatory', 'Feldene', 'supp', 'لبوس شرجى صباحاً ومساءً', 0, 0),
(498, 'Anti-inflammatory', 'Feldene', 'Amp', 'حقنة عضل صباحاً ومساءً', 0, 0),
(499, 'Ovulation induction', 'Letrazole     2.5 mg', 'Tab', 'قرص يومياً من ثالث يوم للدورة ولمدة 5 أيام', 0, 0),
(500, 'Calcuim', 'Fem-cal', 'Tab', 'قرص بعد الغذاء يومياً', 0, 0),
(501, 'Vaginal Antiseptic', 'Femigin - B', 'Sachet', 'كيس على لتر ماء داÙى شطÙ مهبلى صباحاً ومساءً', 0, 0),
(502, 'Menopause', 'FemRose', 'Cap', ' كبسولة بعد الغذاء  يومياً', 0, 0),
(504, 'Anti-histamincs\r\n', 'Fenistil', 'Tab', 'قرص بعد الاÙطار و العشاء  يومياً', 0, 0),
(506, 'Anti-histamincs\r\n', 'Fenistil', 'Syrup', 'ملعقة كبيرة 3 مرات يومياً', 0, 0),
(507, 'Anti-histaminics', 'Fenistil   24', 'cap', 'كبسولة واحد يومياً', 0, 0),
(508, 'Vitamins', 'Fercayl', 'Amp', 'حقنه عضل  كل  3 أيام', 0, 0),
(509, 'Vitamins', 'Fercayl', 'Amp', ' 3 امبول Ùي 500 سم3 محلول ملح بالنقطة البطيئة علي مدار 3 ساعات                وتحت أشراÙ طبي', 0, 0),
(510, 'Vitamins Amp', 'Fercayl', 'Amp', 'حقنة عضل كل ثالث يوم', 0, 0),
(511, 'Vitamins', 'Fer-in-sol', 'Drops', 'مرة واحدة يومياً', 0, 0),
(512, 'Vitamins Syrup', 'Feroglobin', 'Syrup', 'ملعقة كبيرة  ثلاث مرات يومياً', 0, 0),
(513, 'Vitamins', 'Feroglobin B12', 'Cap', 'كبسولة يومياً', 0, 0),
(514, 'Vitamins', 'fermed', 'Amp', '  أمبولين Ùي 200 سم3 محلول ملح بالنقطة البطيئة علي مدار  ساعاتين وبأشراÙ طبي', 0, 0),
(515, 'Vitamins', 'Ferosac', 'Amp', '2 أمبول Ùي 500 سم3 محلول ملح بالنقطة البطيئة علي مدار 3 ساعات وبأشراÙ طبي', 0, 0),
(516, 'Vitamins Syrup', 'Ferose', 'Syrup', 'ملعقة  بعد الغداء يومياً', 0, 0),
(517, 'Vitamins', 'Ferose  F', 'Tab', 'قرص مرة واحدة يومياً', 0, 0),
(518, 'Vitamins', 'Ferroduodenal 100', 'Cap', 'كبسولة بعد الغذاء يومياً', 0, 0),
(519, 'Vitamins', 'Ferrofol', 'Cap', 'كبسولة بعد الغذاء يومياً', 0, 0),
(520, 'Vitamins Syrup', 'Ferronil', 'Syrup', 'ملعقة مرة واحدة يومياً', 0, 0),
(521, 'Vitamins', 'Ferro 6', 'Cap', 'كبسولة  بعد الغداء  يومياً', 0, 0),
(522, 'Vitamins', 'Ferrotron', 'Cap', 'كبسولة مرة واحدة يومياً', 0, 0),
(523, 'Vitamins', 'Fer-sol', 'Tab', 'قرص مرة واحدة يومياً', 0, 0),
(524, 'Menopause', 'Fiminosan', 'Tab', 'قرص صباحا و مساء', 0, 0),
(525, 'Vaginal Antiseptics', 'Fine  Plus', 'Antiseptic', 'ملعقة كبيرة على لتر ماء داÙئ شطÙ مهبلى صباحاً ومساءً', 0, 0),
(526, 'Gastroint. Tract', 'Fladazole  500 mg', 'Tab', 'قرصين قبل الغدا وقرصين بعد العشا', 0, 0),
(527, 'Gastroint. Tract', 'Flagentil', 'Tab', 'قرصين قبل الغدا وقرصين بعد العشا', 0, 0),
(528, 'Gastroint. Tract', 'Flagicure', 'Tab', 'قرص واحد يومياً  لمدة 10 أيام', 0, 0),
(529, 'Gastroint. Tract', 'Flagyl    500mg', 'Tab', 'قرص 3 مرات يومياً  لمدة 10 أيام', 0, 0),
(530, 'Anti-inflammatory', 'Flector   50', 'Cap', 'كبسولة صباحاً ومساءً بعد الأكل', 0, 0),
(531, 'Oral Antifugal', 'Flocazole  150', 'Cap', 'كبسولة  واحدة  و تكرر بعد أسبوع', 0, 0),
(532, 'Vitamins', 'Floic acid  400 mg ', 'Tab', 'قرص مرة واحدة يومياً', 0, 0),
(533, 'Digestant', 'Florasyn', 'Tab', 'قرص قبل الأكل 3 مرات يومياً', 0, 0),
(535, 'Oral Antifugal', 'Rameflazol 150', 'Cap', 'كبسولة يوم بعد يوم لمده اسبوع ثم كبسوله اسبوعيا 3 شهورر', 0, 0),
(536, 'Antibiotics Penicillin', 'Flumox 1g', 'Amp', 'حقنة عضل كل 12 ساعة', 0, 0),
(538, 'Antibiotics Penicillin', 'Flumox 500 mg', 'Cap', 'كبسولة كل 8 ساعات', 0, 0),
(539, 'Influenza\r\n', 'Flurest', 'Tab', 'قرص واحد 3 مرات يومياً', 0, 0),
(540, 'Influenza\r\n', 'Flurest', 'Syrup', 'ملعقة واحدة مرتين يومياً', 0, 0),
(541, 'Anti-helmentics', 'Fluvermal', 'Tab', 'قرص مرتين لمدة 3 أيام', 0, 0),
(542, 'Vitamins', 'Folic  acid 500', 'Tab', 'قرص واحد يومياً', 0, 0),
(543, 'Hormone', 'Folon', 'Tab', 'قرص بعد العشاء  لمدة 5 أيام', 0, 0),
(544, 'Hormone', 'Forticortin', 'Amp', 'حقنة عضل  كل 12 ساعة  (عدد 3 حقن)', 0, 0),
(546, 'Antibiotics Cephalosporin', 'Fortum 0.5 / 1g', 'Amp', 'حقنة عضل كل 12 ساعة', 0, 0),
(547, 'Ovulation induction', 'Fostimon', 'Vial', 'امبول و نصÙ  عضل يومياً بداية من اليوم الثانى للدورة', 0, 0),
(548, 'Ovulation induction', 'Fostimon    150   IU', 'Vial', 'حقنة عضل يومياً بداية من اليوم الثانى للدورة', 0, 0),
(549, 'Ovulation induction', 'Fostimon    75   IU', 'Vial', 'حقنة عضل يومياً بداية من اليوم الثانى للدورة', 0, 0),
(550, 'Ovulation induction', 'Fostimon   150  I.U.', 'Vial', 'حقنة عضل يومياً بداية من اليوم الثامن للدورة لمدة 3 أيام', 0, 0),
(551, 'Ovulation induction', 'Fostimon   75 I.U.', 'Vial', 'حقنة عضل يومياً بداية من اليوم الثامن للدورة لمدة 3 أيام', 0, 0),
(552, 'Heparine', 'Fraxiparine  0.3     ', 'Syringe', 'حقنة تحت الجلد يومياً', 0, 0),
(553, 'Topical prep.', 'fucicort', 'Cream', 'دهان 3 مرات يومياً', 0, 0),
(555, 'antibiotics local', 'Fucidin', 'Cream', 'دهان 3 مرات يومياً', 0, 0),
(556, 'Oral Antifugal', 'Fungican', 'Cap', 'كبسولة و تكرر بعد أسبوع', 0, 0),
(557, 'Topical Prep. For burns', 'Furacin', 'Gel', 'دهان 3 مرات يومياً', 0, 0),
(558, 'Antiseptic', 'Furaseen    Soluble dressing', '', 'دهان 3 مرات يومياً', 0, 0),
(559, 'Antiseptic', 'Furaseen-L    Soluble dressing', '', 'دهان 3 مرات يومياً', 0, 0),
(560, 'PTS', 'Gama  Rose  1300  ', 'Cap', 'كبسولة  يومياً قبل الدورة بأسبوع', 0, 0),
(561, 'antibiotics local', 'Garamycin', 'Cream', 'دهان 3 مرات يومياً', 0, 0),
(565, 'Gastroint. Tract', 'Gast-Regular', 'Tab', 'قرص قبل الأكل 3 مرات يومياً', 0, 0),
(566, 'Striae gravidarum\r\n', 'Gelle', 'Cream', 'دهان موضعى 3 مرات يومياً', 0, 0),
(567, 'Antistrech\r\n', 'Gelle Strechmark   150 ml', 'Cream', '  دهان موضعي صباحاً ومساء', 0, 0),
(568, 'Antibiotics aminoglycoside', 'Gentamycin / Refobacin 80 mg', 'Amp', 'حقنة كل 12 ساعة ', 0, 0),
(569, 'Urinary Tract Drugs', 'Genurin', 'Tab', 'قرص 3 مرات بعد الأكل', 0, 0),
(570, 'Urinary  Antiseptic\r\n', 'Genurin  8 F', 'Tab', 'قرص 3 مرات  بعد الأكل', 0, 0),
(571, 'Hormone Progesterone', 'Gestanon', 'Tab', 'قرص صباحاً ومساءً بانتظام', 0, 0),
(572, 'Digestant', 'Gesto', 'Cap', 'كبسولة وسط الأكل 3 مرات يومياً', 0, 0),
(573, 'Antacid', 'Geveskon', 'Susp', 'ملعقة 3 مرات بعد الأكل', 0, 0),
(574, 'Antacid', 'Geveskon', 'Susp', 'ملعقة  3 مرات  بعد الأكل  يومياً', 0, 0),
(575, 'Vascular Drugs', 'Ginkor    Fort', 'Cap', 'كبسولة صباحاً ومساء', 0, 0),
(576, 'PTS', 'GLA', 'Cap', 'كبسولة يومياً قبل الدورة بأسبوعين', 0, 0),
(577, 'Fluid', 'Glucose 500', 'Bottle', '.', 0, 0),
(578, 'surgery', 'Glucose 5%', 'Bottle', '.', 0, 0),
(579, 'Vaginal ovules', 'Glycerin Icthyol  ', ' Vag  Ovule', 'لبوس مهبلى مرتين يومياً لمدة 3 أيام', 0, 0),
(580, 'Anorectal', 'Glycerine', 'Supp', 'عدد 2 لبوس شرجى عند اللزوم', 0, 0),
(581, 'Laxative', 'Golden  Lax', 'Syrup', 'ملعقة 3 مرات يومياً', 0, 0),
(582, 'ICSI', 'Gonapure  150 IU', 'Amp', ' امبول تحت الجلد يوميا', 0, 0),
(583, 'ICSI', 'Gonal F pen  300', 'Amp', 'عدد 150 وحدة تحت الجلد يوميا من يوم', 0, 0),
(584, 'ICSI', 'Gonal F pen  900', 'Amp', 'عدد 150 وحدة تحت الجلد يوميا من يوم', 0, 0),
(585, 'Vitamins', 'GR   six', 'Cap', 'كبسولة مرة واحدة يومياً', 0, 0),
(586, 'Schisophrenia & Mania\r\n', 'Grandaxin  50', 'Tab', 'قرص واحد مرتين يومياً', 0, 0),
(587, 'Cough\r\n', 'Guava', 'Syrup', 'ملعقة 3 مرات يومياً', 0, 0),
(588, 'Hypotension', 'Gutron', 'Drops', 'عدد 10 نقط علي نصÙ كوب 3 مرات يومياً', 0, 0),
(589, 'Vitamins', 'Gyna-Max', 'Cap', 'كبسولة واحدة  يومياً', 0, 0),
(590, 'Vitamins', 'Gynavit', 'Tab', 'قرص بعد الغذاء يومياً', 0, 0),
(591, 'contraception COC', 'Cilest', 'Tab', 'قرص مرة واحدة يومياً لمدة 21 يوم ثم راحة لمدة أسبوع ثم يكرر', 0, 0),
(592, 'Tocolytic', 'Gynipral', 'Tab', 'نصÙ قرص صباحاً ومساء', 0, 0),
(593, 'Tocolytic', 'Ritopar', 'Tab', 'نصÙ قرص 3 مرات يومياً', 0, 0),
(594, 'Tocolytic', 'Gynipral', 'Amp', 'حقنة Ùى 500 سم جلوكوز 5% بالنقطة البطيئة', 0, 0),
(595, 'Vaginal Cream\r\n', 'Gyno Daktarin', 'Cream', 'دهان مرة واحدة يومياً لمدة 3 أيام', 0, 0),
(596, 'Vaginal ovules', 'Gyno Daktarin    ', 'Vag  Ovules', 'لبوس مهبلى قبل النوم لمدة 3 أيام', 0, 0),
(597, 'Vaginal Cream\r\n', 'Gynoconazol  0.4 %', 'Vaginal cream', 'دهان مهبلي يومياً قبل النوم لمدة 7 أيام', 0, 0),
(598, 'Vaginal Cream\r\n', 'Gynoconazol  0.8 %', 'Vaginal cream', 'دهان مهبلي يومياً قبل النوم لمدة 3 أيام', 0, 0),
(599, 'Vaginal antifungal', 'Gynoconazol  8', 'Vag  Ovules', 'لبوس مهبلى قبل النوم لمدة 3 أيام', 0, 0),
(600, 'Vaginal antifungal', 'Candicure 600', 'Vag  Ovules', 'لبوس مهبلى قبل النوم لمدة 3 أيام', 0, 0),
(601, 'Menopause', 'Gynodian Depot', 'Amp', 'حقنة عضل شهرياً', 0, 0),
(602, 'Topical antifungals', 'Gyno-Pevaryl  50 ', 'Cream', 'دهان  مرة واحدة  يومياً  لمدة 5 أيام', 0, 0),
(603, 'Vaginal  antifungals', 'Gyno-Pevaryl  50 ', 'Cream', 'للأستعمال المهبلي مرة واحدة  يومياً  لمدة 8  أيام', 0, 0),
(604, 'Vaginal ovules', 'Gynoryl', 'Vag    Tab', 'قرص  مهبلى مرتين يومياً', 0, 0),
(605, 'Vaginal Cream\r\n', 'Gyno-Trosyd', 'Cream', 'دهان مرة واحدة  يومياً لمدة 3 أيام', 0, 0),
(606, 'Vaginal ovules', 'Gyno-Trosyd ', 'Vag  Ovules', 'لبوس مهبلى قبل النوم لمدة 3 أيام', 0, 0),
(607, 'Vaginal ovules', 'Gynozole  400', 'Vag  Ovules', 'لبوس مهبلى قبل النوم لمدة 3 أيام', 0, 0),
(608, 'Vaginal ovules', 'Gytro', 'Vag Tab', 'لبوس مهبلى قبل النوم لمدة 3 أيام', 0, 0),
(609, 'Mouth wash\r\n', 'H2O2   10 ml', 'Mouth Wash', 'مضمضة ثلاث مرات يومياً', 0, 0),
(610, 'Vitamins', 'Haemacaps', 'Cap', 'كبسولة مرة واحدة يومياً', 0, 0),
(611, 'Vitamins', 'Haematinic plus', 'Tab', 'كبسولة بعد الغداء يومياً', 0, 0),
(612, 'Haemorrhage', 'Haemostatine', 'Tab', 'قرص واحد 3 مرات يومياً', 0, 0),
(613, 'Haemorrhage', 'Haemostatine', 'Tab', 'قرص  3 مرات يومياً', 0, 0),
(614, 'Vitamins', 'Haemotal', 'Cap', 'كبسولة  بعد الغداء  يومياً', 0, 0),
(615, 'Vitamins', 'Haemoton', 'Cap', 'كبسولة  بعد الغداء  يومياً', 0, 0),
(616, 'Dandruff & hair falling\r\n', 'Hair Back', 'Solution', 'مرتين يومياً لمدة 120 يوم', 0, 0),
(617, 'Dandruff & hair falling\r\n', 'Hawa', 'Oil', 'مرتين يومياً  يومياً لمدة 30 يوم', 0, 0),
(618, 'Dandruff & hair falling\r\n', 'Hawa', 'Cream', 'مرتين يومياً  يومياً لمدة 30 يوم', 0, 0),
(619, 'Calcuim', 'Health Cal', 'Cap', 'كبسولة بعد العشاء يومياً', 0, 0),
(620, 'Dandruff & hair falling\r\n', 'Healthy hair', 'Lotion', 'مرة واحدة يومياً', 0, 0),
(621, 'Varicose Veins\r\n', 'Hemoclar', 'Oint', 'دهان 3 مرات يومياً', 0, 0),
(622, 'Haemorrhage', 'Hemostat   500', 'Tab', 'قرص واحد 3 مرات يومياً', 0, 0),
(623, 'Vitamins', 'Hemsi', 'Cap', 'كبسولة  بعد الغداء  يومياً', 0, 0),
(624, 'Paracetamol', 'Hepamol', 'Tab', 'قرص بعد الأكل عند اللزوم', 0, 0),
(625, 'Hepatic Diseases\r\n', 'Heparegen', 'Tab', 'قرصين مرتين يومياً', 0, 0),
(626, 'Heparine', 'Heparine  5000  I.U. ', 'Amp', 'حقنة تحت الجلد يومياً', 0, 0),
(627, 'Digestant', 'Herba-gest', 'Tab', 'قرص قبل الأكل  يومياً', 0, 0),
(628, 'Breast lactogogue', 'Herbana', 'Cap', 'كبسولتين 3 مرات يوميا لمدة يومين ثم كبسولة مرتين يومياً', 0, 0),
(629, 'Mouth wash\r\n', 'Hexitol', 'Mouth Wash', 'مضمضة ثلاث مرات يومياً', 0, 0),
(630, 'Hair', 'Hi Potency formula', 'Cap', 'كبسولة صباحاً ومساءً', 0, 0),
(632, 'Calcuim', 'Hi-Cal', 'Syrup', 'ملعقة كبيرة 3 مرات يومياً', 0, 0),
(635, 'Topical Antirhumatic', 'Hi-Forte', 'Gel', 'دهان  3 مرات  يومياً', 0, 0),
(636, 'Calcuim', 'Hi-Max', 'Tab', 'قرص بعد العشاء يومياً', 0, 0),
(637, 'Breast nip fissure', 'Hipanthen', 'cream', 'دهان للعناية بالثدى يومياً', 0, 0),
(638, 'Varicose Veins\r\n', 'Hirudoid', 'Gel', 'دهان 3 مرات يومياً', 0, 0),
(639, ' Varicose Veins\r\n', 'Hirudoid', 'Cream', 'دهان 3 مرات يومياً', 0, 0),
(640, 'Antacid', 'Histac   300', 'Tab', 'قرص بعد الغذاء يومياً', 0, 0),
(641, 'Antacid', 'Histac  150', 'Tab', 'قرص مرتين يومياً', 0, 0),
(643, 'Ovulation induction', 'Humegon', 'Amp', 'حقنة عضل يومياً بداية من اليوم الثانى للدورة', 0, 0),
(644, 'surgery', 'I.V. cannula and infusion set', '', '.', 0, 0),
(646, 'Anti-inflammatory', 'Ibufen   200', 'Tab', 'قرص 3 مرات يومياً', 0, 0),
(647, 'Anti-inflammatory', 'Idarac D', 'Tab', 'قرص مرة واحدة يومياً', 0, 0),
(648, 'Antiseptic', 'Idosept', 'Solution', 'ملعقة مرتين يومياً', 0, 0),
(649, 'Nasal Drops\r\n', 'Iliadin', 'Nasal  Drops', 'قطرة أنÙ 3 مرات يومياً', 0, 0),
(650, 'Immunity\r\n', 'Immuno-Ton', 'Cap', 'كبسولة صباحاً ومساءً', 0, 0),
(651, 'Immuno-stimulant', 'Immunvita', 'Cap', 'كبسولة ثلاث مرات يومياً', 0, 0),
(652, 'Beta. Blockers\r\n', 'Inderal  40 mg', 'Tab', 'قرص مرتين يومياً', 0, 0),
(653, 'Beta. Blockers\r\n', 'Inderal  40 mg', 'Amp', 'حقنة مرة واحدة يومياً', 0, 0),
(654, 'Anti-inflammatory', 'Indocid 100 mg', 'Supp', 'لبوس شرجي  واحد  يومياً', 0, 0),
(655, 'LMW heparine                                                                                       LMW heparin\r\n', 'Innohep    4500  IU    syringe', '', 'حقنة تحت الجلد يومياً', 0, 0),
(656, 'Vascular Drugs', 'Insuven   300', 'Cap', 'كبسولة بعد الاÙطار', 0, 0),
(657, 'Bronchial asthma\r\n', 'Intal', 'Syrup', 'ملعقة مرتين يومياً', 0, 0),
(658, 'surgery', 'Intraval', 'Amp', '.', 0, 0),
(659, 'Antiseptic', 'Iodosept', 'Oint', 'مرتين يومياً', 0, 0),
(660, 'Mouth wash\r\n', 'Iodosept     Mouth Wash', '', 'مضمضة ثلاث مرات يومياً', 0, 0),
(661, 'Vitamins', 'Iron Sandoz', 'Tab', 'قرص للاستحلاب يومياً', 0, 0),
(662, 'Vitamins', 'Iron SR', 'Cap', 'كبسولة بعد الغداء يومياً', 0, 0),
(663, 'Eye drops', 'IsoMephenicol ', 'Eye Drops', 'قطرة عين 3 مرات يومياً', 0, 0),
(664, 'Calcuim', 'ITO calcuim', 'Tab', 'قرص للمضغ مرتين يومياً', 0, 0),
(665, 'Oral Antifugal', 'Itracon', 'Cap', ' كبسولتين بعد الاÙطار والعشاء', 0, 0),
(666, 'Oral Antifugal', 'Itrapex', 'Cap', ' كبسولتين بعد الاÙطار والعشاء', 0, 0),
(668, 'Magnesium', 'Juvamine B-Mag', 'Eff. Tab', 'قرص علي كوب ماء يومياً', 0, 0),
(669, 'Cough\r\n', 'Juviex', 'Syrup', 'ملعقة 3 مرات يومياً', 0, 0),
(670, 'Sun  Burn', 'Kalamino B', 'Cream', 'دهان 3 مرات يومياً', 0, 0),
(671, 'male erection\r\n', 'Kamagra', 'Tab', 'قرص قبل الجماع بنصÙ ساعة', 0, 0),
(672, 'Haemorrhage', 'kapron', 'Tab', 'قرص 3 مرات يومياً  بعد الأكل', 0, 0),
(673, 'Anxiolytic\r\n', 'Kava', 'Cap', 'كبسولة صباحاً و مساءً', 0, 0),
(676, 'Topical prep.', 'Kenacomb', 'Oint', '3 مرات يومياً', 0, 0),
(677, 'Topical prep.', 'Kenacomb', 'Cream', 'دهان 3 مرات يومياً', 0, 0),
(678, 'Topical cortisone Prep.', 'Kenacort-A', 'Oint', 'مرتين يومياً', 0, 0),
(679, 'Topical cortisone Prep.', 'Kenacort-A', 'Cream', 'دهان 3 مرات يومياً', 0, 0),
(680, 'Topical antifungals', 'Ketoconazole', 'Tab', 'قرص واحد يومياً لمدة 10 يوم', 0, 0),
(681, 'Topical Antirhumatic', 'Ketofan', 'Gel', 'دهان 3 مرات يومياً', 0, 0),
(682, 'Anti-inflammatory', 'Ketofan 200  SR', 'Cap', 'كبسولة مرة واحدة يومياً', 0, 0),
(683, 'Vascular Drugs', 'Ketolgin', 'Tab', 'قرص بعد الأكل 3 مرات يومياً', 0, 0),
(684, 'Anti-inflammatory', 'Ketoprof  200 ER', 'Cap', 'كبسولة مرة واحدة يومياً', 0, 0),
(685, 'Topical antifungals', 'Ketozol', 'Tab', 'قرص واحد يومياً لمدة 10 يوم', 0, 0),
(688, 'Menopause', 'Klimadynon', 'Tab', 'قرص صباحا و مساء', 0, 0),
(689, 'Hormones SERM', 'Klimadynon', 'Tab', 'قرص  صباحا و مساء', 0, 0),
(690, 'Menopause', 'Klimadynon', 'Tab', 'قرص  صباحا و مساء', 0, 0),
(691, 'Menopause', 'Kliogest', 'Tab', 'قرص يومياً  باتظام', 0, 0),
(692, 'Vaginal Antiseptic', 'Klion - D   100', 'Vag   Tab', 'قرص مهبلى واحد يومياً لمدة 10 أيام', 0, 0),
(693, 'Vaginal ovules', 'Klion - D  100', 'Vag   Tab', 'قرص مهبلى واحد يومياً لمدة 10 أيام', 0, 0),
(694, 'Haemorrhage', 'Konakion', 'Tab', 'قرص واحد 3 مرات يومياً لمدة يومين', 0, 0),
(695, 'Vaginal ovules', 'Krema-Rosa', 'Vag   Tab', 'قرص مهبلى واحد يومياً لمدة 6 أيام', 0, 0),
(696, 'Haemorrhage', 'K-viton', 'Tab', 'قرص واحد 3 مرات يومياÙ ولمدة يومين', 0, 0),
(697, 'Local\r\n', 'K-Y', 'Gel', 'دهان موضعي عند اللزوم', 0, 0),
(698, 'Antiseptic', 'Lactacyd', 'Lotion', 'ملعقة 3 مرات يومياً', 0, 0),
(699, 'Breast DA 2', 'Lactodel', 'Tab', 'نصÙ قرص قبل النوم لمدة 4 أيام               ثم قرص قبل النوم لمدة 4 أيام ثم نصÙ قرص صباحاً وقرص مساء بانتظام', 0, 0),
(701, 'Breast lactogogue', 'Lactomax', 'Cap', 'كبسولتين3 مرات يوميا لمدة يومين ثم كبسولة صباحاً ومساءً بانتظام', 0, 0),
(702, 'Laxative', 'Lactulose', 'Syrup', 'ملعقة 3 مرات يومياً', 0, 0),
(703, 'Menopause', 'Lady  4', 'Cap', 'كبسولة  واحدة   يومياً', 0, 0),
(704, 'PTS', 'Lady  4', 'Cap', 'كبسولة واحدة يومياً قبل الدورة بأسبوعين', 0, 0),
(705, 'Vaginal Antiseptics', 'Lady Care', 'Liquid', 'مكيال على لتر ماء داÙئ شطÙ مهبلى صباحاً ومساءً', 0, 0),
(706, 'Vaginal Antiseptic', 'Lanetal', 'Powder', 'ملعقة كبيرة على لتر ماء داÙى شطÙ مهبلى صباحاً ومساءً', 0, 0),
(707, 'Heart  Failure\r\n', 'Lanoxin', 'Tab', 'قرص واحد يومياً', 0, 0),
(708, 'Sedatives&Tranqulizers\r\n', 'Largactil 100 mg', 'Tab', 'قرص واحد مرتين يومياً', 0, 0),
(709, 'Lozengs\r\n', 'Larypront', 'Tab', 'قرص واحد 4 مرات يومياً', 0, 0),
(710, 'Resp. Tract\r\n', 'Larypront', 'Lozenge', 'أقراص للاستحلاب', 0, 0),
(711, 'Loop diuretics\r\n', 'Lasix', 'Tab', 'قرص واحد يومياً', 0, 0),
(712, 'Loop diuretics\r\n', 'Lasix', 'Amp', 'حقنة واحدة يومياً', 0, 0),
(713, 'Laxative', 'Laxin', 'Tab', 'قرص يومياً', 0, 0),
(714, 'Topical Drugs', 'Leg & Foot', 'Gel', 'دهان موضعى 3 مرات يومياً', 0, 0),
(715, 'Hepatic Diseases\r\n', 'Legalon', 'Tab', 'قرص 3 مرات يومياً', 0, 0),
(716, ' Hypercholeserolaemic\r\n', 'Lescol   40 mg', 'Cap', 'كبسولة مرة واحدة يومياً', 0, 0),
(717, 'Ovulation induction', 'Letrozole  2.5 mg ', 'Tab', 'قرص صباحاً ومساءً من ثالث يوم للدورة ولمدة 5 أيام', 0, 0),
(718, 'Sedatives&Tranqulizers\r\n', 'Lexotanil  3 mg', 'Tab', 'قرص واحد 3 مرات يومياً', 0, 0),
(719, 'Scabies & Lice Prep.\r\n', 'Licid', 'Lotion', 'مرة واحدة عند النوم', 0, 0),
(720, 'Scabies & Lice Prep.\r\n', 'Licid', 'Spary', 'بخاخة مرة واحدة يومياً', 0, 0),
(721, 'Vaginal Antiseptics', 'Life V', 'Liquid', 'ملعقة كبيرة على لتر ماء داÙئ شطÙ مهبلى صباحاً ومساءً', 0, 0),
(722, 'Local anaesthetics\r\n', 'Lignocaine', 'Cream', 'دهان   3 مرات  يومياً', 0, 0),
(723, 'Local anaesthetics\r\n', 'Lignocaine', 'Spray', 'بخاخة 3 مرات يومياً', 0, 0),
(726, 'Hepatic Diseases\r\n', 'Liposis - v', 'Cap', 'قرص 3 مرات يومياً', 0, 0),
(727, 'Menopause', 'Livial', 'Tab', 'قرص يوميا بانتظام', 0, 0),
(728, 'Topical cortisone Prep.', 'Locacortin 0.2%', 'Oint', 'دهان 3 مرات يومياً', 0, 0),
(729, 'Topical cortisone Prep.', 'Locacortin 0.2%', 'Cream', 'دهان 3 مرات يومياً', 0, 0),
(730, 'Topical prep.', 'Locacortin vioform', 'Cream', 'دهان مرتين يومياً', 0, 0),
(732, ' Hypercholeserolaemic\r\n', 'Lopid    600', 'Tab', 'قرص واحد مرتين يومياً', 0, 0),
(733, 'Antiviral\r\n', 'Lovir     400 mg', 'Tab', 'قرص  3 مرات يومياً لمدة 5 أيام', 0, 0),
(734, 'Heparine', 'Lowparin 40 mg', 'Syringe', 'حقنة تحت الجلد يومياً', 0, 0),
(735, 'ICSI', 'Lucrin', 'Vial', 'عدد 10 شرط تحت الجلد يوميا بداية من ثاني يوم للدورة', 0, 0),
(736, 'ICSI', 'Lucrin', 'Vial', 'عدد 150 وحدة تحت الجلد يوميا من يوم', 0, 0),
(737, 'ICSI', 'Lucrin', 'Vial', 'عدد 10 شرط تحت الجلد يوميا من ثاني يوم للدورة', 0, 0),
(738, 'Acne Prep.\r\n', 'Lucy', 'Emulsion', 'غسول مرتين يومياً', 0, 0),
(739, 'Hormone', 'Lutofolone', 'II    Amp', 'حقنة عضل اليوم و باكر', 0, 0),
(740, 'Hormone Progesterone', 'Lutone', 'Amp', 'حقنة عضل يومياً', 0, 0),
(741, 'Antacid', 'Maalox  plus', 'Susp', 'ملعقة كبيرة 3 مرات يومياً', 0, 0),
(742, 'Urinary  Antiseptic\r\n', 'Macrodantin', 'Cap', 'كبسولة 3 مرات يومياً لمدة 10 أيام', 0, 0),
(743, 'Urinary  Antiseptic\r\n', 'Macrofuran 100', 'Cap', 'كبسولة 3 مرات يومياً لمدة 10 أيام', 0, 0),
(744, 'Antibiotics UTI', 'Macrofuran 50 / 100', 'Cap', 'كبسولة 3 مرات يومياً لمدة 5 أيام', 0, 0),
(745, 'Vitamins', 'Magavit Zn', 'Cap', 'كبسولة مرة واحدة يومياً', 0, 0),
(746, 'Vaginal Antiseptics', 'Malva', 'Liquid', 'ملعقة كبيرة على لتر ماء داÙئ شطÙ مهبلى صباحاً ومساءً', 0, 0),
(747, 'Contraception COC', 'Marvelon', 'Tab', 'قرص مرة واحدة يومياً لمدة 21 يوم ثم راحة لمدة أسبوع ثم يكررر', 0, 0),
(748, 'Topical analgesic', 'Massaagil', 'Spary', 'للأستعمال الموضعي 3 مرات يوميا', 0, 0),
(749, 'Cough\r\n', 'Master  Guava', 'Syrup', 'ملعقة 3 مرات يومياً', 0, 0),
(750, 'Vitamins', 'Materna', 'Tab', 'قرص بعد الغذاء يومياً', 0, 0),
(751, 'Calcuim', 'Maxical  ', 'Tab', 'قرص بعد العشاء يومياً', 0, 0),
(752, 'Anti-emetic', 'Meclodoxine', 'Tab', 'قرص  قبل  العشاء  يومياً', 0, 0),
(753, 'Anti-emetic', 'Meclodoxine', 'Tab', 'قرص  قبل  العشاء  يومياً', 0, 0),
(754, 'Vascular Drugs', 'Mediaven 10 mg', 'Tab', 'قرص مرتين يومياً', 0, 0),
(755, 'Topical prep.', 'Medical Vasline', '', 'دهان 3 مرات يومياً', 0, 0),
(756, 'Antibiotics Penicillin', 'Megamox 1 gm', 'Tab', 'قرص كل 12 ساعة', 0, 0),
(758, 'Vascular Drugs', 'Melocam   7.5 mg', 'Tab', 'قرص بعد الاÙطار يومياً', 0, 0);
INSERT INTO `drugs` (`id`, `drugcat`, `drugname`, `drugtype`, `drugdos`, `initialbalance`, `currentbalance`) VALUES
(759, 'Vascular Drugs', 'Melocam  15 mg', 'supp', 'لبوس شرجى يومياً', 0, 0),
(760, 'Vaginal Antiseptics', 'Melprotect     Intimate ', 'Lotion', 'ملعقة كبيرة على  1/2 لتر  ماء داÙئ شطÙ مهبلى صباحاً ومساءً', 0, 0),
(761, 'Resp. Tract\r\n', 'Melrosum', 'Syrup', 'ملعقة كبيرة 3 مرات يومياً', 0, 0),
(762, 'Ovulation induction', 'Menofactor   75 I.U.', 'Vial', 'حقنة عضل يومياً بداية من اليوم الثانى للدورة', 0, 0),
(763, 'Ovulation induction', 'Menofactor   75 I.U.', 'Vial', 'حقنة عضل يومياً بداية من اليوم الثامن للدورة لمدة 3 أيام', 0, 0),
(764, 'Ovulation induction', 'Menogon', 'Amp', '-------امبول عضل يوميا من اليوم -----الى اليوم', 0, 0),
(765, 'Ovulation induction', 'Menogon', 'Vial', 'حقنة عضل يومياً بداية من اليوم الثامن للدورة لمدة 3 أيام', 0, 0),
(766, 'Ovulation induction', 'Menopur 75IU ', 'Amp', 'حقنة عضل يومياً بداية من اليوم الثانى للدورة', 0, 0),
(767, 'Digestant', 'Mentix', 'Cap', 'كبسولة ثلاثة مرات يومياً', 0, 0),
(768, 'Urinary  Antiseptic\r\n', 'Mepa-Furan   100', 'Cap', 'كبسولة 3 مرات يومياً لمدة 10 أيام', 0, 0),
(769, 'PTS', 'Meparose', 'Cap', 'كبسولة واحدة يومياً قبل الدورة 10 أيام', 0, 0),
(770, 'Ovulation induction', 'Merional', 'Amp', 'حقنة عضل يومياً بداية من اليوم الثانى الدورة لمدة 10 أيام', 0, 0),
(771, 'Ovulation induction', 'Merional', 'Vial', 'حقنة عضل يومياً بداية من اليوم الثانى للدورة', 0, 0),
(772, 'Ovulation induction', 'Merional     150    IU', 'Vial', 'حقنة عضل يومياً بداية من اليوم الثانى للدورة', 0, 0),
(773, 'Ovulation induction', 'Merional     75   IU', 'Vial', 'حقنة عضل يومياً بداية من اليوم الثانى للدورة', 0, 0),
(774, 'Ovulation induction', 'Merional   150 I.U.', 'Vial', 'حقنة عضل يومياً بداية من اليوم الثامن للدورة لمدة 3 أيام', 0, 0),
(775, 'Ovulation induction', 'Merional   150 I.U.', 'Vial', 'حقنة عضل يومياً بداية من اليوم الثامن للدورة لمدة 3 أيام', 0, 0),
(776, 'ICSI', 'Merional   75 I.U.', 'Vial', '3 حقنة عضل يومياً  (3 بودرة + 2 ماء) بداية من اليوم التاني للدورة', 0, 0),
(777, 'ICSI', 'Merional   75 I.U.', 'Vial', '3حقنة عضل يومياً  (3 بودرة + 2 ماء) بداية من اليوم التاني للدورة', 0, 0),
(778, 'Ovulation induction', 'Merional   75 I.U.', 'Vial', 'حقنة عضل يومياً بداية من اليوم الثامن للدورة لمدة 3 أيام', 0, 0),
(779, 'Suture\r\n', 'Mersilene', 'Tape', 'خيط لربط عنق الرحم', 0, 0),
(780, 'Contraception Inject', 'Mesocept', 'Amp', 'حقنة عضل شهرياً', 0, 0),
(781, 'Haemorrhage', 'Methergine', 'Tab', 'قرص واحد 3 مرات يومياً لمدة 3 أيام', 0, 0),
(782, 'Vaginal ovules', 'Metrozole', 'Tab', 'قرص واحد يومياً  لمدة 10 أيام', 0, 0),
(783, 'Anti-inflammatory', 'Mexicam', 'supp', 'لبوس شرجى صباحاً ومساءً', 0, 0),
(784, 'Menopause', 'Miacalcic', 'Spray', 'بخاخة يوم بعد يوم', 0, 0),
(786, 'Vaginal ovules', 'Micoban', ' Vag  Supp', 'لبوس مهبلى قبل النوم لمدة 5 أيام', 0, 0),
(787, 'Vaginal ovules', 'Miconaz  400 ', 'Vag  Supp', 'لبوس مهبلى قبل النوم لمدة 3 أيام', 0, 0),
(788, 'Topical Drugs', 'Miconaz-H', 'Emulgel', 'دهان موضعى 3 مرات يومياً', 0, 0),
(789, 'contraception cOC', 'Microcept', 'Tab', 'قرص يومياً لمدة 21 يوم ثم راحة لمدة أسبوع ويكرر', 0, 0),
(791, 'Contraception POP', 'Microlut', 'Tab', 'قرص يوميا بانتظام Ùي نÙس الموعد', 0, 0),
(793, 'Hypotension', 'Midodrine', 'Tab', 'قرص مرتين يومياً', 0, 0),
(794, 'Hypotension', 'Midodrine', 'Tab', 'قرص 3 مرات يومياً', 0, 0),
(795, 'Hypotension', 'Midodrine', 'Drops', '3 نقط مرتين يومياً', 0, 0),
(796, 'Migrain\r\n', 'Migracid', 'Tab', 'قرص واحد 3 مرات يومياً', 0, 0),
(797, 'Migrain\r\n', 'Migramil', 'Tab', 'قرص واحد 3 مرات يومياً', 0, 0),
(798, 'Laxative', 'Minalax', 'Tab', 'قرص  بعد   العشاء', 0, 0),
(799, 'Vitamins', 'Mineravit', 'Cap', 'كبسولة مرة واحدة يومياً', 0, 0),
(803, 'Antiseptic', 'Miphenicol 5%', 'eye drops', 'نقطة واحدة 4 مرات يومياً', 0, 0),
(804, 'Oxytocic', 'Misotac s.l', 'Tab', '2 قرص تحت اللسان', 0, 0),
(805, 'Oxytocic', 'Misotac pO', 'Tab', '4 قرص بالÙم مرة واحدة', 0, 0),
(806, 'Topical prep.', 'Mixderm', 'Cream', 'دهان 3 مرات يومياً', 0, 0),
(807, 'Topical prep.', 'Mixderm', 'Cream', 'دهان 3 مرات يومياً', 0, 0),
(808, 'Anti-inflammatory', 'Mobic', 'supp', 'لبوس شرجى صباحاً ومساءً', 0, 0),
(809, 'Anti-inflammatory', 'Mobic  7.5 mg', 'Tab', 'قرص مرة واحدة يومياً', 0, 0),
(810, 'Vaginal ovules', 'Monicure', 'Vag  Supp', 'لبوس مهبلى قبل النوم لمدة أسبوع', 0, 0),
(811, 'Vaginal ovules', 'Monicure  NH', 'Vag  Ovules', 'لبوس مهبلى قبل النوم لمدة 6 أيام', 0, 0),
(812, 'Vaginal ovules', 'Monicure NH', 'Vag  Supp', 'لبوس مهبلى قبل النوم لمدة 6 أيام', 0, 0),
(813, 'Vaginal ovules', 'Monicure Plus', 'Vag  Supp', 'لبوس مهبلى قبل النوم لمدة  6أيام', 0, 0),
(814, 'Anti-Oxidants\r\n', 'Monta Rose', 'Cap', 'كبسولة  بعد الاÙطار  يومياً', 0, 0),
(815, 'Antidepressant SSRI', 'Moodapex', 'Tab', 'قرص وسط العشاء يومياً', 0, 0),
(816, 'Topical Antirhumatic', 'Moov  Massage', 'Cream', 'دهان  3 مرات  يومياً', 0, 0),
(817, 'Analgesic', 'Morphine  10 mg', 'Amp', 'حقنة عضل', 0, 0),
(818, 'Appetizers\r\n', 'Mosegor', 'Tab', 'قرص واحد ثلاثة مرات يومياً قبل الأكل', 0, 0),
(819, 'Appetizers\r\n', 'Mosegor', 'Syrup', 'ملعقة ثلاثة مرات يومياً', 0, 0),
(820, 'Breast nip fissure', 'Mothercare   nipple', 'cream', 'دهان للعناية بالثدى يومياً', 0, 0),
(821, 'Anxiolytic\r\n', 'Motival', 'Tab', 'قرص قبل النوم', 0, 0),
(822, 'Antacid', 'Mucaine', 'Syrup', 'ملعقة 3 مرات يومياً', 0, 0),
(823, 'Antacid', 'Mucogel', 'Susp', 'ملعقة 3 مرات يومياً', 0, 0),
(824, 'Mucolytics\r\n', 'Mucolyte', 'Syrup', 'ملعقة 3 مرات يومياً', 0, 0),
(825, 'Mucolytics\r\n', 'Mucosolvan', 'Tab', 'قرص 3 مرات يومياً', 0, 0),
(826, 'Mucolytics\r\n', 'Mucosolvan', 'Syrup', 'ملعقة 3 مرات يومياً', 0, 0),
(827, 'Mucolytics', 'Muco-SR', 'Cap', 'كبسولة  يومياً صباحا', 0, 0),
(828, 'Mucolytics\r\n', 'Mucovent', 'Tab', 'قرص 3 مرات يومياً', 0, 0),
(829, 'Vitamins', 'Multicap', 'Cap', 'كبسولة بعد الغذاء يومياً', 0, 0),
(830, 'IUD\r\n', 'Multiload', '', 'لولب', 0, 0),
(831, 'IUD\r\n', 'Multiload', '', 'لولب', 0, 0),
(832, 'IUD\r\n', 'Multiload 375', '', 'لولب', 0, 0),
(833, 'Vitamins Syrup', 'Multisanostal', 'Syrup', 'ملعقة 3 مرات يومياً', 0, 0),
(834, 'Vitamins Syrup', 'Multisanostol-Fe', 'Syrup', 'ملعقة كبيرة بعد الغذاء يومياً', 0, 0),
(835, 'Vitamins', 'Multisis-V', 'Tab', 'قرص واحد ثلاثة مرات يومياً', 0, 0),
(836, 'Vaginal Tab', 'Mykotral   400 mg', 'Vag Tab', 'قرص مهبلى قبل النوم لمدة 3 أيام', 0, 0),
(837, 'Calcuim', 'Mystro-Cal', 'Tab', 'قرص بعد العشاء', 0, 0),
(838, 'Anti-inflammatory', 'Nabuxan    500 mg ', 'Tab', ' قرصين قبل النوم', 0, 0),
(839, 'Analgesic', 'Nalbuphine   Serb', 'Amp', 'حقنة عضل', 0, 0),
(840, 'Analgesic', 'Nalufin', 'Amp', 'حقنة عضل', 0, 0),
(841, 'Anti-inflammatory', 'Naprosyn   500 mg', 'Tab', 'قرص بعد الاكل مرتين يومياً', 0, 0),
(842, 'Anti-inflammatory', 'Naprosyn  500 mg', 'Supp', '  لبوس شرجى يومياً', 0, 0),
(843, 'Anti-hypertensive', 'Concor 2.5mg', 'Tab', 'قرص مرة واحدة يومياً', 0, 0),
(844, 'Anti-inflammatory', 'Navalgin   oblong', 'Tab', 'قرص مرة واحدة يومياً', 0, 0),
(845, 'Anti-ematic', 'Navoproxin', 'rectal supp', 'لبوسة شرجية مرتين يوميا', 0, 0),
(847, 'Eye drops', 'Neo  Pol', 'Eye Drops', 'قطرة عين 3 مرات يومياً', 0, 0),
(848, 'Anorectal', 'Neo - Ultraproct', 'Supp', 'لبوس شرجى صباحاً ومساء', 0, 0),
(849, 'Prep. Contaning AB & cortison\r\n', 'Neo Cortef', 'Drops', 'نقطة واحدة 4 مرات يومياً', 0, 0),
(850, 'Local anaesthetics\r\n', 'Neocaine', 'Cream', 'دهان 3 مرات يومياً', 0, 0),
(852, 'Cough\r\n', 'Neo-coldal', 'Syrup', 'ملعقة 3 مرات يومياً', 0, 0),
(853, 'haemorhoids', 'Neo-Haemorrhan', 'Oint', ' دهان مرتين يومياً', 0, 0),
(854, 'haemorhoids', 'Neo-Haemorrhan', 'Supp', 'لبوس شرجى  مرتين يومياً', 0, 0),
(855, 'Colon Preparation', 'Neomycin 500', 'Tab', 'قرص واحدة 4 مرات يومياً', 0, 0),
(856, 'haemorhoids', 'Neo-ultraproct', 'Supp', 'لبوس شرجى مرتين يومياً', 0, 0),
(857, 'haemorhoids', 'Neo-ultraproct', 'Cream', 'دهان مرة واحدة يومياً', 0, 0),
(858, 'Topical cortisone Prep.', 'Nerison', 'Cream', 'دهان مرتين يومياً', 0, 0),
(859, 'Sedatives&amp;Tranqulizers', 'Neuranzine 100 mg', 'Tab', 'قرص واحد مرتين يومياً', 0, 0),
(860, 'Sedatives&amp;Tranqulizers', 'Neuril   5 mg', 'Tab', 'قرص قبل النوم يومياً', 0, 0),
(861, 'Vitamins Amp', 'Neurobion', 'Amp', 'حقنة عضل يوم بعد يوم', 0, 0),
(862, 'Vitamins', 'Neurobione', 'Tab', 'قرص مرتين يومياً', 0, 0),
(863, 'Vitamins', 'Neurorubine', 'Tab', 'قرص مرتين يومياً', 0, 0),
(864, 'Vitamins Amp', 'Neurorubine', 'Amp', 'حقنة عضل يوم بعد يوم', 0, 0),
(865, 'Vitamins', 'Neurorubine  Forte', 'Tab', 'قرص واحدة يومياً', 0, 0),
(866, 'Hair', 'New Fine', 'Shampoo', 'غسيل الشعر يوم بعد يوم', 0, 0),
(867, 'Influenza\r\n', 'Night and day', 'Tab', 'قرص صباحاً ومساء', 0, 0),
(868, 'Antacid', 'Nizatine   150', 'Cap', 'كبسولة  قبل  النوم يومياً', 0, 0),
(869, 'Antacid', 'Nizatine   300', 'Tab', 'كبسولة  قبل  النوم يومياً', 0, 0),
(870, 'Topical antifungals', 'Nizoral', 'Tab', 'قرص واحد يومياً لمدة 10 يوم', 0, 0),
(871, 'Topical antifungals', 'Nizoral', 'Cream', 'دهان مرتين يومياً', 0, 0),
(872, 'Dandruff & hair falling\r\n', 'Nizoral', 'Shampoo', 'مرة واحدة يومياً لمدة 5 أيام', 0, 0),
(873, 'Antiallergic\r\n', 'No Rash', 'Cream', 'دهان 3 مرات يومياً', 0, 0),
(874, 'Anti-spasmodic\r\n', 'No Spa', 'Tab', 'قرص  3 مرات يومياً', 0, 0),
(875, 'Ovulation induction', 'Nolvadex', 'Tab', 'قرصين صباحاً ومساءً من ثانى يوم للدورة ولمدة 5 أيام', 0, 0),
(876, 'Anti-inflammatory', 'Nopain', 'Amp', 'حقنة مرة واحدة يومياً', 0, 0),
(881, 'Breast DA 2', 'Norprolac 75 mg', 'Tab', 'نصÙ قرص قبل النوم يوميا ', 0, 0),
(882, 'IUD\r\n', 'Nova  T', '', 'لولب', 0, 0),
(883, 'IUD\r\n', 'Nova  T', '', 'لولب', 0, 0),
(884, 'Calcuim', 'Nova Calcuim 500', 'Tab', 'قرص بعد الاÙطار والعشاء', 0, 0),
(885, 'Anti-inflammatory', 'Novacid', 'Tab', 'قرص مرة واحدة يومياً', 0, 0),
(886, 'Anti-inflammatory', 'Novacid', 'Syrup', 'ملعقة واحدة 3 مرات يومياً', 0, 0),
(887, 'Vaginal Antiseptics', 'Novel', 'Liquid', 'مكيال على لتر ماء داÙئ شطÙ مهبلى صباحاً ومساءً', 0, 0),
(888, 'Anti-viruis\r\n', 'Novirus     400', 'Cap', 'قرص واحد 5 مرات يومياً لمدة 10 أيام', 0, 0),
(889, 'Anti-Oxidants\r\n', 'Noxid', 'Cap', 'كبسولة بعد الاÙطار', 0, 0),
(890, 'Anti-Oxidants\r\n', 'Noxy Life', 'Cap', 'كبسولة  بعد الاÙطار  يومياً', 0, 0),
(891, 'Analgesic', 'Nubain', 'Amp', 'حقنة عضل', 0, 0),
(892, 'Anti-spasmodic\r\n', 'Nu-Spasm', 'Tab', 'قرص  3 مرات يومياً', 0, 0),
(893, 'Vaginal ovules', 'Nystazole', 'Vag  Tab', 'لبوس مهبلى قبل النوم لمدة 10 أيام', 0, 0),
(894, 'Vitamins', 'Obron   Plus', 'Cap', 'كبسولة مرتين يومياً', 0, 0),
(895, 'Anti-Oxidants\r\n', 'Octatron', 'Cap', 'كبسولة بعد الاÙطار يومياً', 0, 0),
(896, 'Anti-inflammatory', 'Octomotol', 'Tab', 'قرص 3 مرات يومياً', 0, 0),
(897, 'Eye drops', 'Ocuphenicol', 'Eye  Drops', 'قطرة عين 3 مرات يومياً', 0, 0),
(898, 'Anti-inflammatory', 'Oflam    50', 'Tab', 'قرص عند الألم', 0, 0),
(899, 'Topical Antirhumatic', 'Olfen', 'Gel', 'دهان 3 مرات يومياً', 0, 0),
(900, 'Anti-inflammatory', 'Olfen', 'Amp', 'حقنة عضل صباحاً ومساءً', 0, 0),
(901, 'Anti-inflammatory', 'Olfen   50', 'Tab', 'قرص صباحاً ومساءً بعد الأكل', 0, 0),
(902, 'Anti-inflammatory', 'Olfen   SR 100', 'Supp', 'لبوسة مرة واحدة يومياً', 0, 0),
(903, 'Anti-inflammatory', 'Olfen   SR100', 'Cap', 'كبسولة  واحدة  يومياً', 0, 0),
(904, 'Anti-inflammatory', 'Olfen 75    DA', 'Cap', 'كبسولة  واحدة  يومياً', 0, 0),
(905, ' Hypercholeserolaemic', 'zandros', 'Cap', 'كبسولة  يومياً', 0, 0),
(906, 'Ovulation induction', 'Ondogyn  400', 'Tab', 'قرص صباحاً ومساءً من ثالث يوم للدورة ولمدة 5 أيام', 0, 0),
(907, 'Vitamins', 'One -Alpha', 'Tab', 'قرص مرة واحدة يومياً', 0, 0),
(908, 'Vitamins Syrup', 'One -Alpha', 'Drops', 'مرة واحدة يومياً', 0, 0),
(909, 'Eye drops', 'Ophtamycetine', 'Eye Drops', 'نقطة واحدة 4 مرات يومياً', 0, 0),
(910, 'Vitamins', 'Optical comp', 'Tab', 'قرص مرتين يومياً', 0, 0),
(911, 'Mouth wash\r\n', 'Oracin', 'Mouth Wash', 'مضمضة ثلاث مرات يومياً', 0, 0),
(912, 'Anitfungals\r\n', 'Oracure', 'Gel', 'دهان 3 مرات يومياً', 0, 0),
(913, 'Lozengs\r\n', 'Orfar', 'Tab', 'قرص واحد 3 مرات يومياً', 0, 0),
(914, 'ICSI', 'Orgalutran  0.25  mg', 'Amp', ' حقنة تحت الجلد يوميا من اليوم السابع للدورة', 0, 0),
(915, 'Obesity', 'Delfat', 'Cap', 'قرص قبل الغداء ', 0, 0),
(916, 'Lozengs\r\n', 'Orofar', 'Lozenges', 'قرص للاستحلاب 3 مرات يومياً', 0, 0),
(917, 'Mouth wash\r\n', 'Orofar', 'Mouth Wash', 'مضمضة ثلاث مرات يومياً', 0, 0),
(918, 'Digestant', 'Orogest', 'Tab', 'قرص  بعد  الأكل 3 مرات  يومياً', 0, 0),
(919, 'Digestant', 'Orogest', 'cap', 'قرص وسط الأكل 3 مرات يومياً', 0, 0),
(920, 'Calcuim', 'Oscal   500', 'Tab', 'قرص بعد العشاء يومياً', 0, 0),
(921, 'Cough\r\n', 'Osinex', 'Syrup', 'ملعقة 3 مرات يومياً', 0, 0),
(922, 'Resp. Tract\r\n', 'Osinex', 'Syrup', 'ملعقة كبيرة 3 مرات يومياً', 0, 0),
(923, 'Cough\r\n', 'Osipect', 'Syrup', 'ملعقة 3 مرات يومياً', 0, 0),
(924, 'Resp. Tract\r\n', 'Osipect', 'Syrup', 'ملعقة كبيرة 3 مرات يومياً', 0, 0),
(925, 'Antibiotics Penicillin', 'Ospen 1500', 'Tab', 'قرص واحد 4مرات يومياً', 0, 0),
(927, 'Calcuim', 'Ossopan', 'Tab', 'قرص بعد الاÙطار والعشاء', 0, 0),
(928, 'Calcuim', 'Osteocare', 'Cap', 'قرص  صباحاً  و مساء', 0, 0),
(929, 'Menopause', 'Ostoval', 'Tab', 'قرص بعد العشاء', 0, 0),
(930, 'Prep. Contaning AB & cortison\r\n', 'Otocalm', 'Ear Drops', 'نقطتين للاذن 3 مرات يومياً', 0, 0),
(931, 'Eye drops', 'Otosept', 'Eye  Drops', 'نقطتين كل 4 ساعات لمدة 3 أيام', 0, 0),
(933, 'Nasal Spray', 'Otrivin', 'Nasal Spray', 'بخاخة للأنÙ 3 مرات يومياً', 0, 0),
(934, 'Estrogens', 'Ovestin', 'Tab', 'قرص صباحاً ومساءً بعد انتهاء الأقراص الأولى ولمدة 5 أيام', 0, 0),
(935, 'CNS\r\n', 'Oxybral SR', 'Cap', 'كبسولة واحدة مرتين يومياً', 0, 0),
(936, 'CNS\r\n', 'Oxybral SR', 'Amp', 'حقنة واحدة 3 مرات يومياً', 0, 0),
(938, 'Hormones', 'Oxytocin   5 I.U .', 'Amp', 'حقنة Ùى 500 سم جلوكوز 5% بالنقطة', 0, 0),
(939, 'Hormones', 'Oxytocin 10   I.U.  ', 'Amp', 'كبسولة صباحاً و 2 كبسولة مساءً', 0, 0),
(940, 'Calcuim', 'Oysco', 'Tab', 'قرص بعد الاÙطار والعشاء', 0, 0),
(941, 'Calcuim', 'Oystercal-D', 'Tab', 'قرص مرتين يومياً', 0, 0),
(942, 'Paracetamol', 'Panadol', 'Tab', 'قرص بعد الأكل عند اللزوم', 0, 0),
(943, 'Paracetamol', 'Panadol', 'Tab', 'قرص  بعد  الأكل 3 مرات يومياً', 0, 0),
(944, 'Paracetamol', 'Panadol Extra', 'Tab', 'قرص صباحاً ومساءً بعد الأكل', 0, 0),
(945, 'Topical Drugs', 'Pandermal', 'Oint', 'دهان موضعى 3 مرات يومياً', 0, 0),
(946, 'Topical prep.', 'Pandermal', 'Cream', 'دهان 3 مرات يومياً', 0, 0),
(947, 'Skin ulcer and burns\r\n', 'Panthenol', 'Gel', 'دهان 3 مرات يومياً', 0, 0),
(948, 'Skin ulcer and burns\r\n', 'Panthenol', 'Amp', 'حقنة 3 مرات يومياً', 0, 0),
(949, 'Skin ulcer and burns\r\n', 'Panthenol', 'Lotion', 'دهان 3 مرات يومياً', 0, 0),
(950, 'Breast nip fissure', 'Panthenol', 'Oint', 'دهان موضعى للعناية بالثدى يومياً', 0, 0),
(951, 'Topical Drugs', 'Panthenol', 'Oint', 'دهان موضعى 3 مرات يومياً', 0, 0),
(953, 'Paracetamol', 'Paracetamol', 'Tab', 'قرص 3 مرات يومياً بعد الأكل', 0, 0),
(954, 'Paracetamol', 'Paracetamol', 'Susp', 'ملعقة كبيرة 3 مرات يومياً بعد الأكل', 0, 0),
(955, 'Paracetamol', 'Paramol', 'Tab', 'قرص بعد الأكل 3 مرات يومياً', 0, 0),
(956, 'Paracetamol', 'Paramol', 'Supp', 'لبوس شرجى صباحاً ومساءً', 0, 0),
(957, 'Paracetamol', 'Paramol', 'Syrup', 'ملعقة كبيرة 3 مرات يومياً بعد الأكل', 0, 0),
(959, 'Breast DA 2', 'Parlodel 2.5 mg ', 'Tab', 'نصÙ قرص قبل النوم لمدة 4 أيام ثم قرص قبل النوم لمدة 4 أيام ثم نصÙ قرص صباحاً وقرص مساء بانتظام', 0, 0),
(961, 'unclasified Antibiotics Oral', 'Parox', 'Tab', 'قرص يومياً لمدة 10 أيام', 0, 0),
(962, 'Anti-tussive\r\n', 'Pectipront', 'Syrup', 'ملعقة 3 مرات يومياً', 0, 0),
(963, 'Anti-inflammatory', 'Pediatric Aspirin  75 mg   ', 'Tab', 'قرص بعد العشاء يومياً', 0, 0),
(967, 'Topical Antirhumatic', 'Penta 5', 'Oil', 'دهان  3 مرات  يومياً', 0, 0),
(968, 'Resp. Tract\r\n', 'Penta Mix', 'Syrup', 'ملعقة كبيرة 3 مرات يومياً', 0, 0),
(969, 'Digestant', 'Pepfiz', 'Eff.Tab', 'قرص على 1/2 كوب ماء  بعد  الأكل', 0, 0),
(970, 'Antacid', 'Peptec   40 mg', 'Tab', 'قرص بعد الغذاء يومياً', 0, 0),
(971, 'Ovulation induction', 'Pergonal', 'Amp', 'حقنة عضل يومياً بداية من اليوم الثانى للدورة', 0, 0),
(972, 'Anti-coagulants\r\n', 'Persantin 75', 'Tab', 'قرصين 3 مرات يومياً', 0, 0),
(973, 'Analgesic', 'Pethidine   100 mg     ', 'Amp', 'حقنة عضل', 0, 0),
(974, 'Anti-inflammatory', 'Petro', 'Tab', 'قرصين وقت اللزوم', 0, 0),
(975, 'Topical antifungals', 'Pevaryl', 'Cream', 'دهان 3  مرات يومياً', 0, 0),
(976, 'Topical prep.', 'Pevisone', 'Cream', 'دهان 3 مرات يومياً', 0, 0),
(977, 'Topical antifungals', 'Pevisone', 'Cream', 'دهان 3  مرات يومياً', 0, 0),
(978, 'Appetizers\r\n', 'Phosphoplex Fe', 'Syrup', 'ملعقة كبيرة قبل الأكل 3 مرات يومياً', 0, 0),
(979, 'Laxative', 'Picolax', 'Drops', 'عدد 10 نقط علي نصÙ كوب ماء  ومساءً', 0, 0),
(980, 'Anti-emetic', 'Plasil', 'Tab', 'قرص صباحا و مساء', 0, 0),
(981, 'PTS', 'PMS  Formula', 'Cap', 'كبسولة صباحاً ومساءً قبل الدورة بأسبوعين', 0, 0),
(982, 'Topical prep.', 'Polyderm', 'Cream', 'دهان 3 مرات يومياً', 0, 0),
(983, 'Vaginal Antiseptics', 'Polysept-All', 'Liquid', 'ملعقة كبيرة على لتر ماء داÙئ شطÙ مهبلى صباحاً ومساءً', 0, 0),
(984, 'Antiseptic', 'Polysept-All', 'Lotion', 'ملعقة 3 مرات يومياً', 0, 0),
(985, 'Eye drops', 'Polyspectran     ', 'Eye Drops', 'قطرة عين للطÙل  3 مرات يومياً', 0, 0),
(986, 'Prep. Contaning AB &amp; cortison', 'Polyspectran   0.5    ', 'Oint', 'دهان 3 مرات يومياً', 0, 0),
(987, 'Digestant', 'Polyzyme', 'Tab', 'قرص 3 مرات يومياً', 0, 0),
(988, 'Vascular Drugs', 'Pono Forte 500', 'Cap', 'كبسولة بعد الاÙطار والعشاء', 0, 0),
(989, 'Anti-inflammatory', 'Ponstan', 'Cap', 'كبسولة بعد الاÙطار والعشاء يومياً', 0, 0),
(990, 'Anti-inflammatory', 'Ponstan', 'Syrup', 'ملعقة واحدة مرتين يومياً', 0, 0),
(991, 'Anti-inflammatory', 'Ponstan   Forte', 'Cap', 'كبسولة وسط الأكل 3 مرات يومياً', 0, 0),
(992, 'Vascular Drugs', 'Ponstan Fort  500', 'Tab', 'قرص بعد الاÙطار والعشاء', 0, 0),
(993, 'Anti-inflammatory', 'Ponstan Fort  500', 'Tab', 'قرص بعد الاÙطار والعشاء', 0, 0),
(994, 'Anti-inflammatory', 'Ponstan.', 'Cap', 'كبسولة وسط الأكل 3 مرات يومياً', 0, 0),
(996, 'Vascular Drugs', 'Potafen 50', 'Tab', 'قرص بعد الاÙطار والعشاء', 0, 0),
(997, 'Aphrodiasic\r\n', 'Potensol', 'Cap', 'كبسولة بعد الاÙطار يومياً', 0, 0),
(998, 'Antiseptic', 'Povidone iodine   Solution', '', 'ملعقة مرتين يومياً', 0, 0),
(999, 'Ovulation induction', 'Pregnyl    5000 I.U    ', 'Amp', 'حقنتين عضل يوميا', 0, 0),
(1000, 'Vitamins', 'Pregvit Zinc', 'Cap', 'كبسولة بعد الغذاء يومياً', 0, 0),
(1001, 'Estrogens', 'Premarine  0.625', 'Tab', 'قرص واحد يومياً بعد انتهاء الأقراص الأولى ولمدة 5 أيام', 0, 0),
(1002, 'Hormones', 'Premarine.', 'Cream', 'دهان 3 مرات يوميا', 0, 0),
(1003, 'PTS', 'Premenstrual', 'Cap', 'كبسولة  يومياً قبل الدورة بأسبوع', 0, 0),
(1004, 'PTS', 'Premenstrual', 'Cap', 'كبسولة  يومياً قبل الدورة بأسبوع', 0, 0),
(1005, 'Menopause', 'Prempack-C', 'Tab', 'قرص يومياً', 0, 0),
(1006, 'Vitamins', 'Previt zinc', 'Cap', 'كبسولة مرة واحدة يومياً', 0, 0),
(1007, 'Anti-Oxidants\r\n', 'Prima - 1', 'Cap', 'كبسولة بعد الاÙطار يومياً', 0, 0),
(1008, 'Anti-histaminics', 'Primalan', 'Tab', 'قرص مرتين يومياً', 0, 0),
(1009, 'Anti-histaminics', 'Primalan', 'Syrup', 'ملعقة مرتين يومياً', 0, 0),
(1010, 'PTS', 'Primaleve', 'Cap', 'كبسولة واحدة يومياً قبل الدورة بأسبوعين', 0, 0),
(1011, 'Hormone', 'Primolut  N', 'Tab', 'قرص صباحا و مساء  لمدة 21 يوم ثم راحة لمدة أسبوع ويكرر', 0, 0),
(1012, 'Hormone', 'Primolut  Nor', 'Tab', 'قرص صباحا و مساء  لمدة 21 يوم ثم راحة لمدة أسبوع ويكرر', 0, 0),
(1013, 'Hormone', 'Primolut Depot 250 mg     ', 'Amp', 'حقنة عضل اسبوعيا', 0, 0),
(1014, 'Hormone Progesterone', 'Primosistone', 'Amp', 'حقنة عضل اليوم', 0, 0),
(1015, 'Hormone Testosterone', 'Primoteston-Depot', 'Amp', 'حقنة عضل اليوم', 0, 0),
(1016, 'Anti-emetic', 'Primpran', 'Tab', 'قرص 3 مرات يومياً', 0, 0),
(1017, 'PTS', 'Primrose', 'Cap', 'كبسولة مرتين يومياً قبل الدورة بأسبوعين', 0, 0),
(1018, 'Eye drops', 'Prisoline', 'Eye Drops', 'نقطة واحدة 3 مرات يومياً', 0, 0),
(1019, 'Nasal drops\r\n', 'Prisoline', 'Nasal Drops', 'قطرة أنÙ 3 مرات يومياً', 0, 0),
(1020, 'Eye drops', 'Prisoline Blue', 'Eye Drops', 'نقطة واحدة 3 مرات يومياً', 0, 0),
(1021, 'Eye drops', 'Prisoline Zinc', 'Eye Drops', 'نقطة واحدة 3 مرات يومياً', 0, 0),
(1022, 'haemorhoids', 'Procto Glyvenol', 'Supp', 'لبوس شرجي صباحا  ومساءً', 0, 0),
(1023, 'haemorhoids', 'Procto Glyvenol    ', 'Cream', 'دهان شرجي صباحا  ومساءً يومياً', 0, 0),
(1024, 'Ovulation induction', 'Profasi    5000 I.U     ', 'Amp', 'حقنتين عضل يوميا', 0, 0),
(1025, 'Topical Antirhumatic', 'Profenid', 'Gel', 'دهان 3 مرات يومياً', 0, 0),
(1026, 'Anti-inflammatory', 'Profenid 100 mg     ', 'Supp', 'لبوسة مرتين يومياً', 0, 0),
(1027, 'Anti-inflammatory', 'Profinal', 'Tab', 'قرص بعد الاÙطار والعشاء', 0, 0),
(1028, 'Anti-inflammatory', 'Profinal  400  mg   ', 'Tab', 'قرص صباحاً ومساءً بعد الأكل', 0, 0),
(1031, 'Vitamins', 'Pronate', 'Tab', 'قرص بعد الغذاء يومياً', 0, 0),
(1032, 'Paracetamol', 'Pronto Plus', 'Tab', 'قرص  بعد  الأكل 3 مرات يومياً', 0, 0),
(1036, 'Hormone', 'Prontogest   400', 'Supp', 'لبوسة مهبلية / شرجية يوميا', 0, 0),
(1037, 'Oxytocic\r\n', 'Prostin E2', 'Vag Tab', 'لبوس مهبلي قبل النوم', 0, 0),
(1038, 'Gastrointestinal', 'Protozole', 'Tab', 'قرصين قبل الغدا وقرصين بعد العشا', 0, 0),
(1039, 'Hormone Progesterone', 'Provera', 'Tab', 'قرص صباحا و مساء  لمدة 21 يوم ثم راحة لمدة أسبوع ويكرر', 0, 0),
(1040, 'Vitamins', 'Provit', 'Tab', 'قرص بعد الغذاء يومياً', 0, 0),
(1041, 'Urinary  Antiseptic', 'Proximol Comp   Eff.    Bottle', '', 'ملعقة كبيرة علي كوب ماء 3 مرات يومياً', 0, 0),
(1042, 'Saly', 'Prozac   20 mg', 'Tab', 'قرص مرة واحدة يومياً  لمدة شهر', 0, 0),
(1043, 'Cough\r\n', 'Pulmonal-N', 'Syrup', 'ملعقة 3 مرات يومياً', 0, 0),
(1044, 'Ovulation induction', 'Puregon   100 I.U.', 'Amp', 'امبول عضل يوميا من اليوم -----الى اليوم', 0, 0),
(1045, 'Ovulation induction', 'Puregon  100 I.U.', 'Amp', 'نصÙ امبول عضل يوميا من اليوم -----الى اليوم', 0, 0),
(1046, 'Breast nip fissure', 'Purelan', 'Cream', 'دهان للعناية بالثدى يومياً', 0, 0),
(1047, 'Paracetamol', 'Pyral', 'Tab', 'قرص بعد الأكل 3 مرات يومياً', 0, 0),
(1048, 'Paracetamol', 'Pyral', 'Syrup', 'ملعقة كبيرة بعد الأكل 3 مرات يومياً', 0, 0),
(1049, 'Topical prep.', 'Quadriderm', 'Cream', 'دهان 3 مرات يومياً', 0, 0),
(1050, ' Hypercholeserolaemic\r\n', 'Questran', 'Sachet', 'كيس علي كوب ماء 3 مرات يومياً', 0, 0),
(1051, 'Bronchodilators', 'Quibron-T SR', 'Tab', 'نصÙ قرص مرتين يومياً', 0, 0),
(1052, 'Menopause', 'Ralox', 'Tab', 'قرص  يوميا   بانتظام', 0, 0),
(1053, 'Menopause', 'Ralox', 'Tab', 'قرص يومياً', 0, 0),
(1056, 'Antacid', 'Ranitidine    300', 'Tab', 'قرص بعد الغذاء يومياً', 0, 0),
(1057, 'Antacid', 'Ranitidine    300', 'Tab', 'قرص بعد الغذاء يومياً', 0, 0),
(1058, 'Antacid', 'Rantag   300', 'Tab', 'قرص بعد الغذاء يومياً', 0, 0),
(1059, 'Anti-inflammatory', 'Rapidus   50', 'Tab', 'قرص صباحاً ومساءً بعد الأكل', 0, 0),
(1061, 'Laxative', 'Regumucil', 'Sachets', 'كيس علي كوب ماء ثم كوب ماء أخر', 0, 0),
(1062, 'Dandruff & hair falling\r\n', 'Rehair', 'Solution', 'مرتين يومياً لمدة 120 يوم', 0, 0),
(1063, 'Anxiolytic\r\n', 'Relaxina', 'Tab', 'قرص صباحاً ومساءً', 0, 0),
(1065, 'Antacid', 'Rennie', 'Tab', 'قرص بعد الغذاء والعشاء يومياً', 0, 0),
(1066, 'Varicose Veins\r\n', 'Reparil', 'gel', 'دهان 3 مرات يومياً', 0, 0),
(1067, 'Anti-inflammatory', 'Reparil', 'Tab', 'قرص 3 مرات يومياً', 0, 0),
(1068, 'Vascular Drugs', 'Reparil', 'Tab', 'قرص 3 مرات يومياً', 0, 0),
(1069, 'Hypotension', 'Respirin', 'Drops', 'عدد 10 نقط علي نصÙ كوب 3 مرات يومياً', 0, 0),
(1070, 'Anti-emetic', 'Restine', 'Tab', 'قرص  قبل  العشاء  يومياً', 0, 0),
(1071, 'Antibiotics Penicillin', 'Retarpen 1.200.000', 'Vial', 'حقنة عضل شهريا', 0, 0),
(1072, 'Heart  Failure\r\n', 'Retart', 'Tab', 'قرص واحد 3 مرات يومياً', 0, 0),
(1073, 'Vaginal Antiseptics', 'Revarest', 'Liquid', '2مكيال على لتر ماء داÙئ شطÙ مهبلى صباحاً ومساءً', 0, 0),
(1074, 'Rh negative', 'Rhes GAM', 'vial', 'حقنه عضل بعد الولادة مباشرة', 0, 0),
(1075, 'Rh negative', 'Rhesogamma', 'vial', 'حقنه عضل بعد الولادة مباشرة', 0, 0),
(1076, 'Rh negative', 'Rhesonativ', 'amp', 'حقنه عضل بعد الولادة مباشرة', 0, 0),
(1077, 'Anti-inflammatory', 'Rheumafen  SR100   ', 'Cap', 'كبسولة مرة واحدة يومياً', 0, 0),
(1078, 'Influenza\r\n', 'Rhinamol', 'Syrup', 'ملعقة ثلاثة مرات يومياً', 0, 0),
(1079, 'Nasal drops\r\n', 'Rhinex', 'Nasal Drop', 'نقطة واحدة 3 مرات يومياً', 0, 0),
(1080, 'Nasal drops\r\n', 'Rhino cort', 'Aerosal', 'مرتين يومياً', 0, 0),
(1081, 'Influenza\r\n', 'Rhino stop', 'Nasal  Drop', 'مرتين يومياً', 0, 0),
(1082, 'Influenza\r\n', 'Rhino-c', 'Tab', 'قرص واحد ثلاثة مرات يومياً', 0, 0),
(1083, 'Influenza\r\n', 'Rhinopront', 'Cap', 'كبسولة مرتين يومياً', 0, 0),
(1084, 'Influenza\r\n', 'Rhinopront', 'Susp', 'ملعقة مرتين يومياً', 0, 0),
(1085, 'unclasified Antibiotics Oral', 'Rimactane  300', 'Cap', 'كبسولة 3 مرات يومياً', 0, 0),
(1086, 'Antacid', 'Riopan Plus', 'Susp', 'ملعقة 3 مرات يومياً', 0, 0),
(1087, 'Saly', 'Risperdal     2 mg', 'Tab', 'قرص مرة واحدة يومياً  لمدة شهر', 0, 0),
(1088, 'Aspirin\r\n', 'Rivo 75', 'Tab', 'قرص مرة واحدة يومياً', 0, 0),
(1090, 'Anti-inflammatory', 'Romacox    25 mg', 'Tab', 'قرص بعد الاÙطار', 0, 0),
(1091, 'Anti-inflammatory', 'Romacox   12.5 mg', 'Tab', 'قرص بعد الاÙطار', 0, 0),
(1092, 'Topical Antirhumatic', 'Romafen', 'Gel', 'دهان 3 مرات يومياً', 0, 0),
(1093, 'Circulatory distirubance\r\n', 'Ronicol retard', 'Tab', 'قرص واحد مرتين يومياً', 0, 0),
(1094, 'Hair', 'Rootage', 'Cream', 'كريم للشعر يومياً', 0, 0),
(1095, 'Antibiotics Macrolide', 'Rovac 3 M IU  ', 'Tab', 'قرص كل 12 ساعة لمدة 21 يوم', 0, 0),
(1096, 'Antibiotics Macrolide', 'Rovamycin 3 M IU', 'Tab', 'قرص كل 12 ساعة لمدة  21 يوم', 0, 0),
(1098, 'Urinary Tract Drugs', 'Rowahnex', 'Cap', 'كبسولة 3 مرات يومياً', 0, 0),
(1099, 'Anti-Oxidants\r\n', 'Royal   power', 'Cap', 'كبسولة بعد الاÙطار يومياً', 0, 0),
(1100, 'Anti-Oxidants\r\n', 'Royal  4', 'Cap', 'كبسولة قبل الاÙطار يومياً', 0, 0),
(1101, 'Vitamins', 'Royal  Jelly', 'Cap', 'كبسولة مرة واحدة يومياً', 0, 0),
(1103, 'Vascular Drugs', 'Ruta-C  60', 'Tab', 'قرص 3 مرات يومياً', 0, 0),
(1104, 'Vascular Drugs', 'Rutin C', 'Cap', 'كبسولة واحدة 3 مرات يومياً', 0, 0),
(1105, 'Anti-Oxidants\r\n', 'Sagment', 'Cap', 'كبسولة  بعد الاÙطار  يومياً', 0, 0),
(1106, 'BA Step 4 oral B2agonist', 'Salbovent', 'Tab', 'قرص واحد ثلاثة مرات يومياً', 0, 0),
(1107, 'Bronchodilators', 'Salbovent', 'Amp', 'حقنة مرة واحدة يومياً', 0, 0),
(1108, 'Bronchodilators', 'Salbovent', 'Syrup', 'ملعقة ثلاثة مرات يومياً', 0, 0),
(1109, 'Bronchodilators', 'Salbovent fotre', 'Tab', 'قرص واحد ثلاثة مرات يومياً', 0, 0),
(1111, 'Fluids', 'Saline 500', 'Bottle', '.', 0, 0),
(1112, 'Vitamins', 'Sandoz    Iron', 'Tab', 'قرص للاستحلاب صباحا و مساءً', 0, 0),
(1113, 'Calcuim', 'Sandoz Calcium  D3', 'Tab', 'قرص للاستحلاب صباحا و مساءً', 0, 0),
(1114, 'Scabies & Lice Prep.\r\n', 'Scabine', 'Cream', 'دهان مرة واحدة أسبوعياً', 0, 0),
(1115, 'Keloid prevention\r\n', 'Scaro', 'Cream', 'دهان موضعي صباحاً ومساء', 0, 0),
(1116, 'Keloid prevention\r\n', 'Scartex', 'Gel', 'دهان موضعي 3  مرات يومياً', 0, 0),
(1117, 'Gastroint. Tract', 'Secnidazole  500', 'Tab', 'قرصين قبل الغدا وقرصين بعد العشا', 0, 0),
(1118, 'haemorhoids', 'Sediproct', 'Supp', 'لبوسة واحدة مرتين يومياً', 0, 0),
(1119, 'Vitamins', 'Selenium Vit', 'Tab', 'قرص مرة واحدة يومياً', 0, 0),
(1120, 'Anti-Oxidants\r\n', 'Selenium-ACE', 'Tab', 'قرص قبل الاÙطار يومياً', 0, 0),
(1121, 'Dandruff & hair falling\r\n', 'Selsun blue', 'Lotion', 'مرة واحدة يومياً', 0, 0),
(1122, 'Sulfa\r\n', 'Septazol', 'Tab', 'قرصين مرة واحدة يومياً لمدة  10 ايام', 0, 0),
(1123, 'Sulfa\r\n', 'Septazol', 'Susp', 'ملعقتين مرتين يومياً', 0, 0),
(1124, 'Antiseptic', 'Septocid', 'Solution', 'ملعقة 3 مرات يومياً', 0, 0),
(1125, 'Sulfa\r\n', 'Septrin', 'Tab', 'قرص واحد مرتين يومياً لمدة  10 ايام', 0, 0),
(1126, 'Sulfa\r\n', 'Septrin', 'susp', 'ملعقة واحدة مرتين يومياً', 0, 0),
(1127, 'Vitamins', 'Servivit plus', 'Cap', 'كبسولة بعد الغذاء يومياً', 0, 0),
(1128, 'Antiseptic', 'Setavlon', 'Solution', 'ملعقة مرتين يومياً', 0, 0),
(1129, 'Obesity', 'Sibotrim  10', 'Tab', 'قرص مرة واحدة يومياً', 0, 0),
(1130, 'Obesity', 'Sibotrim  15', 'Tab', 'قرص مرة واحدة يومياً', 0, 0),
(1131, 'Topical cortisone Prep.', 'Sicorten  0.5%', 'Cream', 'دهان مرتين يومياً', 0, 0);
INSERT INTO `drugs` (`id`, `drugcat`, `drugname`, `drugtype`, `drugdos`, `initialbalance`, `currentbalance`) VALUES
(1132, 'Topical prep.', 'Sicortin-plus', 'Cream', 'دهان مرتين يومياً', 0, 0),
(1133, 'surgery', 'Silk suture 00', 'Amp', '.', 0, 0),
(1134, 'Influenza\r\n', 'Sime-up', 'Syrup', 'ملعقة ثلاثة مرات يومياً', 0, 0),
(1135, 'Anti-tussive\r\n', 'Sinecod', 'Syrup', 'ملعقة 3 مرات يومياً', 0, 0),
(1136, 'Bronchial asthma\r\n', 'Singulaire', 'Cap', 'كبسولة كل 12 ساعة', 0, 0),
(1137, 'Anti-inflammatory', 'Sinupret', 'Tab', ' قرصين 3 مرات يومياً بعد الأكل', 0, 0),
(1138, 'Dandruff & hair falling\r\n', 'Skin - Care Plus', 'Tab', 'قرص واحد يومياً', 0, 0),
(1139, 'Vaginal Antiseptics', 'Skin Wash', 'Antiseptic', '2 مكيال على لتر ماء داÙئ شطÙ مهبلى صباحاً ومساءً', 0, 0),
(1140, 'Acne Prep.\r\n', 'Skinoren', 'Cream', 'دهان مرتين يومياً', 0, 0),
(1141, 'Obesity', 'Slim Safe', 'Cap', 'قرص قبل الغداء والعشاء', 0, 0),
(1142, 'Vitamins', 'Slow-Fe', 'Tab', 'قرص مرتين يومياً بعد الاكل', 0, 0),
(1143, 'Vitamins', 'Slow-Fe folic', 'Tab', 'قرص مرتين يومياً بعد الاكل', 0, 0),
(1144, 'Antiseptic', 'Softamycin', 'Oint', 'مرتين يومياً', 0, 0),
(1145, 'Skin ulcer and burns\r\n', 'Solcoseryl', 'Oint', 'دهان 3 مرات يومياً', 0, 0),
(1146, 'Skin ulcer and burns\r\n', 'Solcoseryl', 'Amp', 'حقنة كل 12 ساعة', 0, 0),
(1147, 'Vitamins', 'Solu - Vit', 'Tab', 'قرص مرتين يومياً', 0, 0),
(1148, 'Hormones', 'Solupred    20 mg', 'Tab', 'قرص  بعد  الÙطار يومياً', 0, 0),
(1149, 'Mucolytics\r\n', 'Solvex', 'Cap', 'كبسولة 3 مرات يومياً', 0, 0),
(1150, 'Mucolytics\r\n', 'Solvex', 'Syrup', 'ملعقة 3 مرات يومياً', 0, 0),
(1151, 'Anti-inflammatory', 'Soral', 'Cap', 'كبسولة بعد الاÙطار يومياً', 0, 0),
(1152, 'Vascular Drugs', 'Soral', 'Cap', 'كبسولة بعد الاÙطار يومياً', 0, 0),
(1153, 'Anti-inflammatory', 'Soral', 'supp', 'لبوس شرجى صباحاً ومساءً', 0, 0),
(1155, 'Digestant', 'Spasmo canulase    ', 'Tab', 'قرص  وسط الأكل 3 مرات يومياً', 0, 0),
(1156, 'Anti-spasmodic\r\n', 'Spasmocibalgin', 'Tab', 'قرص  3 مرات يومياً', 0, 0),
(1157, 'Antispasmodic\r\n', 'Spasmocure', 'Tab', 'قرص  عند   اللزوم', 0, 0),
(1158, 'Anti-spasmodic\r\n', 'Spasmocure', 'Tab', 'قرص  3 مرات يومياً', 0, 0),
(1159, 'Digestant', 'Spasmo-digestin', 'Tab', 'قرص وسط الأكل 3 مرات يومياً', 0, 0),
(1160, 'Antispasmodic\r\n', 'Spasmomen', 'Tab', 'قرص  عند   اللزوم', 0, 0),
(1161, 'Anti-spasmodic\r\n', 'Spasmomen', 'Tab', 'قرص 3 مرات يومياً', 0, 0),
(1162, 'Anti-spasmodic\r\n', 'Spasmoparalgin', 'Tab', 'قرص  3 مرات يومياً', 0, 0),
(1163, 'Urinary Tract Drugs', 'Spasmo-Urgenin', 'Tab', 'قرص  3 مرات يومياً', 0, 0),
(1168, 'Oral Antifugal', 'Sporanox', 'Cap', ' كبسولتين بعد الاÙطار والعشاء', 0, 0),
(1169, 'Topical antifungals', 'Sporanox', 'Tab', 'قرصين 7 مرات يومياً', 0, 0),
(1170, 'Topical Antirhumatic', 'Spunky', 'Gel', 'دهان  3 مرات  يومياً', 0, 0),
(1171, 'Hormone', 'Steronate', 'Tab', 'قرص صباحاً و مساءً لمدة 7 أيام بداية من يوم', 0, 0),
(1172, 'Hormone', 'Steronate', 'Tab', 'قرص صباحا و مساء  لمدة 21 يوم ثم راحة لمدة أسبوع ويكرر', 0, 0),
(1173, 'Paracetamol', 'Stopain', 'Caplet', 'قرص  بعد  الأكل 3 مرات يومياً', 0, 0),
(1175, 'Vitamins', 'Stress Tab', 'Tab', 'قرص بعد الغذاء يومياً', 0, 0),
(1176, 'Vitamins', 'Stress with Fe', 'Tab', 'قرص بعد الغذاء يومياً', 0, 0),
(1177, 'Circulatory distirubance\r\n', 'Stugeron', 'Tab', 'قرص واحد 3 مرات يومياً', 0, 0),
(1178, 'Haemorrhage', 'Styptobion', 'Amp', 'حقنة  3 مرات يومياً', 0, 0),
(1179, 'Mouth wash\r\n', 'Sulfameria', 'Mouth Wash', 'مضمضة ثلاث مرات يومياً', 0, 0),
(1180, 'Skin Whitening\r\n', 'Sun Rise', 'Cream', 'دهان موضعي يومياً', 0, 0),
(1181, 'Dandruff & hair falling\r\n', 'Super Hair', 'Tab', 'قرص واحد يومياً', 0, 0),
(1182, 'Vitamins', 'Supravit', 'Cap', 'كبسولة  بعد الغذاء   يومياً', 0, 0),
(1183, 'Antibiotics Cephalosporin', 'Suprax / Zimacef 200', 'Cap', 'كبسولة يومياً لمدة 8 أيام', 0, 0),
(1184, 'Antibiotics Cephalosporin', 'Suprax / Zimacef 400', 'Cap', 'كبسولة يومياً لمدة 5 أيام', 0, 0),
(1185, 'Anti-inflammatory', 'Surgam  300 mg   ', 'Supp', 'لبوسة واحدة مرتين يومياً', 0, 0),
(1186, 'Anti-inflammatory', 'Surgam 300 mg', 'Vial', 'حقنة  عضل مرتين يومياً', 0, 0),
(1187, 'Anti-inflammatory', 'Surgam 300 mg', 'Tab', 'قرص واحد  بعد الاكل مرتين يومياً', 0, 0),
(1188, 'Sulfa\r\n', 'Sutrim', 'Tab', 'قرصين مرة واحدة يومياً لمدة  10 ايام', 0, 0),
(1189, 'Sulfa\r\n', 'Sutrim', 'susp', 'ملعقتين مرتين يومياً لمدة  10 ايام', 0, 0),
(1190, 'Vitamins Syrup', 'Sytron', 'Syrup', 'ملعقة كبيرة 3 مرات يومياً بعد الأكل', 0, 0),
(1191, 'ICSI', 'Lucrin', 'Vial', 'عدد 15 شرطة تحت الجلد يوميا باستمرار من يوم', 0, 0),
(1193, 'Antacid', 'Tagemet', 'Tab', 'قرص مرة يومياً', 0, 0),
(1194, 'Ovulation induction', 'Tamofen', 'Tab', 'قرص صباحاً ومساءً من ثالث يوم للدورة ولمدة 5 أيام', 0, 0),
(1195, 'Ovulation induction', 'Tamoxifen    20', 'Tab', 'قرص صباحاً ومساءً من ثانى يوم للدورة ولمدة 5 أيام', 0, 0),
(1196, 'Topical Antirhumatic', 'Tantum', 'Gel', 'دهان مرتين يومياً', 0, 0),
(1197, 'Topical Antirhumatic', 'Tantum', 'cream  Forte', 'دهان  3 مرات  يومياً', 0, 0),
(1198, 'Mouth wash\r\n', 'Tantum', 'Mouth Wash', 'ثلاث مرات يومياً', 0, 0),
(1199, 'Topical Antirhumatic', 'Tantum forte', 'cream', 'دهان مرتين يومياً', 0, 0),
(1200, 'Vaginal Antiseptics', 'Tantum Rosa', 'Powder', 'كيس على لتر ماء داÙئ شطÙ مهبلى صباحاً ومساءً', 0, 0),
(1201, 'Antibiotics quinolones', 'Tarivid / tarivan 200', 'Tab', 'قرص كل 12 ساعة لمدة  5 أيام', 0, 0),
(1202, 'Anti-histaminics', 'Tavegyl', 'Syrup', 'ملعقة مرتين يومياً', 0, 0),
(1203, 'Vaginal ovules', 'Tergynan', 'Vag  Tab', 'لبوس مهبلى قبل النوم لمدة 10 أيام', 0, 0),
(1204, 'Antiseptic', 'Terramycin', 'Eye  Oint', 'مرهم مرة واحدة عند النوم', 0, 0),
(1206, 'Topical prep.', 'Tetracort', 'Oint', '3 مرات يومياً', 0, 0),
(1208, 'Vitamins', 'Theragran H', 'Tab', 'قرص بعد الغذاء يومياً', 0, 0),
(1209, 'Vitamins', 'Theragran M', 'Tab', 'قرص بعد الغذاء يومياً', 0, 0),
(1210, 'Vitamins', 'Theragran S', 'Tab', 'قرص بعد الغذاء يومياً', 0, 0),
(1211, 'Vitamins Syrup', 'Theragran.', 'Syrup', 'ملعقة كبيرة  ثلاث مرات يومياً', 0, 0),
(1213, 'Gastroint. Tract', 'Tibezole     500', 'Tab', '3 قرص بعد الغذاء للزوجين', 0, 0),
(1214, 'Vaginal ovules', 'Tibezole     500     ', 'Vag  Supp', 'لبوس مهبلى قبل النوم لمدة 5 أيام', 0, 0),
(1215, 'Anti-depressant', 'Tofranil 25 mg', 'Tab', 'قرص واحد 3 مرات يومياً', 0, 0),
(1216, 'nocturnal enuresis\r\n', 'Tofranil 25 mg', 'Tab', 'قرص عند النوم', 0, 0),
(1218, 'Resp. Tract', 'Oplex', 'Syrup', 'ملعقة كبيرة 3 مرات يومياً', 0, 0),
(1219, 'Vitamins', 'Top-vit  plus', 'Cap', 'كبسولة  بعد الغداء  يومياً', 0, 0),
(1220, 'Vaginal Cream\r\n', 'Topzol-V', 'Cream', 'دهان مرة واحدة  يومياً لمدة 3 أيام', 0, 0),
(1222, 'Topical prep.', 'Tpoica', 'Cream', 'دهان 3 مرات يومياً', 0, 0),
(1223, 'Analgesic', 'Tramal', 'Amp', 'حقنة عضل', 0, 0),
(1224, 'Sedatives&Tranqulizers\r\n', 'Tranexene  5 mg', 'Tab', 'قرص واحد قيل النوم', 0, 0),
(1225, 'Topical prep.', 'Travocort', 'Cream', 'دهان مرتين يومياً', 0, 0),
(1226, 'Topical antifungals', 'Travogen', 'Cream', 'دهان مرتين يومياً', 0, 0),
(1227, 'Oral Antifugal', 'Treflucan', 'Cap', 'كبسولة  واحدة  و تكرر بعد أسبوع', 0, 0),
(1228, 'Vitamins Amp', 'Tri Vitacid', 'Amp', 'حقنة عضل يوم بعد يوم', 0, 0),
(1229, 'Influenza\r\n', 'Triaminic', 'Tab', 'قرص مرتين يومياً', 0, 0),
(1230, 'Influenza\r\n', 'Triaminic', 'Drops', 'مرتين يومياً', 0, 0),
(1231, 'Influenza\r\n', 'Triaminic', 'Syrup', 'ملعقة مرتين يومياً', 0, 0),
(1232, 'Vitamins', 'Tri-B', 'Tab', 'قرص 3 مرات يومياً', 0, 0),
(1233, 'Oral Antifugal', 'Triconal', 'Cap', 'كبسولة مرة واحدة', 0, 0),
(1234, 'Topical prep.', 'Triderm', 'Cream', 'دهان 3 مرات يومياً', 0, 0),
(1237, 'Contraception COC', 'Triocept', 'Tab', 'قرص مرة واحدة يومياً لمدة 21 يوم ثم راحة لمدة أسبوع ثم يكرر', 0, 0),
(1239, 'Hormones', 'Trisequens', 'Tab', 'قرص يومياً بداية بالاقراص الزرقاء ثم البيضاء ثم الحمراء لمدة 28 يوم ثم يكرر', 0, 0),
(1240, 'Menopause', 'Trisequens', 'Tab', 'قرص يومياً  باتظام', 0, 0),
(1241, 'Hormones', 'Trisequens', 'Tab', 'قرص يومياً بداية بالاقراص الزرقاء ثم البيضاء ثم الحمراء ثم راحة لمدة أسبوع ويكرر', 0, 0),
(1242, 'Mucolytics\r\n', 'Trisolvon', 'Cap', 'كبسولة 3 مرات يومياً', 0, 0),
(1243, 'Mucolytics\r\n', 'Trisolvon', 'Syrup', 'ملعقة 3 مرات يومياً', 0, 0),
(1244, 'Saly', 'Tritace Protect  10 mg', 'Tab', 'قرص صباحا و مساء  لمدة شهر', 0, 0),
(1245, 'Vitamins', 'Trivitacid', 'Tab', 'قرص 3 مرات يومياً', 0, 0),
(1246, 'Topical antifungals', 'Trosyd', 'Nail', 'مرة واحدة يومياً لمدة 90 يوم', 0, 0),
(1247, 'Topical antifungals', 'Trosyd', 'Cream', 'دهان 3  مرات يومياً', 0, 0),
(1248, 'Topical antifungals', 'Trosyd', 'Solution', '3 مرات يومياً', 0, 0),
(1249, 'Antifungal\r\n', 'Trosyd', 'Dermal Powder', 'بدرة للأستعمال الموضعي صباحاً  و مساء', 0, 0),
(1250, 'Tocolytic', 'Turinal', 'Tab', 'قرص مرتين يومياً', 0, 0),
(1251, 'Anti-tussive\r\n', 'Tussilar', 'Tab', 'قرص 3 مرات يومياً', 0, 0),
(1252, 'Cough\r\n', 'Tussinor', 'Syrup', 'ملعقة 3 مرات يومياً', 0, 0),
(1253, 'Paracetamol', 'Tylenol Forte', 'Tab', 'قرص بعد الأكل عند اللزوم', 0, 0),
(1254, 'Paracetamol', 'Tylenol Forte', 'Tab', 'قرص بعد الأكل 3 مرات يومياً', 0, 0),
(1255, 'Gastroint. Tract', 'Ultra-carbon', 'Tab', 'قرص بعد الأكل 3 مرات يومياً', 0, 0),
(1256, 'Vitamins', 'Ultra-vit', 'Tab', 'قرص بعد الغذاء يومياً', 0, 0),
(1257, 'Antibiotics Penicillin', 'Unasyn 375 mg', 'Tab', 'قرص كل 8 ساعة', 0, 0),
(1258, 'Antibiotics Penicillin', 'Unasyn 1.5 gm', 'Vial', 'حقنة عضل كل 12 ساعة', 0, 0),
(1260, 'Urinary  Antiseptic\r\n', 'Urinex', 'Cap', 'كبسولة قبل الأكل 3 مرات', 0, 0),
(1261, 'Urinary Tract Drugs', 'Urinex', 'Cap', 'كبسولة قبل الأكل 3 مرات', 0, 0),
(1262, 'Urinary Tract Drugs', 'Uripan   SR', 'Tab', 'قرص يوميا', 0, 0),
(1263, 'Urinary  Antiseptic\r\n', 'Urisept.', 'Tab', 'قرص 3 مرات يومياً', 0, 0),
(1264, 'Gout and ureate cystals\r\n', 'Urivin    Effervescent  Granules', '', 'كيس علي 1/2 كوب ماء  ثلاث مرات يومياً', 0, 0),
(1265, 'Gout\r\n', 'Urosolvin eff', 'Granules', 'كيس علي 1/2 كوب ماء  ثلاث مرات يومياً', 0, 0),
(1266, 'Urinary  Antiseptic\r\n', 'Uro-Vaxom', 'Cap', 'كبسولة قبل الاÙطار لمدة 3 شهور', 0, 0),
(1267, 'Hormone Progrsterone', 'Utrocare', 'Cap', 'كبسولة  مهبلية  3  مرات يومياً', 0, 0),
(1268, 'Hormone Progrsterone', 'Utrocare', 'Cap', 'كبسولتين مهبلى صباحاً و مساءً من يوم --        -- لمدة 10 أيام', 0, 0),
(1269, 'Hormone Progrsterone', 'Utrocare', 'Cap', '( كبسولتين صباحاً و   كبسولين مساءً وسط الأكل او عن طريق المهبل (الأÙضل', 0, 0),
(1270, 'PTS', 'Uterogestan.', 'Cap', 'كبسولة صباحاً ثم 2 كبسولة مساءً', 0, 0),
(1271, 'Tocolytic', 'Uterogestan.', 'Cap', 'كبسولة صباحاً و2 كبسولة مساءً', 0, 0),
(1272, 'Urinary  Antiseptic\r\n', 'Uvamin retard', 'Cap', 'كبسولة   صباحاً ومساء  لمدة 7 أيام', 0, 0),
(1273, 'Urinary  Antiseptic\r\n', 'Uvamin retard', 'Cap', 'كبسولة  3 مرات  لمدة 10 أيام', 0, 0),
(1274, 'Vitamins', 'V 2', 'Cap', 'كبسولة مرة واحدة يومياً', 0, 0),
(1275, 'Vitamins', 'V 2-plus', 'Cap', 'كبسولة مرة واحدة يومياً', 0, 0),
(1276, 'Oxytocic\r\n', 'Vagiprost 25u', 'Vag Tab', 'لبوس مهبلي قبل النوم', 0, 0),
(1277, 'Vaginal Antiseptic', 'Vagyl', 'Sachet', 'كيس على لتر ماء داÙىء شطÙ مهبلى صباحاً ومساءً', 0, 0),
(1278, 'Sedatives&Tranqulizers\r\n', 'Valinil    5 mg', 'Tab', 'قرص واحد قيل النوم', 0, 0),
(1279, 'Anxiolytic\r\n', 'Valium', 'amp', 'حقنة عضل', 0, 0),
(1280, 'Sedatives&amp;Tranqulizers', 'Valium   2 mg', 'Tab', 'قرص واحد قيل النوم', 0, 0),
(1281, 'Vaginal Antiseptics', 'Vamix', 'Liquid', 'ملعقة كبيرة على لتر ماء داÙئ شطÙ مهبلى صباحاً ومساءً', 0, 0),
(1282, 'Hypotension', 'Vascon', 'Tab', 'قرص واحد 3 مرات يومياً', 0, 0),
(1283, 'Circulatory distirubance\r\n', 'Vascular', 'Tab', 'قرص واحد 3 مرات يومياً', 0, 0),
(1284, 'Local\r\n', 'Vasline', 'Oint', 'دهان موضعي 3 مرات يومياً', 0, 0),
(1287, 'Varicose Veins\r\n', 'Venoruton', 'Cap', 'كبسولة واحدة مرتين يومياً', 0, 0),
(1288, 'Vascular Drugs', 'Venoruton   Fort', 'Tab', 'قرص بعد الاÙطار', 0, 0),
(1289, 'Vascular Drugs', 'Venoruton  300', 'Cap', 'كبسولة صباحاً ومساءً', 0, 0),
(1290, 'Vascular Drugs', 'Venoruton Fort', 'Cap', 'كبسولة مرتين يومياً', 0, 0),
(1291, 'Vascular Drugs', 'Venotec', 'Cap', 'كبسولة صباحاً ومساء وسط الأكل', 0, 0),
(1292, 'Vaginal Antiseptics', 'Veracare', 'Liquid', 'ملعقة كبيرة على لتر ماء داÙئ شطÙ مهبلى صباحاً ومساءً', 0, 0),
(1293, 'Digestant', 'Verdo', 'Cap', 'كبسولة قبل الأكل  يومياً', 0, 0),
(1294, 'Anti-helmentics', 'Verm-All', 'Tab', 'قرص مرتين لمدة 3 أيام', 0, 0),
(1295, 'male erection\r\n', 'Viagra', 'Tab', 'قرص قبل الجماع بنصÙ ساعة', 0, 0),
(1296, 'Antibiotics tetracyclin', 'Vibramycin 100', 'Cap', 'كبسولة صباحاً ومساء لمدة 5 أيام', 0, 0),
(1297, 'surgery', 'Vicryl     0', 'Amp', '.', 0, 0),
(1298, 'surgery', 'Vicryl     1', 'Amp', '.', 0, 0),
(1299, 'surgery', 'Vicryl     2', 'Amp', '.', 0, 0),
(1300, 'surgery', 'Vicryl   00', 'Amp', '.', 0, 0),
(1301, 'Cough\r\n', 'Vidane', 'Syrup', 'ملعقة 3 مرات يومياً', 0, 0),
(1302, 'male erection\r\n', 'Viga', 'Tab', 'قرص قبل الجماع بنصÙ ساعة', 0, 0),
(1303, 'Antispasmodic', 'Visceralgin', 'Tab', 'قرصين  عند   اللزوم', 0, 0),
(1304, 'Anti-spasmodic\r\n', 'Visceralgin', 'Tab', 'قرص 3 مرات يومياً', 0, 0),
(1305, 'Eye drops', 'Visine', 'Eye  Drops', ' 3 مرات يومياً', 0, 0),
(1306, 'Hair', 'Vision Hair', 'Shampoo', 'غسيل الشعر مرتين أسبوعيا', 0, 0),
(1307, 'Vitamins', 'Vitacid-C', 'Eff.Tab', 'قرص مرة واحدة يومياً', 0, 0),
(1308, 'Calcuim', 'Vitacid-Ca', 'Eff.Tab', 'قرص مرة واحدة يومياً', 0, 0),
(1309, 'Vitamins', 'Vitaferrol', 'Cap', 'كبسولة مرة يومياً', 0, 0),
(1310, 'Vitamins', 'Vitagreen-P', 'Cap', 'كبسولة بعد الغذاء يومياً', 0, 0),
(1311, 'Vitamins', 'Vitamax', 'Cap', 'كبسولة مرة واحدة يومياً', 0, 0),
(1312, 'Vitamins', 'Vitamax plus', 'Cap', 'كبسولة مرة واحدة يومياً', 0, 0),
(1313, 'Vitamins', 'Vitamin  A+E', 'Cap', 'كبسولة مرتين يومياً', 0, 0),
(1314, 'Vitamins', 'Vitamin F', 'Cap', 'كبسولة ثلاثة مرات يومياً', 0, 0),
(1315, 'Vitamins', 'Vitamine   C', 'Cap', 'كبسولة  بعد الغذاء   يومياً', 0, 0),
(1316, 'Vitamins', 'Vitamine   C', 'Tab', 'قرص  بعد  الأكل 3 مرات يومياً', 0, 0),
(1317, 'Vitamins', 'Vitamine  E 1000', 'Cap', 'كبسولة بعد الاÙطار يومياً', 0, 0),
(1318, 'Vitamins', 'Vitamine E 400', 'Cap', 'كبسولة بعد الاÙطار يومياً', 0, 0),
(1319, 'Vitamins', 'Vitamount   Woman', 'Cap', 'كبسولة  بعد الغذاء   يومياً', 0, 0),
(1320, 'Appetizers\r\n', 'Vita-Phos', 'Elixir', 'ملعقة كبيرة قبل الأكل 3 مرات يومياً', 0, 0),
(1321, 'Vitamins', 'Vitatron', 'Cap', 'كبسولة بعد الغذاء يومياً', 0, 0),
(1322, 'Calcuim', 'Vita-Vigor', 'Tab', 'قرص بعد العشاء يومياً', 0, 0),
(1323, 'Anti-Oxidants\r\n', 'Vita-Vital', 'Cap', 'كبسولة  بعد الاÙطار  يومياً', 0, 0),
(1324, 'Vitamins', 'Vit-C plus', 'Cap', 'كبسولة  بعد الغذاء   يومياً', 0, 0),
(1325, 'Vitamins', 'Vita plus zinc', 'Cap', 'كبسولة  بعد الغذاء   يومياً', 0, 0),
(1326, 'Vitamins', 'Vitop', 'Cap', 'كبسولة  بعد الغذاء   يومياً', 0, 0),
(1327, 'Vitamins', 'Viva', 'Cap', 'كبسولة  بعد الغذاء   يومياً', 0, 0),
(1328, 'Anti-Oxidants\r\n', 'Viva', 'Cap', 'كبسولة بعد الاÙطار يومياً', 0, 0),
(1329, 'Topical cortisone Prep.', 'Volog', 'Cream', 'دهان مرتين يومياً', 0, 0),
(1330, 'Topical Antirhumatic', 'Voltaren', 'Gel', 'دهان 3 مرات يومياً', 0, 0),
(1331, 'Anti-inflammatory', 'Voltaren D 50', 'Tab', 'قرص على نصÙ كوب ماء 3 مرات يومياً', 0, 0),
(1332, 'Anti-inflammatory', 'Voltarene', 'supp', 'لبوس شرجى صباحاً ومساءً', 0, 0),
(1333, 'Topical Antirhumatic', 'Voltarene', 'Emulgel', 'دهان  3 مرات  يومياً', 0, 0),
(1334, 'Anti-inflammatory', 'Voltarene', 'Amp', 'حقنة عضل صباحاً ومساءً', 0, 0),
(1335, 'Anti-emetic', 'Vomidoxine', 'Tab', 'قرص  قبل الاÙطار و العشاء  يومياً', 0, 0),
(1336, 'Anti-emetic', 'Vomidoxine', 'Tab', 'قرص  قبل الاÙطار و العشاء  يومياً', 0, 0),
(1337, 'Anti-emetic', 'Vomistop', 'Cap', 'كبسولة ثلاثة مرات يومياً', 0, 0),
(1338, 'Anti-Oxidants\r\n', 'Wheet Germ Oil', 'Cap', 'كبسولة  3  مرات يومياً', 0, 0),
(1339, 'Skin\r\n', 'White Shadow', 'Cream', 'دهان موضعي مرتين يوميا', 0, 0),
(1340, 'Rh negative', 'WinRho SDF  120 ug    ', 'vial', 'حقنه عضل او وريد بعد الولادة مباشرة', 0, 0),
(1341, 'Rh negative', 'WinRho SDF  300 ug    ', 'vial', 'حقنه عضل او وريد بعد الولادة مباشرة', 0, 0),
(1342, 'Immuno-stimulant', 'Winter mixture     100 ml  ', 'Syrup', 'ملعقة كبيرة  صباحاً ومساء', 0, 0),
(1343, 'Anti-inflammatory', 'Xefo   8 mg', 'Tab', 'قرص بعد الاÙطار والعشاء', 0, 0),
(1344, 'Antibiotics Macrolide', 'Xithrone 500', 'tab', ' قرص يوميا لمده 3 ايام', 0, 0),
(1345, 'Anti-Oxidants\r\n', 'Xtreme', 'Cap', 'كبسولة بعد الاÙطار يومياً', 0, 0),
(1346, 'Local anaesthetics\r\n', 'Xylocaine 10%', 'Oint', 'دهان 3  مرات يومياً', 0, 0),
(1347, 'Local anaesthetics\r\n', 'Xylocaine 5%', 'Spray', ' 3  مرات يومياً', 0, 0),
(1349, 'Tocolytic', 'Yutopar', 'Tab', 'نصÙ قرص 3 مرات يومياً', 0, 0),
(1350, 'Tocolytic', 'Yutopar', 'Amp', 'حقنة Ùى 500 سم جلوكوز 5% بالنقطة البطيئة', 0, 0),
(1351, 'Saly', 'Zaditen', 'Tab', 'قرص  صباحاً  و مساء  لمدة شهر', 0, 0),
(1352, 'Bronchial asthma\r\n', 'Zaditen', 'Syrup', 'ملعقة   صباحاً  و مساء', 0, 0),
(1353, 'Antacid', 'Zantac', 'Tab', 'قرص بعد الغذاء يومياً', 0, 0),
(1354, 'Calcuim', 'Zimacal', 'Tab', 'قرص بعد العشاء يومياً', 0, 0),
(1355, 'Vitamins', 'Zinc A.C.E.', 'Tab', 'قرص بعد العشاء يومياً', 0, 0),
(1356, 'Sun  Burn', 'Zincopanthen     ', 'Cream', 'دهان 3 مرات يومياً', 0, 0),
(1357, 'Influenza\r\n', 'Zincold  Care', 'Tab', 'قرص صباحاً ومساء', 0, 0),
(1363, 'Antibiotics Macrolide', 'Zithrokan 500', 'Cap', 'كبسولة يوميا لمدة 3 أيام', 0, 0),
(1365, 'Antibiotics Macrolide', 'Zithromax 250', 'Cap', 'كبسولة كل 12 ساعة لمدة 3 أيام', 0, 0),
(1366, 'HormonesGnRHa', 'Zoladex', 'Amp', 'حقنة تحت الجلد شهرياً', 0, 0),
(1367, 'Gout\r\n', 'Zyloric   300', 'Tab', 'قرص مرة واحدة يومياً', 0, 0),
(1368, 'Digestant', 'Zymogen  Forte', 'Tab', 'قرص  3 مرات يومياً  بعد الأكل', 0, 0),
(1379, 'Vitamins', 'A-viton', 'Cap', 'كبسولة واحدة يوميا', 0, 0),
(1391, 'Hormones', 'Cidolut  Nor', 'Tab', 'قرص صباحاً و مساءً لمدة 10 أيام', 0, 0),
(1392, 'Hormones', 'Cidolut  Nor', 'Tab', 'قرص صباحاً و مساءً لمدة 7 أيام بداية من يوم', 0, 0),
(1393, 'Hormones', 'Cidolut  Nor', 'Tab', 'قرص صباحا و مساء  لمدة 21 يوم ثم راحة لمدة أسبوع ويكرر', 0, 0),
(1394, 'Hormones', 'Cidolut  Nor', 'Tab', 'قرص صباحا ومساء لمدة 10 أيام بداية من اليوم 16 حتي اليوم 26 من بداية نزول الدورة', 0, 0),
(1409, 'Analgesic', 'Flotac     75 mg', 'cap', 'كبسولة بعد الاÙطار والعشاء', 0, 0),
(1410, 'Breast DA', 'cabergamone 0.5', 'tab', 'نصÙ قرص بعد الÙطار و العشاء كل 3 ايام', 0, 0),
(1411, 'Paracetamol', 'Abimol', 'Tab', 'قرصين 3 مرات يومياً', 0, 0),
(1412, 'Git regulator', 'Motil Fast ', 'Sachet', 'كيس على كوب ماء قبل الأكل 3 مرات يومياً', 0, 0),
(1413, 'Endometriosis', 'Vissane', 'Tab', 'قرص يوميا بانتظام', 0, 0),
(1414, 'GIT ', 'Gast -reg   200', 'Tab', 'قرص واحد قبل الأكل 3 مرات يومياً', 0, 0),
(1415, 'Digestant', 'Spasmo-digestin', '', 'قرصين بعد الأكل عند اللزوم', 0, 0),
(1416, 'Neurotonic', 'Becozyme', 'Amp', 'امبول كل 3 ايام', 0, 0),
(1417, 'sexual tonics', 'Trip gold', 'cap', 'قرص 3 مرات يومياً', 0, 0),
(1418, 'Antacid', 'steringazole 40', 'tab', 'قرص يوميا', 0, 0),
(1419, 'Anti-emetic', 'Zofran  8mg', 'Amp', 'امبول يوميا', 0, 0),
(1420, 'Ecopolic', 'Pabal', 'Amp', 'امبول اثناء الولاده', 0, 0),
(1421, 'Neurotonic', 'Depovit B12', 'Amp', 'امبول كل 3 ايام', 0, 0),
(1422, 'Vascular Drugs', 'Trental SR ', 'cap', 'كبسولة بعد العشاء يومياً', 0, 0),
(1423, 'Laxative', 'Laxeol  Pi ', 'Tab', 'قرص مساء', 0, 0),
(1424, 'antihistaminecs', 'Histazine ', 'Tab', 'قرص  يومياً', 0, 0),
(1425, 'Hormonal', 'Dexamethasone ', 'amp', 'امبول كل 12 ساعه لمده يومين قبل الولاده', 0, 0),
(1426, 'Ecopolic', 'Pabal', '', 'أمبول اثناء الولاده', 0, 0),
(1427, 'Topical Drugs', 'Sensoderm ', 'cream', 'دهان للحلمات 3 مرات يومياً', 0, 0),
(1428, 'Vaginal Antiseptic', 'Gold  vaginal', 'Solution', 'مكيال على لتر ماء داÙئ شطÙ مهبلى  ومساءً', 0, 0),
(1429, 'Analgesic', 'Declophen ', '50 tab', 'قرص 3 مرات يومياً', 0, 0),
(1430, 'Analgesic', 'Pronto plus', 'Tab', 'قرصين وقت اللزوم', 0, 0),
(1431, 'Vitamins', 'Heamojet', 'cap', 'كبسولة واحدة يوميا', 0, 0),
(1432, 'Cosmotics', 'Sacro', 'Cream', 'دهان 3 مرات يومياً', 0, 0),
(1433, 'creams', 'H formula', 'Cream', 'كريم شرجى 3 مرات يوميا و بعد الحمام', 0, 0),
(1434, 'Vaginal Antiseptic', 'Frau', 'Solution', 'معيار على لتر ماء داÙىء مساء', 0, 0),
(1435, 'anti-hypertensive', 'Bistole 2.5', 'tab', 'قرص مرتين يوميا', 0, 0),
(1436, 'Paracetamol', 'Panadol Extra', 'Tab', 'قرصين وقت اللزوم ', 0, 0),
(1437, 'Antacid', 'Rani', 'Sachet', 'كيس على كوب ماء مرتين يومياً', 0, 0),
(1438, 'Antacid', 'Rani', 'Sachet', 'كيس على نصÙ كوب ماء مرتين يومياً', 0, 0),
(1439, 'Analgesic', 'Ezcard', 'tab', 'قرص بعد الأكل ', 0, 0),
(1440, 'Antibiotics Macrolide', 'Xithrone 500', 'tab', 'قرصين جرعة واحدة', 0, 0),
(1441, 'Ovulation induction', 'Epifasi   5000 I.U', 'vial', ' حقنتين عضل اليوم Ùقط', 0, 0),
(1442, 'Ovulation induction', 'Choriomon   5000 I.U', 'vial', ' حقنتين عضل اليوم Ùقط', 0, 0),
(1443, 'Ovulation induction', 'Epifasi 5000 IU ', 'Amp', 'حقنتين عضل اليوم Ùقط', 0, 0),
(1444, 'Vitamins', 'Vitayami', 'Tab', 'قرص وسط الأكل', 0, 0),
(1445, 'Sedatives&Tranqulizers', 'Restolam  0.5mg', 'Tab', 'قرص عند اللزوم', 0, 0),
(1446, 'Ovulation induction', 'Tecnovula  50 mg', 'Tab', 'قرص صباحاً ومساءً من ثانى يوم للدورة ولمدة 5 أيام', 0, 0),
(1447, 'Topical Drugs', 'Berkeley', 'Cream', 'دهان 3 مرات يومياً', 0, 0),
(1448, 'Digestant', 'fawar fruit', 'Sachet', 'كيس علي كوب ماء 3 مرات يومياً', 0, 0),
(1449, 'Vitamins', 'Phara ferro 27', 'cpa', 'كبسولة مرتين يوميا', 0, 0),
(1450, 'Topical prep.', 'Arthenia ', 'Cream', 'دهان 3 مرات يومياً', 0, 0),
(1451, 'Topical prep.', 'Nataria', 'Cream', 'دهان 3 مرات يومياً', 0, 0),
(1452, 'analgesics', 'Diclac 75', 'tab', 'قرص صباحاً و مساء', 0, 0),
(1453, 'Vitamins', 'heama-', 'caps', 'كبسولة وسط الأكل ', 0, 0),
(1454, '', 'Clomid  50 mg', '', 'نصÙ قرص لمده 25 يوم و راحه 5 ايام لمده 3 شهور', 0, 0),
(1455, '', 'Clomid  50 mg', '', 'نصÙ قرص لمده 25 يوم و راحه 5 ايام لمده 3 شهور', 0, 0),
(1456, 'Vitamins', 'Phara ferro 27', 'Tab', 'قرص بعد الأكل عند اللزوم', 0, 0),
(1457, 'Ovulation induction', 'Decapeptyl   0.1 mg', 'Amp', 'امبول تحت الجلد يوميا لمده 14 يوم او اول يوم Ùى الدوره', 0, 0),
(1458, 'Ovulation induction', 'Decapeptyl   0.1 mg', 'Amp', 'نصÙ امبول تحت الجلد يوميا يوقÙ مع الحقن التÙجيريه', 0, 0),
(1459, 'Vaginal gel', 'Avetrix', 'Gel', 'دهان مهبلى  مع العلاقه الوجيه', 0, 0),
(1460, 'Antibiotics Penicillin', 'curam 1 gm', 'Tab', 'قرص كل 12 ساعة', 0, 0),
(1461, 'Anti-inflammatory', 'Alphintern', 'Tab', 'قرص قبل الأكل 3 مرات يومياً', 0, 0),
(1462, '', 'primaleve', 'tab', 'كبسوله صباحا و مساء', 0, 0),
(1463, '', 'primrose   plus', 'cap', 'كبسولة مرتين يومياً', 0, 0),
(1464, '', 'primaleve', 'tab', ' كبسوله صباحا و مساء قبل الدوره باسبوعين', 0, 0),
(1465, 'Calcuim', 'calcid', 'cap', 'كبسوله مساء', 0, 0),
(1466, 'Vitamins', 'Kerovit', 'cap', 'كبسولة بعد الأكل   يوميا', 0, 0),
(1467, 'Antibiotics Macrolide', 'Xithrone 500', 'tab', 'قرص يوميا لمده 5 ايام', 0, 0),
(1468, 'Ovulation induction', 'Epigonal', 'Amp', 'امبول يوميا من اليوم              الى اليوم     ', 0, 0),
(1469, 'Contraception COC', 'Norocarmina', 'tab', 'قرص مرة واحدة يومياً لمدة 21 يوم ثم راحة لمدة أسبوع ثم يكرر', 0, 0),
(1471, 'Vaginal ovules', 'Gytro', 'Vag Tab', 'قرص مهبلى مساء لمد 3 ايام', 0, 0),
(1472, 'erectile group', 'SILDEN     25 mg', 'Tab', 'قرص كل 12 ساعة لمدة  7 أيام', 0, 0),
(1473, 'Ovulation induction', 'Fostimon 75', 'Vial', 'امبواين عضل يومياً ', 0, 0),
(1474, 'Vitamins', 'folicap   2.5', 'cap', 'كبسولة واحدة يوميا', 0, 0),
(1475, 'blood vessel', 'Thrombexx', 'Gel', 'دهان 3 مرات يومياً', 0, 0),
(1476, 'Topical prep.', 'Berkeley', 'Cream', 'دهان 3 مرات يومياً', 0, 0),
(1477, 'Anti- histamine  ', 'finistil', 'Tab', 'قرص  3 مرات يومياً', 0, 0),
(1478, '', 'primarose plus', 'cap', 'كبسوله مرتين يوميا قبل الدوره باسبوعين ', 0, 0),
(1479, '', 'primarose plus', 'cap', 'كبسوله مرتين لمد 3 شهور', 0, 0),
(1480, '', 'immunvita', 'cap', 'قرص مرتين يوميا لمده 3 شهور--10 ايام شهريا', 0, 0),
(1481, 'Calcuim', 'c plus', 'Tab', 'قرص يوميا', 0, 0),
(1482, '', 'Rowacholl', 'cap', 'كبسوله قبل الأكل 3 مرلت يوميا', 0, 0),
(1483, '', 'Magnesium plus', 'Tab', 'قرص مرتين يومياً', 0, 0),
(1484, '', 'Healosol', 'Spray', 'بخاخة للجرح 3 مرات يومياً', 0, 0),
(1485, 'Antispasmodic', 'Nu spasm', 'tab', 'قرص 3 مرات يومياً', 0, 0),
(1486, '', 'Cempion', 'Sachets', 'كيس على ربع كوب ماء يوميا قبل الأكل', 0, 0),
(1487, 'Antibiotics Quinolones', 'Tavacin 500 / 750', 'tab', ' قرص بالÙم يوميا', 0, 0),
(1488, 'Hormone Progrsterone', 'Tonadogest', 'Tab', 'قرصين 3 مرات يومياً لمده 5 ايام', 0, 0),
(1489, 'cerclage', 'Mersilene tape', '', '', 0, 0),
(1490, 'Urinary Tract Drugs', 'sofenacin 5 mg', 'Tab', 'قرص صباحاً  و مساء', 0, 0),
(1491, 'sca', 'silicar', 'Gel', ' دهان مرتين يوميا', 0, 0),
(1494, 'Calcuim', 'Montana Calcium', 'caplet', 'كبسولة واحدة يوميا', 0, 0),
(1496, 'Hormone', 'Prontogest', 'Amp', 'حقنة عضل يوميا حتى يقÙ النزيÙ', 0, 0),
(1497, 'Anti-ematic', 'Em Ex', 'amp', 'امبوله بالوريد يوميا', 0, 0),
(1498, '', 'methotrexate', 'Amp', 'سم عضل اليوم', 0, 0),
(1499, '', 'folibonin', 'cap', 'كبسولة واحدة يوميا', 0, 0),
(1501, '', 'JoyBox  30', 'Tab', 'قرص قبل العلاقه بنصÙ ساعه', 0, 0),
(1502, 'hair ', 'Eba -Act', 'lotion', 'تدليك لÙروه الرأس مرتين يوميا', 0, 0),
(1503, '', 'Extra protein ', 'Sachets', 'كيس على نصÙ كوب ماء مرتين يومياً', 0, 0),
(1504, 'proteins', 'pro -Lance', 'Sachet', 'كيس على 1/2 كوب ابن بعد الأكل', 0, 0),
(1505, 'Calcuim', 'ostoval', 'Tab', 'قرص بعد العشاء', 0, 0),
(1506, 'hemorroids', 'Sonakto', 'Cream', '3 مرات يوميا و بعد الحمام', 0, 0),
(1507, 'heamosatatics', 'HaemoStatine', 'Tab', '	قرصين 3 مرات يومياً', 0, 0),
(1508, 'Contraception POP', 'Cerazette', 'Tab', 'قرص يوميا بانتظام Ùي نÙس الموعد', 0, 0),
(1509, 'Anti-inflammatory', 'Arthineur', 'cap', 'كبسولة بعد الأكل صباحاً  ومساء', 0, 0),
(1510, 'calcium', 'Osteocare', 'Tab', 'قرص  مساء', 0, 0),
(1511, '', 'Aqua V', 'Cream', 'دهان للمهبل قبل العلاقه الزوجيه', 0, 0),
(1512, '', 'Menorif', 'cap', 'كبسوله مساء', 0, 0),
(1513, '', 'kapron', 'Tab', 'قرصين 3 مرات يوميا ', 0, 0),
(1514, 'Vitamins', 'tritron', 'Tab', 'قرص يوميا', 0, 0),
(1515, NULL, '3 way calcium', 'Tab', 'قرص واحد يومياً', 0, 0),
(1516, NULL, 'ABC plus', 'Tab', 'قرص بعد الغدا يوميا', 0, 0),
(1517, NULL, 'Amerizole 500', 'Tab', 'قرص 3 مرات يومياً  لمدة 10 أيام', 0, 0),
(1518, NULL, 'B com', 'Amp', 'امبول كل 3 ايام', 0, 0),
(1519, 'null', 'oxybin', 'Tab', 'قرص 3 مرات', 0, 0),
(1520, NULL, 'Uterocare', 'Cap', 'كبسولة صباحاً و  2 كبسولة مساءً', 0, 0),
(1536, 'null', 'Mebo', 'Oint', 'دهان 3 مرات يومياً', 0, 0),
(1557, NULL, 'Alendene 10', 'Emulsion', 'قرصين علي كوب ماء مرتين  يوميا', 0, 0),
(1558, NULL, 'Aspocid 75 mg', 'Tab', 'قرص بعد العشاء يومياً', 0, 0),
(1559, NULL, 'Tamoxifen', 'Tab', 'قرص صباحاً ومساءً من ثالث يوم للدورة ولمدة 5 أيام', 0, 0),
(1560, NULL, 'kaprone', 'amp', 'حقنة وريد صباحا و مساء', 0, 0),
(1561, NULL, 'Fungicam', 'Cap', 'كبسولة و تكرر بعد أسبوع', 0, 0),
(1562, NULL, 'Klenva  vaginal', 'Solution', 'مكيال على لتر ماء داÙئ شطÙ مهبلى  ومساءً', 0, 0),
(1563, '', 'planny', 'test strips', 'اختبار للتبويض صباحا من اليوم---', 0, 0),
(1564, 'Contraception COC', 'Yaz', 'Tab', ' قرص وردى يوميا لمده 24 يوم ثم قرص أبيض يوميا لمدة 4 يوم ثم راحة لمدة اسبوع ثم يكرر', 0, 0),
(1565, 'Git regulator', 'Motinorm', 'Tab', 'قرص قبل الأكل بساعه 3 مرات', 0, 0),
(1566, 'Vitamins', 'protavine', 'Sachet', 'كيس على نصÙ كوب ماء  يومياً', 0, 0),
(1567, 'Lubricant', 'Tricogyn', 'jel', 'دهان موضعى قبل العلاقه الزوجيه', 0, 0),
(1568, '', 'vental', 'Spray', 'بخاخة 3 مرات يومياً', 0, 0),
(1569, 'Vitamins', 'Hi Haem', 'cap', 'كبسولة بعد الأكل', 0, 0),
(1570, 'Antifungal', 'Sedalostate', 'Cream', 'كريم مهبلى جرعه واحده', 0, 0),
(1571, '', 'vorec', 'Gel', 'دهان 3  مرات يومياً', 0, 0),
(1572, '', 'kapron', 'Tab', 'قرص 3 مرات يومياً', 0, 0),
(1573, 'hemorroids', 'Hycomap', 'Oint', 'مرتين يوميا و بعد عمليه الأخراج', 0, 0),
(1574, 'hemorroids', 'Hycomap', 'supp', 'لبوسه مرتين يوميا ', 0, 0),
(1575, 'Vaginal Cream', 'Seldalostat', 'Cream', 'كريم مهبلى جرعه واحده', 0, 0),
(1576, 'Vaginal ovules', 'Moniliarret', 'supp', 'لبوسه يوم بعد يوم لمده 12 يوم', 0, 0),
(1577, 'blood vessel', 'Hemokapron', 'Tab', 'قرصين 3 مرات يوميا', 0, 0),
(1579, 'nipple fissure', 'Sensoderm', 'Cream', 'دهان للحلمات 3 مرات يومياً', 0, 0),
(1580, 'Anti-inflammatory', 'dexa-ibufen', 'Tab', 'قرص  بعد  الأكل  عند   اللزوم', 0, 0),
(1581, 'Anti-inflammatory', 'dexa-ibufen', 'Tab', 'قرص كل 12 ساعة لمدة  5 أيام', 0, 0);
INSERT INTO `drugs` (`id`, `drugcat`, `drugname`, `drugtype`, `drugdos`, `initialbalance`, `currentbalance`) VALUES
(1582, 'heamorroids', 'extra', 'Cream', 'دهان موضعى 3 مرات يومياً', 0, 0),
(1583, 'Anti-ematic', 'Navoproxin plus', 'tab', 'قرص مرة أو مرتين يومياً', 0, 0),
(1584, 'Hormones', 'chorionic gonadotrophin ', '5000 amp', 'امبولين يوم', 0, 0),
(1585, '', 'primarose plus', 'cap', 'كبسوله مرتين يوميا ', 0, 0),
(1586, 'Hormone Progrsterone', 'Utrocare', 'Cap', 'كبسولتين مهبلى مساءً لمدة 10 أيام', 0, 0),
(1587, 'Hormone Progrsterone', 'Utrocare', 'Cap', 'كبسولتين مهبلى مساءً ', 0, 0),
(1588, 'Hypotension', 'Effortil', 'Tab', 'قرص واحد 3 مرات يومياً', 0, 0),
(1589, 'Calcuim', 'calster', 'Tab', 'قرص مساء', 0, 0),
(1590, 'contraception Inject', 'Sayana', 'Amp', 'امبول تحت الجلد كل 3 شهور', 0, 0),
(1592, '', 'tranex', 'Tab', 'قرص 3 مرات يومياً', 0, 0),
(1593, 'Antiscar', 'Samonil', 'Cream', 'دهان 3 مرات يومياً', 0, 0),
(1594, 'Antistrech marks', 'violin ', 'lotion', 'دهان 3 مرات يومياً', 0, 0),
(1595, '', 'Solupred  20mg', 'Tab', 'قرص 3 يومياً', 0, 0),
(1596, '', 'hostacortin  H   5 mg', 'Tab', 'قرص 3 مرات يومياً', 0, 0),
(1597, 'Estrogens', 'Ethinyl estradiol', 'Tab', 'قرص مرتين يومياً', 0, 0),
(1598, '', 'DHEA', '50 tab', 'قرص صباحاً  و مساء', 0, 0),
(1599, 'Topical antifungals', 'Comedazole ', '10% vaginal cream', 'كريم مهبلى جرعه واحده', 0, 0),
(1600, 'anti-pigmentation ', 'White touch', 'Cream', 'دهان مرتين يومياً', 0, 0),
(1601, 'muscle relaxant', 'Sirdalud', '4mg', 'نصÙ قرص  مرتين يوميا', 0, 0),
(1602, 'oral antifungal', 'Miconase', 'oral gel', 'دهان 3 مرات يومياً للÙم', 0, 0),
(1604, 'vaccines', 'vaxigrip', 'Amp', 'امبول عضل', 0, 0),
(1605, 'Analgesic', 'profosul    400mg', 'cap', 'كبسولة 3 مرات يوميا', 0, 0),
(1606, 'LMW heparine                                                                                       LMW heparin', 'Innohep    3500  IU    syringe', '', 'حقنة تحت الجلد يومياً', 0, 0),
(1607, 'Calcuim', 'Calci - plus', 'Tab', 'قرص بعد العشاء يومياً', 0, 0),
(1608, 'Anti-ematic', 'Mitashe', 'amp', 'امبوله بالوريد او العضل يوميا', 0, 0),
(1609, 'Oxytocic', 'Cytotec(Missed Abortion)', 'Tab', 'قرصين تحت اللسان كل 4 ساعات', 0, 0),
(1610, 'Calcium', 'U -cal', 'Chew able tab', 'قرص يمضع بعد العشاء', 0, 0),
(1611, 'Ovulation induction', 'Puregon   100 I.U.', 'Amp', '-------امبول عضل يوميا من اليوم -----الى اليوم', 0, 0),
(1612, 'Paracetamol', 'Bienadol', 'Tab', 'قرص صباحاً ومساءً بعد الأكل', 0, 0),
(1613, 'Paracetamol', 'Bienadol', 'Tab', 'قرصين وقت اللزوم', 0, 0),
(1614, 'Anti-emetic', 'vomibreak', 'Tab', ' قرصين قبل النوم', 0, 0),
(1615, 'Anti-emetic', 'vomibreak', 'Tab', 'قرص قبل الاÙطار و العشاء يومياً', 0, 0),
(1616, 'Calcuim', 'Marcal', 'Marcal', 'قرص كل 12 ساعه', 0, 0),
(1617, 'Vaginal  antifungals', 'gynotra', 'vaginal supp', 'يوم بعد يوم 3 مرات', 0, 0),
(1618, 'Git regulator', 'Gastromotil', 'Tab', 'قرص قبل الأكل بساعه 3 مرات', 0, 0),
(1619, 'Git regulator', 'Gastromotil', 'Tab', 'قرصين قبل الأكل بساعه 3 مرات', 0, 0),
(1620, 'Oxytocic', 'Cytotec', 'Tab', ' قرصين تحت اللسان قبل  تركيب اللولب بساعتين', 0, 0),
(1621, 'Oxytocic', 'Cytotec', 'Tab', 'قرص مهبلي قبل النوم', 0, 0),
(1622, 'Vaginal gel', 'Actigel', 'Vag  Gel', 'جيل مهبلى مرتين يوميا لمده 5 ايام', 0, 0),
(1623, 'bacterial vaginosis', 'Magicmycin 0.2 ', 'Vaginal  Cream', 'كريم مهبلى 7 ايام', 0, 0),
(1625, 'Ovulation induction', 'Menopur 75IU ', 'Amp', '--------  امبول عضل يومياً بداية من اليوم ------ للدورة الى اليوم', 0, 0),
(1626, 'Anti-inflammatory', 'Indocid 100 mg', 'Supp', 'لبوس شرجي  كل 8 ساعات', 0, 0),
(1628, 'Breast DA', 'Elonda 0.5', 'tab', 'نصÙ قرص بعد الÙطار و العشاء كل 3 ايام', 0, 0),
(1629, 'Hormone Progrsterone', 'hystrogest', 'Cap', 'كبسولتين مهبلى مساءً لمدة 10 أيام', 0, 0),
(1630, ' Hypercholeserolaemic', 'Omeha fit', 'Sachet', 'كيس يوميا', 0, 0),
(1631, 'Hormone Progrsterone', 'Hysterocare', 'Cap', '( كبسوله صباحاً و   كبسوله مساءً وسط الأكل او عن طريق المهبل (الأÙضل', 0, 0),
(1632, 'Hormone Progrsterone', 'Hystrogest', 'Cap', '( كبسوله صباحاً و   كبسوله مساءً وسط الأكل او عن طريق المهبل (الأÙضل', 0, 0),
(1633, 'Hormone Progrsterone', 'Hysterocare', 'Cap', '( كبسوله صباحاً و   كبسوله مساءً وسط الأكل او عن طريق المهبل (الأÙضل', 0, 0),
(1634, 'Calcuim', 'Calster', 'Tab', 'قرص بعد العشاء يومياً', 0, 0),
(1635, 'Calcuim', 'Rangecal', 'Tab', 'قرص بعد العشاء يومياً', 0, 0),
(1636, 'Oral Antifugal', 'Rameflazol 150', 'Cap', 'كبسولة يوم بعد يوم لمد اسبوع', 0, 0),
(1637, 'antihistaminecs', 'tavagyl', 'Tab', 'قرص 3 مرات يومياً', 0, 0),
(1638, 'Antibiotics vanco', 'averozolid 600', 'tab', 'قرص كل 12 ساعه', 0, 0),
(1639, 'Contraception COC', 'gynera', 'Tab', 'قرص مرة واحدة يومياً لمدة 21 يوم ثم راحة لمدة أسبوع ثم يكرر', 0, 0),
(1640, 'Appetizers', 'Phosphoplex Fe', 'Syrup', 'ملعقة كبيرة قبل الأكل 3 مرات يومياً', 0, 0),
(1641, 'Resp. Tract', 'mucophylline', 'Syrup', 'ملعقة كبيرة 3 مرات يومياً', 0, 0),
(1642, 'Appetizers', 'All-vent', 'Syrup', 'ملعقة كبيرة قبل الأكل 3 مرات يومياً', 0, 0),
(1643, 'Appetizers', 'Tussivan-N', 'Syrup', 'ملعقة كبيرة قبل الأكل 3 مرات يومياً', 0, 0),
(1644, 'Resp. Tract', 'Codilar', 'Syrup', 'ملعقة كبيرة 3 مرات يومياً', 0, 0),
(1645, 'Vaginal  antifungals', 'Gynotra', '600 mg  ovule', '(لبوسه مهبليه مساء (جرعه واحده', 0, 0),
(1646, 'Calcuim', 'U cal ', 'Chew able tab', 'قرص للمضغ  يومياً', 0, 0),
(1647, 'Antistrech marks', 'Brilliant', 'Cream', 'دهان 3 مرات يومياً', 0, 0),
(1648, 'Vitamins', 'Apifortyl', 'Cap', 'كبسولة  يومياً', 0, 0),
(1649, 'Antacid', 'Fastcure 40 mg', 'Tab', 'قرص بعد الغذاء يومياً', 0, 0),
(1653, 'Neurotonic', 'Neuroton', 'Amp', 'امبول كل 3 ايام', 0, 0),
(1654, 'analgesics', 'Vantomor', 'Tab', 'قرص  عل ربع كوب بعد  الأكل  3 مرات يومياً', 0, 0),
(1655, 'analgesics', 'Vantomor', 'Tab', 'قرص عل ربع كوب بعد  الأكل عند اللزوم', 0, 0),
(1657, 'Git regulator', 'Motinorm', 'supp', 'لبوسه قبل الأكل بساعه  مرتين يوميا', 0, 0),
(1658, 'Hormones', 'Solupred    20 mg', 'Tab', ' نصÙ قرص  بعد  الÙطار يومياً', 0, 0),
(1659, 'BA step 1 short inh B2agonist', 'vental', 'Spray', 'بخاخة عند االزوم', 0, 0),
(1660, 'Urinary  Antiseptic', 'Mepa-Furan   50', 'Cap', 'كبسولة 3 مرات يومياً لمدة 7 أيام', 0, 0),
(1661, '', 'deprevan', 'amp', 'امبول للتخدير الكلى', 0, 0),
(1662, '', 'Propofol', 'Amp', 'امبول للتخدير الكلى', 0, 0),
(1663, '', 'PROSTIGMINE', 'Amp', '5 امبول', 0, 0),
(1664, '', 'Midathetic', 'Amp', 'امبول يخÙÙ Ùى 10 سم ملح', 0, 0),
(1665, 'Antistrech marks', 'Palmers', 'Cream', 'دهان 3 مرات يومياً', 0, 0),
(1667, 'Ovulation induction', 'Decapeptyl   0.1 mg', 'Amp', 'امبول تحت الجلد يوميا لمده 3 ايام من ثانى يوم Ùى الدوره', 0, 0),
(1668, 'aneasthesia', 'diprivan or propofol', 'Amp', '', 0, 0),
(1669, 'ane', 'Tracrium ', '50 mg Amp', '1', 0, 0),
(1670, 'aneasthesia', 'Epistagmine', 'Amp', 'علبه', 0, 0),
(1671, 'aneasthesia', 'Atropin', 'Amp', '2', 0, 0),
(1673, 'ecobolics', 'syntocinon', '10 IU amp', '4', 0, 0),
(1674, '', 'Nalufin', 'Amp', '1', 0, 0),
(1675, '', 'Mediastic', '15 mg amp', '1', 0, 0),
(1676, '', 'Glucose 5%', '', '3', 0, 0),
(1678, '', 'Pabal', 'Amp', '1', 0, 0),
(1680, 'Analgesic', 'Morphine', 'Amp', 'امبول يخÙÙ Ùى 10 سم ملح و يعطى 2 سم كل ساعتين ', 0, 0),
(1681, 'null', 'kaprone', 'amp', 'امبول وريد صباحا و مساء', 0, 0),
(1682, 'Vitamins', 'Fero 6', 'cap', 'كبسوله صباحا و مساء', 0, 0),
(1683, '', 'Fleboton', 'Amp', 'امبول عضل يوميا بعد اختبار حساسيه', 0, 0),
(1684, 'Antacid', 'osmoran  300', 'Tab', 'قرص عند النوم', 0, 0),
(1685, 'hcg', 'Ovitrelle', 'Amp', 'امبول تحت الجلد اليوم', 0, 0),
(1686, 'Oxytocic', 'Vagiprost 25u', 'Vag Tab', 'لبوستين مهبلي اول جرعه ثم لبوسه كل 4 ساعات ', 0, 0),
(1687, 'muscle relaxant', 'Srilane', 'Cream', 'دهان 3 مرات يومياً لمدة 7 أيام', 0, 0),
(1688, 'antihistaminics', 'Elica ', 'Cream', 'دهان 3  مرات يومياً', 0, 0),
(1689, 'gn rh agonist', 'Triptofen', '0.1 mg ', 'امبول تحت الجلد يوميا لمده 14 يوم او اول يوم Ùى الدوره', 0, 0),
(1690, 'antiprolactin', 'Bromotemia', '25 mg', 'لبوسه مهبليه مساء 5 ايام او حتى وقÙ اÙراز اللبن', 0, 0),
(1691, '', 'heamostatine', 'Tab', ' قرصين 3 مرات يومياً قبل الأكل بساعه', 0, 0),
(1692, '', 'Ezaderm', 'Cream', 'دهان 3 مرات يومياً', 0, 0),
(1693, '', 'Motil Fast', 'Sachet', 'كيس على نصÙ كوب ماء مرتين يوميا قبل الأكل', 0, 0),
(1694, '', 'MELOCAM 15mg  ', 'supp', 'لبوسه يوميا', 0, 0),
(1695, 'Hormone Progrsterone', 'Tonadogest', 'Tab', 'قرص صباحاً و مساءً ', 0, 0),
(1696, 'Hormone Progrsterone', 'Tonadogest', 'Tab', '----------- قرص 3 مرات يومياً من ------- الى ', 0, 0),
(1697, 'Analgesic', 'profosul    400mg', 'cap', 'كبسولة وقت الالم', 0, 0),
(1698, 'Hormone Progrsterone', 'Tonadogest', 'Tab', 'قرص صباحاً و مساءً من اليوم ال16 الى اليوم 25 من بدايه الدوره', 0, 0),
(1699, 'Ovulation induction', 'Nolvadex', 'Tab', 'قرص صباحاً ومساءً من ثانى يوم للدورة ولمدة 5 أيام', 0, 0),
(1700, 'Ovulation induction', 'Cidophage     500 mg', 'Tab', 'قرص قبل العشاء', 0, 0),
(1701, 'Analgesic', 'Flotac     75 mg', 'cap', 'كبسولة للألم', 0, 0),
(1702, 'piles', 'hykomap', 'Oint', 'دهان شرجى 3 مرات يومياً', 0, 0),
(1703, 'Vitamins', 'Folipex', 'tab', 'قرص تحت اللسان يوميا', 0, 0),
(1704, 'Breast DA', 'Marvegoline 0.5', 'tab', 'نصÙ قرص بعد الÙطار و العشاء كل 3 ايام', 0, 0),
(1705, 'Vaginal Cream', 'Gynoconazol  0.4 %', 'Vaginal cream', 'دهان مهبلي يومياً قبل النوم لمدة 7 أيام', 0, 0),
(1707, 'muscle relaxant', 'roysan ', '4mg', 'نصÙ قرص  مرتين يوميا', 0, 0),
(1708, '', 'clomiphene citrate 50 mg', '', 'قرص صباحاً ومساءً من ثانى يوم للدورة ولمدة 7 أيام', 0, 0),
(1709, '', 'proviron', 'tab', 'قرص ملاتين يوميا', 0, 0),
(1710, 'PMS', 'jAKMESTON', 'Tab', 'قرصين 3 مرات يوميا', 0, 0),
(1712, 'Anti-hypertensive', 'norvasc', '10 Mg Tab', 'قرص مرتين يومياً', 0, 0),
(1713, 'Anti-hypertensive', 'norvasc', '5 Mg Tab', 'قرص 3 مرات يومياً', 0, 0),
(1714, 'iron', 'Intrafer', 'Tab', 'قرص مرتين يومياً', 0, 0),
(1715, ' Hypercholeserolaemic', 'Omega 3 plus', 'Cap', 'كبسولة 3  مرات يومياً', 0, 0),
(1717, 'Resp. Tract', 'Pentamix', 'Syrup', 'ملعقة كبيرة 3 مرات يومياً', 0, 0),
(1718, 'iron', 'Enrich plus', 'cap', 'كبسولة  يومياً', 0, 0),
(1719, 'ANTIPIGMENTATION', 'deLiLite', 'Cream', 'دهان مرتين يوميا للأماكن الداكنه', 0, 0),
(1720, 'nipple fissure', 'Thelan', 'Cream', 'دهان للحلمات مرتين يومياً', 0, 0),
(1721, 'Antistrech marks', 'Prenatale ', 'Cream', 'دهان مرتين يومياً', 0, 0),
(1722, 'Vaginal ovules', 'Gynoconazol  80', 'Vag  Ovules', 'لبوس مهبلى قبل النوم  اسبوعيا لمده 3 شهور', 0, 0),
(1724, 'Vitamins', 'Elevit', 'Tab', 'قرص يوميا', 0, 0),
(1725, 'erotic stim', 'Diamonrecta', '20', 'قرص كل يومين', 0, 0),
(1726, 'nipple fissure', 'Thelan', 'Cream', 'دهان للعناية بالثدى يومياً', 0, 0),
(1727, 'antiprolactin', 'Nostifix', '0.5 mg', 'قرص كل 3 ايام', 0, 0),
(1728, 'Vaginal  antifungals', 'gynotra', 'vaginal supp', 'مره اسبوعيا  لمده 3 شهور', 0, 0),
(1729, 'ICSI', 'Decapeptyl   0.1 mg', 'Amp', 'حقنة تحت الجلد اليوم', 0, 0),
(1730, 'anti-hypertensive', 'Concor   2.5', 'tab', 'قرص مرتين يوميا', 0, 0),
(1731, 'antihistaminecs', 'Alerid', 'Tab', 'قرص  مرتين يومياً', 0, 0),
(1732, 'iron', 'Vitronal', 'Chewable tab', 'قرص يمضغ يوميا', 0, 0),
(1734, 'Antacid', 'Strengazole 40 mg', 'Tab', 'قرص  يومياً', 0, 0),
(1735, 'Calcium', 'infapro', 'tab ', 'قرص يومياً', 0, 0),
(1736, 'Urinary Tract Drugs', 'Cefathird', '300mg', 'كبسوله  كل 12 ساعة لمدة 5 أيام', 0, 0),
(1737, 'cervical erosion', 'Moniliarret', 'vag supp', 'لبوسه يوم بعد يوم لمده 12 يوم', 0, 0),
(1738, 'Urinary  Antiseptic', 'cefathird', 'cap', 'كبسولة كل 12 ساعات لمدة 5 أيام', 0, 0),
(1739, 'Nasal Spray', 'Ticonase', 'Nasal Spray', 'بخاخه مرتين يوميا', 0, 0),
(1740, 'Circulatory distirubance', 'Vascular', 'Tab', 'نصÙ قرص  3 مرات يومياً ', 0, 0),
(1741, 'paracetamol', 'vetocetamol', 'Tab', 'قرصين وقت اللزوم', 0, 0),
(1742, 'cns', 'betaserc', '8 mg', 'قرصين 3 مرات يوميا', 0, 0),
(1743, 'Antibiotics Cephalosporin', 'Omnicef 300', 'cap', 'قرص كل 12 ساعة لمدة 5 أيام', 0, 0),
(1744, 'Antacid', 'antodine 40 mg', 'Tab', 'قرص  يومياً', 0, 0),
(1745, 'hcg', 'Ovidac', 'Amp', 'امبول عضل اليوم', 0, 0),
(1746, 'Urinary Tract Drugs', 'Uripan   ', 'Tab', 'قرص  مرات 3 يوميا', 0, 0),
(1747, 'silenafil', 'Resoatio', 'Tab', 'قرص  3  مرات يوميا', 0, 0),
(1748, 'Vitamins', 'Elevit', 'Tab', 'قرص يوميا صباحا', 0, 0),
(1749, 'antihistaminecs', 'Alerid', 'Tab', 'قرص مرتين  يومياً', 0, 0),
(1750, 'Antiseptic', 'Fuci', 'Oint', 'دهان 3 مرات يومياً', 0, 0),
(1751, 'silenafil', 'Respatio', 'Tab', 'قرص  3  مرات يوميا', 0, 0),
(1752, '', 'Elevit', 'Tab', 'قرص يوميا', 0, 0),
(1753, '', 'Taramal', 'Tab', 'ربع قرص ترامادول كل 8 ساعات', 0, 0),
(1754, 'ANTIHUMAN PAPILLOMA ', 'gARDAZIL', 'Amp', 'كل شهرين 3 جرعات', 0, 0),
(1755, 'Vaginal antifungal', 'Gynoconazol  8', 'Vag  Ovules', 'لبوس مهبلى قبل النوم مره اسبوعيا لمده 3 شهور', 0, 0),
(1756, 'Analgesic', 'Tramadol 225', 'Tab', 'ربع قرص كل 8 ساعات', 0, 0),
(1757, 'Ovulation induction', 'Tecnovula  50 mg', 'Tab', 'قرص صباحاً ومساءً من ثانى يوم للدورة ولمدة 7 أيام', 0, 0),
(1758, '', 'Tecnovula  50 mg', '', 'نصÙ قرص لمده 25 يوم و راحه 5 ايام لمده 3 شهور', 0, 0),
(1759, 'coagulant', 'Savibleed', '500Tab', 'قرصين 3 مرات يوميا', 0, 0),
(1760, 'iron', 'Irolamin', 'cap', 'كبسوله مرتين يوميا', 0, 0),
(1761, 'iron', 'Irolamin', 'cap', 'كبسوله  يوميا', 0, 0),
(1762, 'vaginal', 'Flugenil 600', 'Vag  Ovules', 'لبوسه مهبليه مساء 5 الى 10 ايام ', 0, 0),
(1764, 'antidiarrhea', 'Kapect', 'susp', 'معلقه كل 6 ساعات', 0, 0),
(1765, '', 'floboton', 'Amp', 'امبول عضل', 0, 0),
(1766, 'cervical tabe', 'Mersilene Tape', '', '', 0, 0),
(1767, 'ICSI', 'Gonapure  150 IU', 'Amp', 'نصÙ امبول تحت الجلد يوميا', 0, 0),
(1768, 'hairstutism', 'Eflotism', 'Cream', 'دهان مرتين يومياً', 0, 0),
(1769, 'Anti-inflammatory', 'Arythrex', 'cap', 'كبسولة واحد يومياً', 0, 0),
(1770, 'Ovulation induction', 'Tecnovula  50 mg', 'Tab', 'قرص صباحاً ومساءً من ثانى يوم للدورة ولمدة 7 أيام', 0, 0),
(1771, 'Ovulation induction', 'Tecnovula  50 mg', 'Tab', 'قرص صباحاً ومساءً من ثانى يوم للدورة ولمدة 5 أيام', 0, 0),
(1772, '', 'Tecnovula  50 mg', 'Tab', 'نصÙ قرص لمده 25 يوم و راحه 5 ايام لمده 3 شهور', 0, 0),
(1773, 'contraception COC', 'femogesal', 'Tab', 'قرص مرة واحدة يومياً لمدة 21 يوم ثم راحة لمدة أسبوع ثم يكرر', 0, 0),
(1775, 'Anti-inflammatory', 'Liometacin', '5 mg Amp', 'امبول كل 12 ساعه', 0, 0),
(1776, 'antidiarrhea', 'nanazoxide', 'Susp', 'ملعقة كبيرة بعد الأكل 3 مرات يومياً', 0, 0),
(1777, 'antidiarrhea', 'nanazoxide', 'Tab', 'قرص 3 مرات يومياً', 0, 0),
(1778, '', 'zinc origin', 'Tab', 'قرص على نصÙ كوب ماء 3 مرات يومياً', 0, 0),
(1779, 'antidiarrhea', 'Hidrasec', 'Susp', 'ملعقة كبيرة بعد الأكل 3 مرات يومياً', 0, 0),
(1781, 'Hormone Progrsterone', 'hystrogest', 'Cap', 'كبسوله مهبلى مساءً ', 0, 0),
(1782, 'sexual stimulant', 'Verousa', 'Vag  Gel', 'دهان قبل العلاقه بدقيقتين', 0, 0),
(1783, 'vaginal tightining', 'Timouni', 'Vag  Gel', 'دهان مهبلى  مع العلاقه ابربع ساعه', 0, 0),
(1784, 'vaginal atrophy', 'plesen', 'Vaginal  Cream', 'دهان مهبلى مرتين يوميا', 0, 0),
(1785, 'antiprolactin', 'Jakaranda', '0.5 mg', 'قرص كل 3 ايام', 0, 0),
(1786, 'iron', 'mamyVital ', 'Sachets', 'كيس على ربع كوب ماءمرتين يوميا قبل الأكل', 0, 0),
(1787, 'Urinary Tract Drugs', 'Rowatinex', 'Cap', 'كبسوله قبل الأكل 3 مرلت يوميا', 0, 0),
(1789, 'vitamin d', 'Ossofotin', 'tab ', ' قرص مرتين اسبوعيا', 0, 0),
(1790, 'saar prevention', 'Spectra       ', 'Gel ', 'دهان مرتين يومياً', 0, 0),
(1791, 'beeast discs', 'Beeast ', 'Discs', '', 0, 0),
(1792, 'Antibiotics Macrolide', 'Rame-Zithro 500', 'tab', ' قرص يوميا لمده 3 ايام', 0, 0),
(1794, 'sexual arousal', 'Secret', 'Vag  Gel', 'جيل مع العلاقه الزوجيه', 0, 0),
(1795, 'Vascular Drugs', 'Diosmin  500', 'Tab', 'قرصين صباحاً ومساء', 0, 0),
(1796, 'Ovulation induction', 'Letrazole     2.5 mg', 'Tab', 'قرص يومياً من ثانى يوم للدورة ولمدة 10 أيام', 0, 0),
(1797, 'Urinary  Antiseptic', 'Monuril', 'Sachet', ' كيس على نصÙ كوب ماء جرعه واحده بعد الأكل بساعتين', 0, 0),
(1798, 'vitamin d', 'OSSOFORTIN 0.25MG (10.000 I.U.)', '(10.000 I.U.)', ' قرص مرتين اسبوعيا', 0, 0),
(1799, 'Vascular Drugs', 'o  500', 'Tab', 'قرصين صباحاً ومساء', 0, 0),
(1800, 'Vaginal gel', 'Mistina', 'Gel', 'دهان مهبلى  مع العلاقه الوجيه', 0, 0),
(1801, 'Breast nip fissure', 'Pharmagel', 'breast disc', '(لزقة لمده 3 ايام للحلمات (لكل حلمة', 0, 0),
(1802, 'irin and calcium', 'palme Cal', 'Sachets', ' كيس يوميا على اى عصائر او زبادى قبل الأكل بربع ساعه', 0, 0),
(1803, 'Hormone', 'betafos ', 'Amp', '(Ùقط 1.5 سم( كل 12 ساعه جرعتين Ùقط', 0, 0),
(1804, 'nipple fissure', 'BioCare DX', 'Cream', 'دهان 3 مرات يوميا للحلمات', 0, 0),
(1806, 'anti bV', 'vagiclind', 'Vag cream', 'كريم مهبلي يومياً قبل النوم لمدة 7 أيام', 0, 0),
(1807, 'corticosteroids', 'Dexaglobe', 'Amp', 'واحد ونصÙ سم كل 12 ساعه جرعتين Ùقط', 0, 0),
(1808, 'corticosteroids', 'Dexaglobe', 'Amp', 'واحد  سم كل 12 ساعه جرعتين Ùقط', 0, 0),
(1809, 'lactation', 'Brestto', 'pieces', 'قرص واحد يومياً', 0, 0),
(1810, 'Anti-hypertensive', 'Labipress', '100mg', 'قرص مرتين يومياً', 0, 0),
(1811, '', 'Systamycin', '500', ' قرصين  يومياً قبل الأكل بساعه', 0, 0),
(1812, 'Vascular Drugs', 'Vascomedra  600', 'Tab', 'قرص صباحاً ومساء', 0, 0),
(1813, 'Vaginal  antifungals', 'gynotra', 'vaginal supp', 'مره كل 3 ايام لمده 14 يوم', 0, 0),
(1814, 'mini pill', 'ovunhipita 75u', 'Tab', ' قرص يوميا بانتظام حتى اثناء الدوره', 0, 0),
(1815, 'iron', 'pravotin', 'Sachets', 'كيس على ربع كوب ماءمرتين يوميا قبل الأكل', 0, 0),
(1816, 'Calcium', 'Megatron', 'Chewable tab', 'قرص يمضغ يوميا', 0, 0),
(1817, 'corticosteroids', 'epidrone', 'Amp', '(3) امبول كل 12 ساعه لمده يومين قبل الولاده Ùقط ', 0, 0),
(1818, 'silenafil', 'Nerahsilda', 'film', 'نصÙ شريط مرتين يوميا عن طريق المهبل او  من الÙم', 0, 0),
(1819, 'corticosteroids', 'Dexaglobe', 'Amp', ' امبول كل 12 ساعه جرعتين Ùقط', 0, 0),
(1820, 'corticosteroids', 'Diprocortin', 'Amp', ' امبول ونصÙ كل 12 ساعه جرعتين Ùقط', 0, 0),
(1822, 'anti BV', 'clindavert', 'Vag cream', 'كريم مهبلي يومياً قبل النوم لمدة 7 أيام', 0, 0),
(1824, 'Vitamins', 'sacrofer', 'Amp', 'أمبولين Ùي 200 سم3 محلول ملح بالنقطة البطيئة علي مدار 3 ساعات وبأشراÙ طبي', 0, 0),
(1825, 'Antibiotics Macrolide', 'Azrolid / Zisrocin 500', 'tab', 'قرص يوميا  لمدة 3 أيام', 0, 0),
(1826, 'anti inflammatory', 'Dolphin-K rectal', 'supp', 'لبوسة شرجية مرتين يوميا لمدة يومين', 0, 0),
(1827, 'contraception Local', 'no gravida', 'Vag Ovules', 'لبوسة مهبلية قبل الجماع بربع ساعة', 0, 0),
(1828, 'contraception COC', 'martaviva', 'Tab', 'قرص مرة واحدة يومياً لمدة 21 يوم ثم راحة لمدة أسبوع ثم يكرر', 0, 0),
(1830, 'Antidepressant TCA BPS', 'Tryptizol 25 mg', 'Tab', 'نصÙ قرص مرة / مرتين يومياً', 0, 0),
(1831, 'Antidepressant SSRI PMS', 'cipramax / cipram 20 mg', 'Tab', 'نصÙ قرص مرة / مرتين يومياً', 0, 0),
(1832, 'Antidepressant SSRI PMS', 'cipralex / cipra-pro 10 mg', 'Tab', 'قرص مرة / مرتين يومياً', 0, 0),
(1833, 'Antidepressant SNRI menopause', 'efexor 75 mg', 'Tab', 'نصÙ قرص مرة / مرتين يومياً', 0, 0),
(1835, 'Antidepressant SNRI SUI', 'cymbatex / cymbalta 30', 'cap', 'كبسولة مرة / مرتين يومياً', 0, 0),
(1836, 'aspirin', 'jusprin 81', 'Tab', 'قرص مساءا يوميا', 0, 0),
(1837, '--', 'steronate 5 mg', 'Tab', 'قرص مرتين يوميا لمدة 5 أيام', 0, 0),
(1838, '--', 'Osteocare', 'Tab', 'قرص يومياً', 0, 0),
(1839, 'Contraception COC', 'Gynocept', 'Tab', 'قرص مرة واحدة يومياً لمدة 21 يوم ثم راحة لمدة أسبوع ثم يكرر', 0, 0),
(1840, 'Endometriosis', 'Martaviva', 'Tab', 'قرص يومياً لمدة 21 يوم  ثم  راحة لمدة أسبوع  ثم  يكرر', 0, 0),
(1841, 'contraception EC', 'Contraplan II 0.75 mg', 'Tab', '2 قرص بالÙم جرعة واحدة ', 0, 0),
(1842, 'contraception EC', 'Norpregna 30 mg', 'Tab', 'قرص بالÙم جرعة واحدة ', 0, 0),
(1843, 'Antibiotics Macrolide', 'Dalacin-c 600', 'Amp', 'حقنة عضل أو وريد محل Ùي 20 سم كل 8 ساعات', 0, 0),
(1844, 'Antibiotics Penicillin', 'Augmentin 1000', 'Tab', 'قرص كل 12 ساعة ', 0, 0),
(1845, 'Antibiotics Penicillin', 'Flumox 1g', 'cap', 'كبسولة كل 12 ساعة', 0, 0),
(1846, 'Antibiotics Penicillin', 'Unasyn 750 mg', 'Vial', 'حقنة عضل كل 12 ساعة', 0, 0),
(1847, 'Antibiotics Penicillin', 'Unictam 375 mg', 'Tab', 'قرص كل 8 ساعة', 0, 0),
(1848, 'Antibiotics Penicillin', 'Unictam 1.5 gm', 'Vial', 'حقنة عضل كل 12 ساعة', 0, 0),
(1849, 'Antibiotics Penicillin', 'Tazocin 2250 / 4500', 'Vial', 'حقنة كل 12 ساعة', 0, 0),
(1850, 'Antibiotics Cephalosporin', 'Dinar 300', 'cap', 'قرص كل 12 ساعة لمدة 5 أيام', 0, 0),
(1851, 'Antibiotics Cephalosporin', 'Ramedinir 300', 'cap', 'قرص كل 12 ساعة لمدة 5 أيام', 0, 0),
(1852, 'Antibiotics Cephalosporin', 'sulbacef 1.5 gm', 'Amp', 'حقنة عضل كل 12 ساعة', 0, 0),
(1853, 'Antibiotics Cephalosporin', 'nercefaxon 0.5 / 1 gm', 'Amp', 'حقنة عضل يوميا', 0, 0),
(1854, 'Antibiotics Cephalosporin', 'xtrazidime 1 / 2g', 'Amp', 'حقنة عضل كل 12 ساعة', 0, 0),
(1855, 'Antibiotics Cephalosporin', 'meiacton 200', 'Tab', 'قرص كل 12 ساعة لمدة 5 أيام', 0, 0),
(1856, 'Antibiotics Cephalosporin', 'maxipime 0.5 / 1 / 2gm', 'Vial', 'حقنة  عضل  كل 12 ساعة', 0, 0),
(1857, 'Antibiotics Cephalosporin', 'kempopim 1 gm', 'Vial', 'حقنة  عضل  كل 12 ساعة', 0, 0),
(1858, 'Antibiotics Cephalosporin', 'meronem 0.5 / 1 gm', 'Vial', 'حقنة بالمحلول كل 12 ساعة', 0, 0),
(1859, 'Antibiotics Macrolide', 'delzosin 500', 'tab', 'قرص يوميا  لمدة 3 أيام', 0, 0),
(1860, 'Antibiotics local', 'Amikacin', 'Spray', 'بخاخة 3 مرات يومياً', 0, 0),
(1861, 'Antibiotics quinolones', 'Tariflox 400', 'Tab', 'قرص كل 12 ساعة لمدة  5 أيام', 0, 0),
(1862, 'Antibiotics Quinolones', 'Cipro 500', 'Vial', 'حقنة بالمحلول كل 12 ساعة', 0, 0),
(1863, 'Antibiotics Quinolones', 'Tavanic 500', 'tab', ' قرص بالÙم يوميا', 0, 0),
(1864, 'Antibiotics Quinolones', 'Tavanic 500', 'infusion', 'محلول يوميا', 0, 0),
(1865, 'Antibiotics Quinolones', 'Lee-flox 500 / 750', 'tab', ' قرص بالÙم يوميا', 0, 0),
(1866, 'Antibiotics quinolones', 'gatiflox 400', 'Tab', 'قرص بالÙم يوميا', 0, 0),
(1867, 'Antibiotics vanco', 'oxazolid 600', 'tab', 'قرص كل 12 ساعه', 0, 0),
(1868, 'Antibiotics vanco', 'linezox / Linez 600', 'tab', 'قرص كل 12 ساعه', 0, 0),
(1869, 'Antibiotics vanco', 'targocid 200 / 400', 'Vial', 'حقنة بالمحلول كل 12 ساعة', 0, 0),
(1870, 'Antibiotics vanco', 'vancomycin 500', 'Vial', 'حقنة بالمحلول كل 12 ساعة', 0, 0),
(1871, 'Antibiotics tetracyclin', 'Doxymycin 100', 'Cap', 'كبسولة صباحاً ومساء لمدة 5 أيام', 0, 0),
(1872, 'Antibiotics UTI', 'uvamin retard', 'Cap', 'كبسولة 3 مرات يومياً لمدة 5 أيام', 0, 0),
(1873, 'colon preparation', 'disflatyl', 'Tab', ' قرص مضغ 4 مرات يوميا', 0, 0),
(1874, 'Contraception POP', 'Exluton', 'Tab', 'قرص يوميا بانتظام Ùي نÙس الموعد', 0, 0),
(1875, 'Contraception POP', 'Ovinhipita', 'Tab', 'قرص يوميا بانتظام Ùي نÙس الموعد', 0, 0),
(1876, '--', 'nercefaxone 1 gm', 'Vial', 'حقنة عضل مرة واحدة', 0, 0),
(1877, 'DM Oral', 'glucophage 500 / 1000', 'Tab', ' قرص بالÙم يوميا', 0, 0),
(1878, '--', 'ferroduonal gyn 80', 'Cap', 'كبسولة بعد الغذاء يومياً', 0, 0),
(1879, '--', 'easy meal', '--', '--', 0, 0),
(1880, 'anticoagulant', 'aspirin protect 100', 'Tab', '--', 0, 0),
(1881, 'anticoagulant', 'aspirin protect 100', 'Tab', 'قرص يوميا مساءا', 0, 0),
(1882, 'proton pump inhibitor', 'pantoloc 20 mg', 'Tab', 'قرص يوميا قبل العشاء مساءا', 0, 0),
(1883, '--', 'cidophage 1000 mg', 'Tab', 'قرص يوميا مع وجبه الغداء', 0, 0),
(1884, '--', 'augram 457', 'Tab', 'قرص 3 مرات يومياً', 0, 0),
(1885, '--', 'tercomagictam cream', 'Cream', 'دهان مهبلي يومياً لمدة 3 أيام', 0, 0),
(1886, '--', 'actrapid ', 'amp', '20وحده تحت الجلد قبل الÙطار و 30 وحده قبل الغداء و 20 وحده قبل العشاؤ', 0, 0),
(1887, '--', 'levimir', 'Amp', '24 وحده تحت الجلد مع العشاء', 0, 0),
(1888, '--', 'actrapid  HM 100 iu /ml', 'vial', '--', 0, 0),
(1889, '--', 'levemir 100 i.u /ml', 'pen', '--', 0, 0),
(1891, '--', 'moove cream', 'Cream', 'دهان 3 مرات يومياً', 0, 0),
(1892, '--', 'folicap 0.5', 'tab', 'قرص يوميا بعد الÙطار', 0, 0),
(1893, '--', 'gasec 20', 'Tab', 'قرص يوميا قبل العشاء مساءا', 0, 0),
(1894, '--', 'primperan ', 'Tab', 'قرص عند اللزوم', 0, 0),
(1895, '--', 'delpanto 20', 'Tab', 'قرص قبل الأكل عند اللزوم', 0, 0),
(1896, '--', 'folic acid 5mg', 'Tab', ' قرص بعد الاÙطار يومياً', 0, 0),
(1897, 'Breast DA', 'golinotech 0.5', 'tab', 'نصÙ قرص بعد الÙطار و العشاء كل 3 ايام', 0, 0),
(1898, 'Breast DA', 'hypolact 0.5', 'tab', 'نصÙ قرص بعد الÙطار و العشاء كل 3 ايام', 0, 0),
(1899, 'Breast DA', 'dostilact 0.5', 'tab', 'نصÙ قرص بعد الÙطار و العشاء كل 3 ايام', 0, 0),
(1900, 'Breast DA', 'jakaranda 0.5', 'Tab', 'نصÙ قرص بعد الÙطار و العشاء كل 3 ايام', 0, 0),
(1901, '--', 'ferroglobin', 'cap', 'قرص  يوميا   بانتظام', 0, 0),
(1902, '--', 'lentojeston 250', 'Amp', 'حقنة عضل كل أسبوع', 0, 0),
(1903, '--', 'doliprane', 'Tab', 'قرص بعد الأكل عند اللزوم', 0, 0),
(1904, '--', 'folex ', 'Tab', 'قرص مضغ يوميا', 0, 0),
(1905, '--', 'Prontogest 200', 'supp', 'لبوسة مهبلية / شرجية يوميا', 0, 0),
(1906, '--', 'cipazole ', 'Tab', 'قرص كل 12 ساعة', 0, 0),
(1907, '--', 'visanne', 'Tab', 'قرص  يوميا   بانتظام', 0, 0),
(1908, '--', 'staticap', 'cap', 'كبسولة قبل الغداء بساعة يوميا', 0, 0),
(1909, '--', 'Progest', 'cap', 'كبسولة بالÙم مرتين يوميا', 0, 0),
(1910, '--', 'ezacard ', 'Tab', 'قرص يوميا مساءا', 0, 0),
(1911, '', 'vi drop', 'Drops', '5 نقط بالÙم يوميا', 0, 0),
(1912, '--', 'doxycost 200', 'Tab', 'قرص يوميا بانتظام', 0, 0),
(1915, 'Antibiotics Macrolide', 'Xithrone 500', 'tab', 'قرص يوميا لمدة 3 أيام - يكرر كل شهر', 0, 0),
(1916, 'vaginal antitrichomonal', 'Amrizole N', 'Vag Supp', 'لبوس مهبلى قبل النوم لمدة 5 أيام - يكرر كل شهر', 0, 0),
(1917, '--', 'marvigoline ', 'Tab', 'نصÙ قرص بعد الÙطار و العشاء كل 3 ايام', 0, 0),
(1918, '--', 'onex cream', 'Cream', 'دهان مرتين يومياً', 0, 0),
(1919, '--', 'opindazole ', 'Tab', 'قرص2 كل 12 ساعه', 0, 0),
(1920, '--', 'candicure d ', 'Cream', 'دهان  مرتين يوميا', 0, 0),
(1921, '--', 'lactagyn', 'Vag  Ovules', 'لبوسه مهبليه يوميا', 0, 0),
(1922, '--', 'orly', 'Tab', 'قرص قبل الغداء بساعه', 0, 0),
(1923, '--', 'amebazole 1gm', 'Tab', 'قرص كل 12 ساعة', 0, 0),
(1924, '--', 'day vitamin', 'Tab', 'قرص يوميا', 0, 0),
(1925, '--', 'Gynoconazol  0.4 %', 'Cream', 'دهان مهبلى  قبل النوم', 0, 0),
(1926, '--', 'carno ', 'Cream', 'دهان مره يوميا', 0, 0),
(1927, '--', 'fraxparine 0.6', 'Syringe', 'حقنه تحت الجلد يوميا', 0, 0),
(1928, '--', 'oyster shell ', 'Tab', 'قرص يومياً', 0, 0),
(1929, 'thyroid hyper', 'thyrocil 50 mg', 'Tab', 'قرص بالÙم 3 مرات يوميا', 0, 0),
(1930, 'thyroid hyper', 'carbimazole 5 mg', 'Tab', 'قرص بالÙم 3 مرات يوميا', 0, 0),
(1931, 'thyroid hyper', 'neo-mercazol 5 mg', 'Tab', 'قرص بالÙم 3 مرات يوميا', 0, 0),
(1932, 'DM Insulin hum', 'actrapid / Insulin R', 'Vial', 'وحدة تحت الجلد قبل وجبة الÙطار , و    وحدة تحت الجلد قبل وجبة العشاء', 0, 0),
(1933, 'DM Insulin hum', 'Insulin mixtard / hum insulin mix', 'Vial', 'وحدة تحت الجلد قبل وجبة الÙطار , و    وحدة تحت الجلد قبل وجبة العشاء', 0, 0),
(1934, 'DM Insulin ana', 'humalog / lisprolog', 'Vial', 'وحدة تحت الجلد قبل وجبة الÙطار , و    وحدة تحت الجلد قبل وجبة العشاء', 0, 0),
(1935, 'DM Insulin ana', 'novolog / novoRapid', 'Vial', 'وحدة تحت الجلد قبل وجبة الÙطار , و    وحدة تحت الجلد قبل وجبة العشاء', 0, 0),
(1936, 'DM Insulin ana', 'levemir', 'Vial', 'وحدة تحت الجلد قبل وجبة الÙطار , و    وحدة تحت الجلد قبل وجبة العشاء', 0, 0),
(1938, 'DM Oral', 'diabeta / glynase', 'Tab', ' قرص بالÙم يوميا', 0, 0),
(1939, '--', 'daflon ', 'Tab', 'قرص مرتين يومياً', 0, 0),
(1940, '--', 'cal- preg', 'Tab', 'قرص مساءا', 0, 0),
(1941, '--', 'cal preg', 'Tab', 'قرص مساءا', 0, 0),
(1942, '--', 'deltavit b12', 'Tab', 'قرص تحت اللسان يوميا', 0, 0),
(1943, '--', 'glucophage 1000', 'Tab', 'قرص يوميا بانتظام', 0, 0),
(1944, '--', 'efflotism', 'Cream', 'دهان مرتين يومياً', 0, 0),
(1945, '--', 'tactical', 'cap', 'كبسوله يوميا مساءا', 0, 0),
(1946, '--', 'arixtra 2.5mg/0.5 ml', 'AMP', 'حقنه تحت الجلد يوميا', 0, 0),
(1947, '--', 'iron glor max', 'Tab', 'قرص  يوميا   بانتظام', 0, 0),
(1948, '--', 'perderm', 'Cream', 'دهان مرتين يومياً', 0, 0),
(1949, '--', 'zincoderm ', 'Cream', 'دهان للعنايه بالثدي مره يوميا', 0, 0),
(1950, '--', 'lentra', 'Sachets', 'كيس علي ربع كوب ماء مره يوميا', 0, 0),
(1951, '--', 'tavanic 500 tab', 'Tab', 'قرص يوميا لمده 5 ايام', 0, 0),
(1952, '--', 'tavanic 500 tab', 'Tab', 'قرص يوميا لمده 5 ايام', 0, 0),
(1953, '--', 'Glucophage 500 ', 'Tab', 'قرص  يوميا   بانتظام', 0, 0),
(1954, '--', 'immunomash ', 'cap', 'قرص  يوميا   بانتظام', 0, 0),
(1955, '--', 'tantum oral wash', 'oral wash', '--', 0, 0),
(1956, '--', 'livabion', 'Amp', 'حقنة عضل أسبوعياً', 0, 0),
(1957, '--', 'ranitak 150', 'Tab', 'قرص مساءا', 0, 0),
(1958, '--', 'granitryl', 'Tab', 'قرص عند اللزوم', 0, 0),
(1959, '--', 'controloc 40', 'Tab', 'قرص  مساء', 0, 0),
(1960, '--', 'Visceralgine', 'Tab', 'قرص 3 مرات   يومياً', 0, 0),
(1961, 'anti emetic', 'cortiplex B6 100', 'Amp', 'حقنة عضل يوميا أو عند اللزوم', 0, 0),
(1962, '--', 'methyl folate 1000', 'Tab', 'قرص يوميا بعد الÙطار', 0, 0),
(1964, '--', 'bedrevida xl 500', 'Tab', 'قرص مرتين يومياً', 0, 0);
INSERT INTO `drugs` (`id`, `drugcat`, `drugname`, `drugtype`, `drugdos`, `initialbalance`, `currentbalance`) VALUES
(1965, '--', 'novaldol 1 gm', 'Tab', 'قرص عند اللزوم', 0, 0),
(1966, '--', 'apidone syrp', 'Syrup', 'ملعقة مرتين يوميا ثم مره يوميا', 0, 0),
(1967, 'Hormones', 'Cycloprogynova FET', 'Tab', ' قرص صباحا و مساءا (الأقراص البيضاء Ùقط)', 0, 0),
(1968, '--', 'unictam 750', 'Tab', 'قرص كل 12 ساعة', 0, 0),
(1969, '--', 'epilate 20', 'Tab', 'قرص كل 12 ساعة', 0, 0),
(1970, '--', 'iron complex', 'cap', 'كبسوله  يوميا', 0, 0),
(1971, '--', 'spasmofen', 'Amp', 'حقنه عضل عند اللزوم', 0, 0),
(1973, '--', 'sinawet ', 'Syrup', 'ملعقة  كبيرة 3 مرات يومياً', 0, 0),
(1974, '--', 'longavit b12', 'Amp', 'حقنة عضل أسبوعياً', 0, 0),
(1975, '--', 'gastrozole 20', 'Tab', 'قرص عند اللزوم', 0, 0),
(1976, '--', 'Pronto Plus', 'Tab', 'قرص عند اللزوم', 0, 0),
(1977, '--', 'vimodame', 'Cream', 'دهان مهبلى مرتين يوميا', 0, 0),
(1978, '--', 'faktu', 'Cream', 'دهان موضعي  يوميا', 0, 0),
(1979, '--', 'sansocare', 'Cream', 'دهان مرتين يومياً', 0, 0),
(1980, '--', 'flucoral 150', 'cap', 'كبسولة مرة اسبوعيا', 0, 0),
(1981, '--', 'acilight 150', 'Tab', '--', 0, 0),
(1982, '--', 'gynoprogest', 'Tab', '--', 0, 0),
(1983, '--', 'gynoprogest 2mg', 'Tab', 'قرص يوميا بانتظام Ùي نÙس الموعد', 0, 0),
(1984, 'thyroid hypo', 'Eltroxin 50 ug', 'Tab', 'قرص علي الريق يوميا', 0, 0),
(1985, 'thyroid hypo', 'Eltroxin 75 ug', 'Tab', 'قرص علي الريق يوميا', 0, 0),
(1986, 'thyroid hypo', 'Eltroxin 150 ug', 'Tab', 'قرص علي الريق يوميا', 0, 0),
(1987, '--', 'dimaklaric', 'Tab', 'قرص يومياً لمدة 21 يوم  ثم  راحة لمدة أسبوع  ثم  يكرر', 0, 0),
(1988, 'Calcuim', 'kiddy cal gummy', 'Tab', 'قرص يوميا بانتظام', 0, 0),
(1989, '--', 'amri k', 'Amp', 'حقنه يوميا', 0, 0),
(1990, '--', 'motilium 10mg', 'Tab', 'قرص قبل الأكل عند اللزوم', 0, 0),
(1991, '--', 'panthozin', 'Cream', 'دهان للعناية بالثدى يومياً', 0, 0),
(1992, '--', 'feritin ', 'Tab', 'قرص يوميا', 0, 0),
(1993, '--', 'solupred 5mg', 'Tab', 'قرص مرة واحدة يومياً', 0, 0),
(1994, 'Fluids', 'Ringer 500', 'Bottle', '.', 0, 0),
(1995, '', 'ondametic 8mg', 'Amp', 'حقنة بالمحلول يوميا', 0, 0),
(1996, '', 'pantazol 40mg', 'Amp', 'حقنة بالمحلول يوميا', 0, 0),
(1997, '', 'ketolac ', 'Amp', 'حقنة عضل عند اللزوم', 0, 0),
(1998, 'Ovulation induction', 'trexozola 2.5 mg', 'Tab', 'قرص صباحاً ومساءً من ثالث يوم للدورة ولمدة 5 أيام', 0, 0),
(1999, '--', 'J.b.C Cream', 'Cream', 'دهان للعناية بالثدى يومياً', 0, 0),
(2000, '--', 'ketolac tab', 'Tab', 'قرص عند اللزوم', 0, 0),
(2001, '--', 'Viatrazo  80', 'Vag  Ovules', 'لبوسه مهبليه يوميا', 0, 0),
(2002, '--', 'sperma plus', 'Tab', 'قرص واحد يومياً', 0, 0),
(2003, '--', 'primperan', 'Amp', '--', 0, 0),
(2004, '--', 'morita', 'Tab', 'قرص  يوميا   بانتظام', 0, 0),
(2005, '--', 'glomethasone 8mg', 'Amp', 'امبول ونصÙ عضل كل 24 ساعه جرعتين Ùقط', 0, 0);

-- --------------------------------------------------------

--
